{"id":13046,"date":"2026-04-22T11:21:48","date_gmt":"2026-04-22T14:21:48","guid":{"rendered":"https:\/\/www.arte.unicen.edu.ar\/entodas\/?post_type=tribe_events&#038;p=13046"},"modified":"2026-04-22T11:29:13","modified_gmt":"2026-04-22T14:29:13","slug":"el-club-de-la-palabra-evento-multidisciplinar","status":"publish","type":"tribe_events","link":"https:\/\/www.arte.unicen.edu.ar\/entodas\/?tribe_events=el-club-de-la-palabra-evento-multidisciplinar","title":{"rendered":"EL CLUB DE LA PALABRA &#8211; Evento multidisciplinar."},"content":{"rendered":"<p><img loading=\"lazy\" decoding=\"async\" class=\"size-medium wp-image-13035 aligncenter\" src=\"https:\/\/www.arte.unicen.edu.ar\/entodas\/wp-content\/uploads\/2026\/04\/WhatsApp-Image-2026-04-22-at-10.57.18-263x300.jpeg\" alt=\"\" width=\"263\" height=\"300\" srcset=\"https:\/\/www.arte.unicen.edu.ar\/entodas\/wp-content\/uploads\/2026\/04\/WhatsApp-Image-2026-04-22-at-10.57.18-263x300.jpeg 263w, https:\/\/www.arte.unicen.edu.ar\/entodas\/wp-content\/uploads\/2026\/04\/WhatsApp-Image-2026-04-22-at-10.57.18-700x800.jpeg 700w, https:\/\/www.arte.unicen.edu.ar\/entodas\/wp-content\/uploads\/2026\/04\/WhatsApp-Image-2026-04-22-at-10.57.18-768x878.jpeg 768w, https:\/\/www.arte.unicen.edu.ar\/entodas\/wp-content\/uploads\/2026\/04\/WhatsApp-Image-2026-04-22-at-10.57.18.jpeg 1080w\" sizes=\"(max-width: 263px) 100vw, 263px\" \/><\/p>\n<p>&#8220;El club de la palabra&#8221; se presentar\u00e1 el 26 de abril a las 19,30 hs. en el Teatro La F\u00e1brica (Pinto 359).<\/p>\n<p>El club de la Palabra es un evento interdisciplinario que busca abordar el arte de la palabra desde distintos lugares. En esta primera edici\u00f3n tenemos lecturas, poes\u00eda, audiovisual, teatro y m\u00fasica. Entrada a la gorra. \u2764\ufe0f\u200d\ud83d\udd25<\/p>\n","protected":false},"excerpt":{"rendered":"<p>&#8220;El club de la palabra&#8221; se presentar\u00e1 el 26 de abril a las 19,30 hs. en el Teatro La F\u00e1brica (Pinto 359). El club de la Palabra es un evento interdisciplinario que busca abordar el arte de la palabra desde distintos lugares. En esta primera edici\u00f3n tenemos lecturas, poes\u00eda, audiovisual, teatro y m\u00fasica. Entrada a la gorra. \u2764\ufe0f\u200d\ud83d\udd25<\/p>\n","protected":false},"author":5,"featured_media":13035,"comment_status":"closed","ping_status":"closed","template":"","meta":{"_tribe_events_status":"","_tribe_events_status_reason":""},"tags":[],"tribe_events_cat":[],"_links":{"self":[{"href":"https:\/\/www.arte.unicen.edu.ar\/entodas\/index.php?rest_route=\/wp\/v2\/tribe_events\/13046"}],"collection":[{"href":"https:\/\/www.arte.unicen.edu.ar\/entodas\/index.php?rest_route=\/wp\/v2\/tribe_events"}],"about":[{"href":"https:\/\/www.arte.unicen.edu.ar\/entodas\/index.php?rest_route=\/wp\/v2\/types\/tribe_events"}],"author":[{"embeddable":true,"href":"https:\/\/www.arte.unicen.edu.ar\/entodas\/index.php?rest_route=\/wp\/v2\/users\/5"}],"replies":[{"embeddable":true,"href":"https:\/\/www.arte.unicen.edu.ar\/entodas\/index.php?rest_route=%2Fwp%2Fv2%2Fcomments&post=13046"}],"version-history":[{"count":1,"href":"https:\/\/www.arte.unicen.edu.ar\/entodas\/index.php?rest_route=\/wp\/v2\/tribe_events\/13046\/revisions"}],"predecessor-version":[{"id":13047,"href":"https:\/\/www.arte.unicen.edu.ar\/entodas\/index.php?rest_route=\/wp\/v2\/tribe_events\/13046\/revisions\/13047"}],"wp:featuredmedia":[{"embeddable":true,"href":"https:\/\/www.arte.unicen.edu.ar\/entodas\/index.php?rest_route=\/wp\/v2\/media\/13035"}],"wp:attachment":[{"href":"https:\/\/www.arte.unicen.edu.ar\/entodas\/index.php?rest_route=%2Fwp%2Fv2%2Fmedia&parent=13046"}],"wp:term":[{"taxonomy":"post_tag","embeddable":true,"href":"https:\/\/www.arte.unicen.edu.ar\/entodas\/index.php?rest_route=%2Fwp%2Fv2%2Ftags&post=13046"},{"taxonomy":"tribe_events_cat","embeddable":true,"href":"https:\/\/www.arte.unicen.edu.ar\/entodas\/index.php?rest_route=%2Fwp%2Fv2%2Ftribe_events_cat&post=13046"}],"curies":[{"name":"wp","href":"https:\/\/api.w.org\/{rel}","templated":true}]}}

<p><img loading="lazy" decoding="async" class="size-medium wp-image-13035 aligncenter" src="https://www.arte.unicen.edu.ar/entodas/wp-content/uploads/2026/04/WhatsApp-Image-2026-04-22-at-10.57.18-263x300.jpeg" alt="" width="263" height="300" srcset="https://www.arte.unicen.edu.ar/entodas/wp-content/uploads/2026/04/WhatsApp-Image-2026-04-22-at-10.57.18-263x300.jpeg 263w, https://www.arte.unicen.edu.ar/entodas/wp-content/uploads/2026/04/WhatsApp-Image-2026-04-22-at-10.57.18-700x800.jpeg 700w, https://www.arte.unicen.edu.ar/entodas/wp-content/uploads/2026/04/WhatsApp-Image-2026-04-22-at-10.57.18-768x878.jpeg 768w, https://www.arte.unicen.edu.ar/entodas/wp-content/uploads/2026/04/WhatsApp-Image-2026-04-22-at-10.57.18.jpeg 1080w" sizes="(max-width: 263px) 100vw, 263px" /></p>
<p>&#8220;El club de la palabra&#8221; se presentará el 26 de abril a las 19,30 hs. en el Teatro La Fábrica (Pinto 359).</p>
<p>El club de la Palabra es un evento interdisciplinario que busca abordar el arte de la palabra desde distintos lugares. En esta primera edición tenemos lecturas, poesía, audiovisual, teatro y música. Entrada a la gorra. ❤️‍🔥</p>

<p>&#8220;El club de la palabra&#8221; se presentará el 26 de abril a las 19,30 hs. en el Teatro La Fábrica (Pinto 359). El club de la Palabra es un evento interdisciplinario que busca abordar el arte de la palabra desde distintos lugares. En esta primera edición tenemos lecturas, poesía, audiovisual, teatro y música. Entrada a la gorra. ❤️‍🔥</p>
