{"id":12978,"date":"2026-03-26T22:29:52","date_gmt":"2026-03-27T01:29:52","guid":{"rendered":"https:\/\/www.arte.unicen.edu.ar\/entodas\/?post_type=tribe_events&#038;p=12978"},"modified":"2026-03-26T22:29:52","modified_gmt":"2026-03-27T01:29:52","slug":"falcon-verde-diario-de-plaza-moreno-escena-teatral","status":"publish","type":"tribe_events","link":"https:\/\/www.arte.unicen.edu.ar\/entodas\/?tribe_events=falcon-verde-diario-de-plaza-moreno-escena-teatral","title":{"rendered":"FALCON VERDE &#8211; Diario de plaza Moreno. Escena teatral"},"content":{"rendered":"<p><img loading=\"lazy\" decoding=\"async\" class=\"size-medium wp-image-12969 aligncenter\" src=\"https:\/\/www.arte.unicen.edu.ar\/entodas\/wp-content\/uploads\/2026\/03\/WhatsApp-Image-2026-03-26-at-09.09.52-240x300.jpeg\" alt=\"\" width=\"240\" height=\"300\" srcset=\"https:\/\/www.arte.unicen.edu.ar\/entodas\/wp-content\/uploads\/2026\/03\/WhatsApp-Image-2026-03-26-at-09.09.52-240x300.jpeg 240w, https:\/\/www.arte.unicen.edu.ar\/entodas\/wp-content\/uploads\/2026\/03\/WhatsApp-Image-2026-03-26-at-09.09.52-640x800.jpeg 640w, https:\/\/www.arte.unicen.edu.ar\/entodas\/wp-content\/uploads\/2026\/03\/WhatsApp-Image-2026-03-26-at-09.09.52-768x960.jpeg 768w, https:\/\/www.arte.unicen.edu.ar\/entodas\/wp-content\/uploads\/2026\/03\/WhatsApp-Image-2026-03-26-at-09.09.52.jpeg 1080w\" sizes=\"(max-width: 240px) 100vw, 240px\" \/><\/p>\n<p>A 50 a\u00f1os del golpe de 1976, nos encontramos en la plaza para recordar, recorrer y resignificar lo que nos habita y lo que nos falta.<\/p>\n<p>\ud83c\udf33Diario de Plaza Moreno \u2013 Cap\u00edtulo II: \u201cFalcon Verde\u201d<br \/>\n\ud83d\uddd3 Viernes 27\/3 \u2013 22 y 23 hs<br \/>\n\ud83d\udccdConstitucion 271<br \/>\n\ud83d\udd16 A contribuci\u00f3n voluntaria.<\/p>\n<p>Act\u00faan Anal\u00eda R\u00edos, Miguel Guffanti, Ornella Di Spalatro, Mariano Cesaroni, Leandro Ledesma y Pablo Mourrut de Beauverger.<br \/>\nAsistencia de direcci\u00f3n: Gina Biagioli.<br \/>\nDirecci\u00f3n: Luc\u00eda Salas.<\/p>\n<p>_Memoria viva en el territorio._\ud83e\udeb2<\/p>\n","protected":false},"excerpt":{"rendered":"<p>A 50 a\u00f1os del golpe de 1976, nos encontramos en la plaza para recordar, recorrer y resignificar lo que nos habita y lo que nos falta. \ud83c\udf33Diario de Plaza Moreno \u2013 Cap\u00edtulo II: \u201cFalcon Verde\u201d \ud83d\uddd3 Viernes 27\/3 \u2013 22 y 23 hs \ud83d\udccdConstitucion 271 \ud83d\udd16 A contribuci\u00f3n voluntaria. Act\u00faan Anal\u00eda R\u00edos, Miguel Guffanti, Ornella Di Spalatro, Mariano Cesaroni, Leandro Ledesma y Pablo Mourrut de Beauverger. Asistencia de direcci\u00f3n: Gina Biagioli. Direcci\u00f3n: Luc\u00eda Salas. _Memoria viva en el territorio._\ud83e\udeb2<\/p>\n","protected":false},"author":5,"featured_media":12969,"comment_status":"closed","ping_status":"closed","template":"","meta":{"_tribe_events_status":"","_tribe_events_status_reason":""},"tags":[],"tribe_events_cat":[],"_links":{"self":[{"href":"https:\/\/www.arte.unicen.edu.ar\/entodas\/index.php?rest_route=\/wp\/v2\/tribe_events\/12978"}],"collection":[{"href":"https:\/\/www.arte.unicen.edu.ar\/entodas\/index.php?rest_route=\/wp\/v2\/tribe_events"}],"about":[{"href":"https:\/\/www.arte.unicen.edu.ar\/entodas\/index.php?rest_route=\/wp\/v2\/types\/tribe_events"}],"author":[{"embeddable":true,"href":"https:\/\/www.arte.unicen.edu.ar\/entodas\/index.php?rest_route=\/wp\/v2\/users\/5"}],"replies":[{"embeddable":true,"href":"https:\/\/www.arte.unicen.edu.ar\/entodas\/index.php?rest_route=%2Fwp%2Fv2%2Fcomments&post=12978"}],"version-history":[{"count":1,"href":"https:\/\/www.arte.unicen.edu.ar\/entodas\/index.php?rest_route=\/wp\/v2\/tribe_events\/12978\/revisions"}],"predecessor-version":[{"id":12979,"href":"https:\/\/www.arte.unicen.edu.ar\/entodas\/index.php?rest_route=\/wp\/v2\/tribe_events\/12978\/revisions\/12979"}],"wp:featuredmedia":[{"embeddable":true,"href":"https:\/\/www.arte.unicen.edu.ar\/entodas\/index.php?rest_route=\/wp\/v2\/media\/12969"}],"wp:attachment":[{"href":"https:\/\/www.arte.unicen.edu.ar\/entodas\/index.php?rest_route=%2Fwp%2Fv2%2Fmedia&parent=12978"}],"wp:term":[{"taxonomy":"post_tag","embeddable":true,"href":"https:\/\/www.arte.unicen.edu.ar\/entodas\/index.php?rest_route=%2Fwp%2Fv2%2Ftags&post=12978"},{"taxonomy":"tribe_events_cat","embeddable":true,"href":"https:\/\/www.arte.unicen.edu.ar\/entodas\/index.php?rest_route=%2Fwp%2Fv2%2Ftribe_events_cat&post=12978"}],"curies":[{"name":"wp","href":"https:\/\/api.w.org\/{rel}","templated":true}]}}

<p><img loading="lazy" decoding="async" class="size-medium wp-image-12969 aligncenter" src="https://www.arte.unicen.edu.ar/entodas/wp-content/uploads/2026/03/WhatsApp-Image-2026-03-26-at-09.09.52-240x300.jpeg" alt="" width="240" height="300" srcset="https://www.arte.unicen.edu.ar/entodas/wp-content/uploads/2026/03/WhatsApp-Image-2026-03-26-at-09.09.52-240x300.jpeg 240w, https://www.arte.unicen.edu.ar/entodas/wp-content/uploads/2026/03/WhatsApp-Image-2026-03-26-at-09.09.52-640x800.jpeg 640w, https://www.arte.unicen.edu.ar/entodas/wp-content/uploads/2026/03/WhatsApp-Image-2026-03-26-at-09.09.52-768x960.jpeg 768w, https://www.arte.unicen.edu.ar/entodas/wp-content/uploads/2026/03/WhatsApp-Image-2026-03-26-at-09.09.52.jpeg 1080w" sizes="(max-width: 240px) 100vw, 240px" /></p>
<p>A 50 años del golpe de 1976, nos encontramos en la plaza para recordar, recorrer y resignificar lo que nos habita y lo que nos falta.</p>
<p>🌳Diario de Plaza Moreno – Capítulo II: “Falcon Verde”<br />
🗓 Viernes 27/3 – 22 y 23 hs<br />
📍Constitucion 271<br />
🔖 A contribución voluntaria.</p>
<p>Actúan Analía Ríos, Miguel Guffanti, Ornella Di Spalatro, Mariano Cesaroni, Leandro Ledesma y Pablo Mourrut de Beauverger.<br />
Asistencia de dirección: Gina Biagioli.<br />
Dirección: Lucía Salas.</p>
<p>_Memoria viva en el territorio._🪲</p>

<p>A 50 años del golpe de 1976, nos encontramos en la plaza para recordar, recorrer y resignificar lo que nos habita y lo que nos falta. 🌳Diario de Plaza Moreno – Capítulo II: “Falcon Verde” 🗓 Viernes 27/3 – 22 y 23 hs 📍Constitucion 271 🔖 A contribución voluntaria. Actúan Analía Ríos, Miguel Guffanti, Ornella Di Spalatro, Mariano Cesaroni, Leandro Ledesma y Pablo Mourrut de Beauverger. Asistencia de dirección: Gina Biagioli. Dirección: Lucía Salas. _Memoria viva en el territorio._🪲</p>
