{"id":12896,"date":"2026-03-12T11:31:55","date_gmt":"2026-03-12T14:31:55","guid":{"rendered":"https:\/\/www.arte.unicen.edu.ar\/entodas\/?post_type=tribe_events&#038;p=12896"},"modified":"2026-03-12T11:31:55","modified_gmt":"2026-03-12T14:31:55","slug":"noches-de-cuenteria-cuentos-relatos-y-musica","status":"publish","type":"tribe_events","link":"https:\/\/www.arte.unicen.edu.ar\/entodas\/?tribe_events=noches-de-cuenteria-cuentos-relatos-y-musica","title":{"rendered":"NOCHES DE CUENTER\u00cdA &#8211; Cuentos, relatos y m\u00fasica."},"content":{"rendered":"<p><img loading=\"lazy\" decoding=\"async\" class=\"size-medium wp-image-12905 aligncenter\" src=\"https:\/\/www.arte.unicen.edu.ar\/entodas\/wp-content\/uploads\/2026\/03\/WhatsApp-Image-2026-03-12-at-10.30.16-255x300.jpeg\" alt=\"\" width=\"255\" height=\"300\" srcset=\"https:\/\/www.arte.unicen.edu.ar\/entodas\/wp-content\/uploads\/2026\/03\/WhatsApp-Image-2026-03-12-at-10.30.16-255x300.jpeg 255w, https:\/\/www.arte.unicen.edu.ar\/entodas\/wp-content\/uploads\/2026\/03\/WhatsApp-Image-2026-03-12-at-10.30.16-680x800.jpeg 680w, https:\/\/www.arte.unicen.edu.ar\/entodas\/wp-content\/uploads\/2026\/03\/WhatsApp-Image-2026-03-12-at-10.30.16-768x904.jpeg 768w, https:\/\/www.arte.unicen.edu.ar\/entodas\/wp-content\/uploads\/2026\/03\/WhatsApp-Image-2026-03-12-at-10.30.16.jpeg 1080w\" sizes=\"(max-width: 255px) 100vw, 255px\" \/><\/p>\n<p>El pr\u00f3ximo domingo 15 de marzo vuelve Noches de Cuenter\u00eda, en su quinta temporada, con una nueva noche de historias \u2728<\/p>\n<p>En esta ocasi\u00f3n, Julita Esquibel recibe como invitada a Juli Moreno, y la velada suma adem\u00e1s m\u00fasica latinoamericana en vivo a cargo de D\u00fao A\u00e7a\u00ed.<\/p>\n<p>Una noche para escuchar, imaginar y dejarse llevar por las historias.<\/p>\n<p>\ud83c\udfa9 Entrada a la gorra<br \/>\n\ud83d\udcf2 Reservas: 2494 605090<\/p>\n<p>&nbsp;<\/p>\n","protected":false},"excerpt":{"rendered":"<p>El pr\u00f3ximo domingo 15 de marzo vuelve Noches de Cuenter\u00eda, en su quinta temporada, con una nueva noche de historias \u2728 En esta ocasi\u00f3n, Julita Esquibel recibe como invitada a Juli Moreno, y la velada suma adem\u00e1s m\u00fasica latinoamericana en vivo a cargo de D\u00fao A\u00e7a\u00ed. Una noche para escuchar, imaginar y dejarse llevar por las historias. \ud83c\udfa9 Entrada a la gorra \ud83d\udcf2 Reservas: 2494 605090 &nbsp;<\/p>\n","protected":false},"author":5,"featured_media":12905,"comment_status":"closed","ping_status":"closed","template":"","meta":{"_tribe_events_status":"","_tribe_events_status_reason":""},"tags":[],"tribe_events_cat":[],"_links":{"self":[{"href":"https:\/\/www.arte.unicen.edu.ar\/entodas\/index.php?rest_route=\/wp\/v2\/tribe_events\/12896"}],"collection":[{"href":"https:\/\/www.arte.unicen.edu.ar\/entodas\/index.php?rest_route=\/wp\/v2\/tribe_events"}],"about":[{"href":"https:\/\/www.arte.unicen.edu.ar\/entodas\/index.php?rest_route=\/wp\/v2\/types\/tribe_events"}],"author":[{"embeddable":true,"href":"https:\/\/www.arte.unicen.edu.ar\/entodas\/index.php?rest_route=\/wp\/v2\/users\/5"}],"replies":[{"embeddable":true,"href":"https:\/\/www.arte.unicen.edu.ar\/entodas\/index.php?rest_route=%2Fwp%2Fv2%2Fcomments&post=12896"}],"version-history":[{"count":1,"href":"https:\/\/www.arte.unicen.edu.ar\/entodas\/index.php?rest_route=\/wp\/v2\/tribe_events\/12896\/revisions"}],"predecessor-version":[{"id":12906,"href":"https:\/\/www.arte.unicen.edu.ar\/entodas\/index.php?rest_route=\/wp\/v2\/tribe_events\/12896\/revisions\/12906"}],"wp:featuredmedia":[{"embeddable":true,"href":"https:\/\/www.arte.unicen.edu.ar\/entodas\/index.php?rest_route=\/wp\/v2\/media\/12905"}],"wp:attachment":[{"href":"https:\/\/www.arte.unicen.edu.ar\/entodas\/index.php?rest_route=%2Fwp%2Fv2%2Fmedia&parent=12896"}],"wp:term":[{"taxonomy":"post_tag","embeddable":true,"href":"https:\/\/www.arte.unicen.edu.ar\/entodas\/index.php?rest_route=%2Fwp%2Fv2%2Ftags&post=12896"},{"taxonomy":"tribe_events_cat","embeddable":true,"href":"https:\/\/www.arte.unicen.edu.ar\/entodas\/index.php?rest_route=%2Fwp%2Fv2%2Ftribe_events_cat&post=12896"}],"curies":[{"name":"wp","href":"https:\/\/api.w.org\/{rel}","templated":true}]}}

NOCHES DE CUENTERÍA &#8211; Cuentos, relatos y música.

<p><img loading="lazy" decoding="async" class="size-medium wp-image-12905 aligncenter" src="https://www.arte.unicen.edu.ar/entodas/wp-content/uploads/2026/03/WhatsApp-Image-2026-03-12-at-10.30.16-255x300.jpeg" alt="" width="255" height="300" srcset="https://www.arte.unicen.edu.ar/entodas/wp-content/uploads/2026/03/WhatsApp-Image-2026-03-12-at-10.30.16-255x300.jpeg 255w, https://www.arte.unicen.edu.ar/entodas/wp-content/uploads/2026/03/WhatsApp-Image-2026-03-12-at-10.30.16-680x800.jpeg 680w, https://www.arte.unicen.edu.ar/entodas/wp-content/uploads/2026/03/WhatsApp-Image-2026-03-12-at-10.30.16-768x904.jpeg 768w, https://www.arte.unicen.edu.ar/entodas/wp-content/uploads/2026/03/WhatsApp-Image-2026-03-12-at-10.30.16.jpeg 1080w" sizes="(max-width: 255px) 100vw, 255px" /></p>
<p>El próximo domingo 15 de marzo vuelve Noches de Cuentería, en su quinta temporada, con una nueva noche de historias ✨</p>
<p>En esta ocasión, Julita Esquibel recibe como invitada a Juli Moreno, y la velada suma además música latinoamericana en vivo a cargo de Dúo Açaí.</p>
<p>Una noche para escuchar, imaginar y dejarse llevar por las historias.</p>
<p>🎩 Entrada a la gorra<br />
📲 Reservas: 2494 605090</p>
<p>&nbsp;</p>

<p>El próximo domingo 15 de marzo vuelve Noches de Cuentería, en su quinta temporada, con una nueva noche de historias ✨ En esta ocasión, Julita Esquibel recibe como invitada a Juli Moreno, y la velada suma además música latinoamericana en vivo a cargo de Dúo Açaí. Una noche para escuchar, imaginar y dejarse llevar por las historias. 🎩 Entrada a la gorra 📲 Reservas: 2494 605090 &nbsp;</p>
