{"id":12853,"date":"2026-03-06T09:32:36","date_gmt":"2026-03-06T12:32:36","guid":{"rendered":"https:\/\/www.arte.unicen.edu.ar\/entodas\/?post_type=tribe_events&#038;p=12853"},"modified":"2026-03-06T09:32:36","modified_gmt":"2026-03-06T12:32:36","slug":"diario-de-plaza-moreno-teatro-y-literatura-en-la-plaza-moreno","status":"publish","type":"tribe_events","link":"https:\/\/www.arte.unicen.edu.ar\/entodas\/?tribe_events=diario-de-plaza-moreno-teatro-y-literatura-en-la-plaza-moreno","title":{"rendered":"DIARIO DE PLAZA MORENO &#8211; Teatro y literatura en la Plaza Moreno"},"content":{"rendered":"<p><img loading=\"lazy\" decoding=\"async\" class=\"size-medium wp-image-12854 aligncenter\" src=\"https:\/\/www.arte.unicen.edu.ar\/entodas\/wp-content\/uploads\/2026\/03\/WhatsApp-Image-2026-03-05-at-11.19.03-168x300.jpeg\" alt=\"\" width=\"168\" height=\"300\" srcset=\"https:\/\/www.arte.unicen.edu.ar\/entodas\/wp-content\/uploads\/2026\/03\/WhatsApp-Image-2026-03-05-at-11.19.03-168x300.jpeg 168w, https:\/\/www.arte.unicen.edu.ar\/entodas\/wp-content\/uploads\/2026\/03\/WhatsApp-Image-2026-03-05-at-11.19.03-448x800.jpeg 448w, https:\/\/www.arte.unicen.edu.ar\/entodas\/wp-content\/uploads\/2026\/03\/WhatsApp-Image-2026-03-05-at-11.19.03-768x1371.jpeg 768w, https:\/\/www.arte.unicen.edu.ar\/entodas\/wp-content\/uploads\/2026\/03\/WhatsApp-Image-2026-03-05-at-11.19.03.jpeg 852w\" sizes=\"(max-width: 168px) 100vw, 168px\" \/><\/p>\n<p>\ud83c\udfad Este s\u00e1bado 7 a las 19 vuelve<br \/>\nDIARIO DE PLAZA MORENO<br \/>\nCap\u00edtulo I &#8211; Carnaval\ud83c\udf8a<\/p>\n<p>\ud83c\udff5\ufe0f Versi\u00f3n libre del \u00e1lbum de historietas de Ra\u00fal O. Echegaray y Ricardo J. L. Garijo. Ideada y creada por el Grupo El Escarabajo.<\/p>\n<p>\ud83c\udff5\ufe0f Una experiencia situada que re\u00fane en clave po\u00e9tica y en el espacio p\u00fablico, teatro, literatura y patrimonio.<\/p>\n<p>\ud83c\udff5\ufe0f Cupos limitados\u203c\ufe0f Reserv\u00e1 tu lugar al 2494518142 \ud83e\ude80<\/p>\n<p>\ud83c\udff5\ufe0f Seguinos en Instagram! @elescarabajo.grupo<\/p>\n<p>Gracias! \ud83e\udeb2<\/p>\n","protected":false},"excerpt":{"rendered":"<p>\ud83c\udfad Este s\u00e1bado 7 a las 19 vuelve DIARIO DE PLAZA MORENO Cap\u00edtulo I &#8211; Carnaval\ud83c\udf8a \ud83c\udff5\ufe0f Versi\u00f3n libre del \u00e1lbum de historietas de Ra\u00fal O. Echegaray y Ricardo J. L. Garijo. Ideada y creada por el Grupo El Escarabajo. \ud83c\udff5\ufe0f Una experiencia situada que re\u00fane en clave po\u00e9tica y en el espacio p\u00fablico, teatro, literatura y patrimonio. \ud83c\udff5\ufe0f Cupos limitados\u203c\ufe0f Reserv\u00e1 tu lugar al 2494518142 \ud83e\ude80 \ud83c\udff5\ufe0f Seguinos en Instagram! @elescarabajo.grupo Gracias! \ud83e\udeb2<\/p>\n","protected":false},"author":5,"featured_media":12854,"comment_status":"closed","ping_status":"closed","template":"","meta":{"_tribe_events_status":"","_tribe_events_status_reason":""},"tags":[],"tribe_events_cat":[],"_links":{"self":[{"href":"https:\/\/www.arte.unicen.edu.ar\/entodas\/index.php?rest_route=\/wp\/v2\/tribe_events\/12853"}],"collection":[{"href":"https:\/\/www.arte.unicen.edu.ar\/entodas\/index.php?rest_route=\/wp\/v2\/tribe_events"}],"about":[{"href":"https:\/\/www.arte.unicen.edu.ar\/entodas\/index.php?rest_route=\/wp\/v2\/types\/tribe_events"}],"author":[{"embeddable":true,"href":"https:\/\/www.arte.unicen.edu.ar\/entodas\/index.php?rest_route=\/wp\/v2\/users\/5"}],"replies":[{"embeddable":true,"href":"https:\/\/www.arte.unicen.edu.ar\/entodas\/index.php?rest_route=%2Fwp%2Fv2%2Fcomments&post=12853"}],"version-history":[{"count":1,"href":"https:\/\/www.arte.unicen.edu.ar\/entodas\/index.php?rest_route=\/wp\/v2\/tribe_events\/12853\/revisions"}],"predecessor-version":[{"id":12865,"href":"https:\/\/www.arte.unicen.edu.ar\/entodas\/index.php?rest_route=\/wp\/v2\/tribe_events\/12853\/revisions\/12865"}],"wp:featuredmedia":[{"embeddable":true,"href":"https:\/\/www.arte.unicen.edu.ar\/entodas\/index.php?rest_route=\/wp\/v2\/media\/12854"}],"wp:attachment":[{"href":"https:\/\/www.arte.unicen.edu.ar\/entodas\/index.php?rest_route=%2Fwp%2Fv2%2Fmedia&parent=12853"}],"wp:term":[{"taxonomy":"post_tag","embeddable":true,"href":"https:\/\/www.arte.unicen.edu.ar\/entodas\/index.php?rest_route=%2Fwp%2Fv2%2Ftags&post=12853"},{"taxonomy":"tribe_events_cat","embeddable":true,"href":"https:\/\/www.arte.unicen.edu.ar\/entodas\/index.php?rest_route=%2Fwp%2Fv2%2Ftribe_events_cat&post=12853"}],"curies":[{"name":"wp","href":"https:\/\/api.w.org\/{rel}","templated":true}]}}

<p><img loading="lazy" decoding="async" class="size-medium wp-image-12854 aligncenter" src="https://www.arte.unicen.edu.ar/entodas/wp-content/uploads/2026/03/WhatsApp-Image-2026-03-05-at-11.19.03-168x300.jpeg" alt="" width="168" height="300" srcset="https://www.arte.unicen.edu.ar/entodas/wp-content/uploads/2026/03/WhatsApp-Image-2026-03-05-at-11.19.03-168x300.jpeg 168w, https://www.arte.unicen.edu.ar/entodas/wp-content/uploads/2026/03/WhatsApp-Image-2026-03-05-at-11.19.03-448x800.jpeg 448w, https://www.arte.unicen.edu.ar/entodas/wp-content/uploads/2026/03/WhatsApp-Image-2026-03-05-at-11.19.03-768x1371.jpeg 768w, https://www.arte.unicen.edu.ar/entodas/wp-content/uploads/2026/03/WhatsApp-Image-2026-03-05-at-11.19.03.jpeg 852w" sizes="(max-width: 168px) 100vw, 168px" /></p>
<p>🎭 Este sábado 7 a las 19 vuelve<br />
DIARIO DE PLAZA MORENO<br />
Capítulo I &#8211; Carnaval🎊</p>
<p>🏵️ Versión libre del álbum de historietas de Raúl O. Echegaray y Ricardo J. L. Garijo. Ideada y creada por el Grupo El Escarabajo.</p>
<p>🏵️ Una experiencia situada que reúne en clave poética y en el espacio público, teatro, literatura y patrimonio.</p>
<p>🏵️ Cupos limitados‼️ Reservá tu lugar al 2494518142 🪀</p>
<p>🏵️ Seguinos en Instagram! @elescarabajo.grupo</p>
<p>Gracias! 🪲</p>

<p>🎭 Este sábado 7 a las 19 vuelve DIARIO DE PLAZA MORENO Capítulo I &#8211; Carnaval🎊 🏵️ Versión libre del álbum de historietas de Raúl O. Echegaray y Ricardo J. L. Garijo. Ideada y creada por el Grupo El Escarabajo. 🏵️ Una experiencia situada que reúne en clave poética y en el espacio público, teatro, literatura y patrimonio. 🏵️ Cupos limitados‼️ Reservá tu lugar al 2494518142 🪀 🏵️ Seguinos en Instagram! @elescarabajo.grupo Gracias! 🪲</p>
