{"id":12756,"date":"2025-11-28T12:02:05","date_gmt":"2025-11-28T15:02:05","guid":{"rendered":"https:\/\/www.arte.unicen.edu.ar\/entodas\/?post_type=tribe_events&#038;p=12756"},"modified":"2025-11-28T12:02:05","modified_gmt":"2025-11-28T15:02:05","slug":"las-otras-artes-proyeccion","status":"publish","type":"tribe_events","link":"https:\/\/www.arte.unicen.edu.ar\/entodas\/?tribe_events=las-otras-artes-proyeccion","title":{"rendered":"LAS OTRAS ARTES &#8211; Proyecci\u00f3n"},"content":{"rendered":"<p><img loading=\"lazy\" decoding=\"async\" class=\"size-medium wp-image-12732 aligncenter\" src=\"https:\/\/www.arte.unicen.edu.ar\/entodas\/wp-content\/uploads\/2025\/11\/WhatsApp-Image-2025-11-28-at-09.51.58-243x300.jpeg\" alt=\"\" width=\"243\" height=\"300\" srcset=\"https:\/\/www.arte.unicen.edu.ar\/entodas\/wp-content\/uploads\/2025\/11\/WhatsApp-Image-2025-11-28-at-09.51.58-243x300.jpeg 243w, https:\/\/www.arte.unicen.edu.ar\/entodas\/wp-content\/uploads\/2025\/11\/WhatsApp-Image-2025-11-28-at-09.51.58-649x800.jpeg 649w, https:\/\/www.arte.unicen.edu.ar\/entodas\/wp-content\/uploads\/2025\/11\/WhatsApp-Image-2025-11-28-at-09.51.58-768x946.jpeg 768w, https:\/\/www.arte.unicen.edu.ar\/entodas\/wp-content\/uploads\/2025\/11\/WhatsApp-Image-2025-11-28-at-09.51.58.jpeg 1080w\" sizes=\"(max-width: 243px) 100vw, 243px\" \/><\/p>\n<p>\ud83c\udfacEL CINE Y LAS OTRAS ARTES<\/p>\n<p>En esta oportunidad conoceremos c\u00f3mo la arquitectura, la escultura, las artes pl\u00e1sticas, la danza, la literatura y la m\u00fasica han sido contenidas, nutridas y todas juntas han aportado para crear el lenguaje audiovisual, conformando el s\u00e9ptimo arte: el cine.<\/p>\n<p>\ud83d\uddd3\ufe0f Viernes 28 de noviembre | 19hs<\/p>\n<p>\ud83d\udccd Espacio Multicultural (Chacabuco 515)<\/p>\n<p>\ud83c\udf9f\ufe0f Entrada libre y gratuita<\/p>\n","protected":false},"excerpt":{"rendered":"<p>\ud83c\udfacEL CINE Y LAS OTRAS ARTES En esta oportunidad conoceremos c\u00f3mo la arquitectura, la escultura, las artes pl\u00e1sticas, la danza, la literatura y la m\u00fasica han sido contenidas, nutridas y todas juntas han aportado para crear el lenguaje audiovisual, conformando el s\u00e9ptimo arte: el cine. \ud83d\uddd3\ufe0f Viernes 28 de noviembre | 19hs \ud83d\udccd Espacio Multicultural (Chacabuco 515) \ud83c\udf9f\ufe0f Entrada libre y gratuita<\/p>\n","protected":false},"author":5,"featured_media":12732,"comment_status":"closed","ping_status":"closed","template":"","meta":{"_tribe_events_status":"","_tribe_events_status_reason":""},"tags":[],"tribe_events_cat":[],"_links":{"self":[{"href":"https:\/\/www.arte.unicen.edu.ar\/entodas\/index.php?rest_route=\/wp\/v2\/tribe_events\/12756"}],"collection":[{"href":"https:\/\/www.arte.unicen.edu.ar\/entodas\/index.php?rest_route=\/wp\/v2\/tribe_events"}],"about":[{"href":"https:\/\/www.arte.unicen.edu.ar\/entodas\/index.php?rest_route=\/wp\/v2\/types\/tribe_events"}],"author":[{"embeddable":true,"href":"https:\/\/www.arte.unicen.edu.ar\/entodas\/index.php?rest_route=\/wp\/v2\/users\/5"}],"replies":[{"embeddable":true,"href":"https:\/\/www.arte.unicen.edu.ar\/entodas\/index.php?rest_route=%2Fwp%2Fv2%2Fcomments&post=12756"}],"version-history":[{"count":1,"href":"https:\/\/www.arte.unicen.edu.ar\/entodas\/index.php?rest_route=\/wp\/v2\/tribe_events\/12756\/revisions"}],"predecessor-version":[{"id":12757,"href":"https:\/\/www.arte.unicen.edu.ar\/entodas\/index.php?rest_route=\/wp\/v2\/tribe_events\/12756\/revisions\/12757"}],"wp:featuredmedia":[{"embeddable":true,"href":"https:\/\/www.arte.unicen.edu.ar\/entodas\/index.php?rest_route=\/wp\/v2\/media\/12732"}],"wp:attachment":[{"href":"https:\/\/www.arte.unicen.edu.ar\/entodas\/index.php?rest_route=%2Fwp%2Fv2%2Fmedia&parent=12756"}],"wp:term":[{"taxonomy":"post_tag","embeddable":true,"href":"https:\/\/www.arte.unicen.edu.ar\/entodas\/index.php?rest_route=%2Fwp%2Fv2%2Ftags&post=12756"},{"taxonomy":"tribe_events_cat","embeddable":true,"href":"https:\/\/www.arte.unicen.edu.ar\/entodas\/index.php?rest_route=%2Fwp%2Fv2%2Ftribe_events_cat&post=12756"}],"curies":[{"name":"wp","href":"https:\/\/api.w.org\/{rel}","templated":true}]}}

LAS OTRAS ARTES &#8211; Proyección

<p><img loading="lazy" decoding="async" class="size-medium wp-image-12732 aligncenter" src="https://www.arte.unicen.edu.ar/entodas/wp-content/uploads/2025/11/WhatsApp-Image-2025-11-28-at-09.51.58-243x300.jpeg" alt="" width="243" height="300" srcset="https://www.arte.unicen.edu.ar/entodas/wp-content/uploads/2025/11/WhatsApp-Image-2025-11-28-at-09.51.58-243x300.jpeg 243w, https://www.arte.unicen.edu.ar/entodas/wp-content/uploads/2025/11/WhatsApp-Image-2025-11-28-at-09.51.58-649x800.jpeg 649w, https://www.arte.unicen.edu.ar/entodas/wp-content/uploads/2025/11/WhatsApp-Image-2025-11-28-at-09.51.58-768x946.jpeg 768w, https://www.arte.unicen.edu.ar/entodas/wp-content/uploads/2025/11/WhatsApp-Image-2025-11-28-at-09.51.58.jpeg 1080w" sizes="(max-width: 243px) 100vw, 243px" /></p>
<p>🎬EL CINE Y LAS OTRAS ARTES</p>
<p>En esta oportunidad conoceremos cómo la arquitectura, la escultura, las artes plásticas, la danza, la literatura y la música han sido contenidas, nutridas y todas juntas han aportado para crear el lenguaje audiovisual, conformando el séptimo arte: el cine.</p>
<p>🗓️ Viernes 28 de noviembre | 19hs</p>
<p>📍 Espacio Multicultural (Chacabuco 515)</p>
<p>🎟️ Entrada libre y gratuita</p>

<p>🎬EL CINE Y LAS OTRAS ARTES En esta oportunidad conoceremos cómo la arquitectura, la escultura, las artes plásticas, la danza, la literatura y la música han sido contenidas, nutridas y todas juntas han aportado para crear el lenguaje audiovisual, conformando el séptimo arte: el cine. 🗓️ Viernes 28 de noviembre | 19hs 📍 Espacio Multicultural (Chacabuco 515) 🎟️ Entrada libre y gratuita</p>
