{"id":12740,"date":"2025-11-28T11:37:00","date_gmt":"2025-11-28T14:37:00","guid":{"rendered":"https:\/\/www.arte.unicen.edu.ar\/entodas\/?post_type=tribe_events&#038;p=12740"},"modified":"2025-11-28T11:37:00","modified_gmt":"2025-11-28T14:37:00","slug":"los-10-de-mondo-teatro-musica-y-fiesta","status":"publish","type":"tribe_events","link":"https:\/\/www.arte.unicen.edu.ar\/entodas\/?tribe_events=los-10-de-mondo-teatro-musica-y-fiesta","title":{"rendered":"LOS 10 DE MONDO &#8211; Teatro, m\u00fasica y fiesta"},"content":{"rendered":"<p><img loading=\"lazy\" decoding=\"async\" class=\"size-medium wp-image-12723 aligncenter\" src=\"https:\/\/www.arte.unicen.edu.ar\/entodas\/wp-content\/uploads\/2025\/11\/WhatsApp-Image-2025-11-26-at-10.45.18-225x300.jpeg\" alt=\"\" width=\"225\" height=\"300\" srcset=\"https:\/\/www.arte.unicen.edu.ar\/entodas\/wp-content\/uploads\/2025\/11\/WhatsApp-Image-2025-11-26-at-10.45.18-225x300.jpeg 225w, https:\/\/www.arte.unicen.edu.ar\/entodas\/wp-content\/uploads\/2025\/11\/WhatsApp-Image-2025-11-26-at-10.45.18-600x800.jpeg 600w, https:\/\/www.arte.unicen.edu.ar\/entodas\/wp-content\/uploads\/2025\/11\/WhatsApp-Image-2025-11-26-at-10.45.18-768x1024.jpeg 768w, https:\/\/www.arte.unicen.edu.ar\/entodas\/wp-content\/uploads\/2025\/11\/WhatsApp-Image-2025-11-26-at-10.45.18.jpeg 1080w\" sizes=\"(max-width: 225px) 100vw, 225px\" \/><\/p>\n<p>\ud83c\udf89 \u00a1Proyecto Mondo cumple 10 a\u00f1os!<br \/>\nY lo festejan como corresponde: con teatro, m\u00fasica, artes visuales, invitados de lujo y fiesta hasta abajo \ud83d\udd25\ud83e\udd73<\/p>\n<p>Este viernes 28 de noviembre a las 21:30 hs, el <a class=\"x1i10hfl xjbqb8w x1ejq31n x18oe1m7 x1sy0etr xstzfhl x972fbf x10w94by x1qhh985 x14e42zd x9f619 x1ypdohk xt0psk2 x3ct3a4 xdj266r x14z9mp xat24cr x1lziwak xexx8yu xyri2b x18d9i69 x1c1uobl x16tdsg8 x1hl2dhg xggy1nq x1a2a7pz notranslate _a6hd\" role=\"link\" href=\"https:\/\/www.instagram.com\/salondanestandil\/\">@salondanestandil<\/a> se llena de color, energ\u00eda y cele braci\u00f3n para repasar una d\u00e9cada de viajes, obras, amistades y creaci\u00f3n colectiva.<br \/>\nUn recorrido que empez\u00f3 en una mesa, sigui\u00f3 por Latinoam\u00e9rica y hoy vuelve a Tandil para brindar por todo lo vivido. \u2728<\/p>\n<p>\ud83c\udf1f Artistas invitadxs:<br \/>\nC\u00eda. Donam\u00f3bile \u2022 Aurelia Jones \u2022 AndreLo \u2022 Nico Ilustraciones \u2022 La Mamba<\/p>\n<p>\ud83d\udcf2 Contacto: 2494 57 29 48<\/p>\n<p>Ven\u00ed a gozar, a celebrar y a pedir deseos con la gran fiesta de <a class=\"x1i10hfl xjbqb8w x1ejq31n x18oe1m7 x1sy0etr xstzfhl x972fbf x10w94by x1qhh985 x14e42zd x9f619 x1ypdohk xt0psk2 x3ct3a4 xdj266r x14z9mp xat24cr x1lziwak xexx8yu xyri2b x18d9i69 x1c1uobl x16tdsg8 x1hl2dhg xggy1nq x1a2a7pz notranslate _a6hd\" role=\"link\" href=\"https:\/\/www.instagram.com\/proyecto_mondo\/\">@proyecto_mondo<\/a> \ud83c\udf87\ud83d\udc9b<\/p>\n<p>&nbsp;<\/p>\n","protected":false},"excerpt":{"rendered":"<p>\ud83c\udf89 \u00a1Proyecto Mondo cumple 10 a\u00f1os! Y lo festejan como corresponde: con teatro, m\u00fasica, artes visuales, invitados de lujo y fiesta hasta abajo \ud83d\udd25\ud83e\udd73 Este viernes 28 de noviembre a las 21:30 hs, el @salondanestandil se llena de color, energ\u00eda y cele braci\u00f3n para repasar una d\u00e9cada de viajes, obras, amistades y creaci\u00f3n colectiva. Un recorrido que empez\u00f3 en una mesa, sigui\u00f3 por Latinoam\u00e9rica y hoy vuelve a Tandil para brindar por todo lo vivido. \u2728 \ud83c\udf1f Artistas invitadxs: C\u00eda. Donam\u00f3bile \u2022 Aurelia Jones \u2022 AndreLo \u2022 Nico Ilustraciones \u2022 La Mamba \ud83d\udcf2 Contacto: 2494 57 29 48 Ven\u00ed a gozar, a celebrar y a pedir deseos con la gran fiesta de @proyecto_mondo \ud83c\udf87\ud83d\udc9b &nbsp;<\/p>\n","protected":false},"author":5,"featured_media":12723,"comment_status":"closed","ping_status":"closed","template":"","meta":{"_tribe_events_status":"","_tribe_events_status_reason":""},"tags":[],"tribe_events_cat":[],"_links":{"self":[{"href":"https:\/\/www.arte.unicen.edu.ar\/entodas\/index.php?rest_route=\/wp\/v2\/tribe_events\/12740"}],"collection":[{"href":"https:\/\/www.arte.unicen.edu.ar\/entodas\/index.php?rest_route=\/wp\/v2\/tribe_events"}],"about":[{"href":"https:\/\/www.arte.unicen.edu.ar\/entodas\/index.php?rest_route=\/wp\/v2\/types\/tribe_events"}],"author":[{"embeddable":true,"href":"https:\/\/www.arte.unicen.edu.ar\/entodas\/index.php?rest_route=\/wp\/v2\/users\/5"}],"replies":[{"embeddable":true,"href":"https:\/\/www.arte.unicen.edu.ar\/entodas\/index.php?rest_route=%2Fwp%2Fv2%2Fcomments&post=12740"}],"version-history":[{"count":1,"href":"https:\/\/www.arte.unicen.edu.ar\/entodas\/index.php?rest_route=\/wp\/v2\/tribe_events\/12740\/revisions"}],"predecessor-version":[{"id":12741,"href":"https:\/\/www.arte.unicen.edu.ar\/entodas\/index.php?rest_route=\/wp\/v2\/tribe_events\/12740\/revisions\/12741"}],"wp:featuredmedia":[{"embeddable":true,"href":"https:\/\/www.arte.unicen.edu.ar\/entodas\/index.php?rest_route=\/wp\/v2\/media\/12723"}],"wp:attachment":[{"href":"https:\/\/www.arte.unicen.edu.ar\/entodas\/index.php?rest_route=%2Fwp%2Fv2%2Fmedia&parent=12740"}],"wp:term":[{"taxonomy":"post_tag","embeddable":true,"href":"https:\/\/www.arte.unicen.edu.ar\/entodas\/index.php?rest_route=%2Fwp%2Fv2%2Ftags&post=12740"},{"taxonomy":"tribe_events_cat","embeddable":true,"href":"https:\/\/www.arte.unicen.edu.ar\/entodas\/index.php?rest_route=%2Fwp%2Fv2%2Ftribe_events_cat&post=12740"}],"curies":[{"name":"wp","href":"https:\/\/api.w.org\/{rel}","templated":true}]}}

LOS 10 DE MONDO &#8211; Teatro, música y fiesta

<p><img loading="lazy" decoding="async" class="size-medium wp-image-12723 aligncenter" src="https://www.arte.unicen.edu.ar/entodas/wp-content/uploads/2025/11/WhatsApp-Image-2025-11-26-at-10.45.18-225x300.jpeg" alt="" width="225" height="300" srcset="https://www.arte.unicen.edu.ar/entodas/wp-content/uploads/2025/11/WhatsApp-Image-2025-11-26-at-10.45.18-225x300.jpeg 225w, https://www.arte.unicen.edu.ar/entodas/wp-content/uploads/2025/11/WhatsApp-Image-2025-11-26-at-10.45.18-600x800.jpeg 600w, https://www.arte.unicen.edu.ar/entodas/wp-content/uploads/2025/11/WhatsApp-Image-2025-11-26-at-10.45.18-768x1024.jpeg 768w, https://www.arte.unicen.edu.ar/entodas/wp-content/uploads/2025/11/WhatsApp-Image-2025-11-26-at-10.45.18.jpeg 1080w" sizes="(max-width: 225px) 100vw, 225px" /></p>
<p>🎉 ¡Proyecto Mondo cumple 10 años!<br />
Y lo festejan como corresponde: con teatro, música, artes visuales, invitados de lujo y fiesta hasta abajo 🔥🥳</p>
<p>Este viernes 28 de noviembre a las 21:30 hs, el <a class="x1i10hfl xjbqb8w x1ejq31n x18oe1m7 x1sy0etr xstzfhl x972fbf x10w94by x1qhh985 x14e42zd x9f619 x1ypdohk xt0psk2 x3ct3a4 xdj266r x14z9mp xat24cr x1lziwak xexx8yu xyri2b x18d9i69 x1c1uobl x16tdsg8 x1hl2dhg xggy1nq x1a2a7pz notranslate _a6hd" role="link" href="https://www.instagram.com/salondanestandil/">@salondanestandil</a> se llena de color, energía y cele bración para repasar una década de viajes, obras, amistades y creación colectiva.<br />
Un recorrido que empezó en una mesa, siguió por Latinoamérica y hoy vuelve a Tandil para brindar por todo lo vivido. ✨</p>
<p>🌟 Artistas invitadxs:<br />
Cía. Donamóbile • Aurelia Jones • AndreLo • Nico Ilustraciones • La Mamba</p>
<p>📲 Contacto: 2494 57 29 48</p>
<p>Vení a gozar, a celebrar y a pedir deseos con la gran fiesta de <a class="x1i10hfl xjbqb8w x1ejq31n x18oe1m7 x1sy0etr xstzfhl x972fbf x10w94by x1qhh985 x14e42zd x9f619 x1ypdohk xt0psk2 x3ct3a4 xdj266r x14z9mp xat24cr x1lziwak xexx8yu xyri2b x18d9i69 x1c1uobl x16tdsg8 x1hl2dhg xggy1nq x1a2a7pz notranslate _a6hd" role="link" href="https://www.instagram.com/proyecto_mondo/">@proyecto_mondo</a> 🎇💛</p>
<p>&nbsp;</p>

<p>🎉 ¡Proyecto Mondo cumple 10 años! Y lo festejan como corresponde: con teatro, música, artes visuales, invitados de lujo y fiesta hasta abajo 🔥🥳 Este viernes 28 de noviembre a las 21:30 hs, el @salondanestandil se llena de color, energía y cele bración para repasar una década de viajes, obras, amistades y creación colectiva. Un recorrido que empezó en una mesa, siguió por Latinoamérica y hoy vuelve a Tandil para brindar por todo lo vivido. ✨ 🌟 Artistas invitadxs: Cía. Donamóbile • Aurelia Jones • AndreLo • Nico Ilustraciones • La Mamba 📲 Contacto: 2494 57 29 48 Vení a gozar, a celebrar y a pedir deseos con la gran fiesta de @proyecto_mondo 🎇💛 &nbsp;</p>
