{"id":12711,"date":"2025-11-20T20:03:23","date_gmt":"2025-11-20T23:03:23","guid":{"rendered":"https:\/\/www.arte.unicen.edu.ar\/entodas\/?post_type=tribe_events&#038;p=12711"},"modified":"2025-11-20T20:03:23","modified_gmt":"2025-11-20T23:03:23","slug":"a-christmas-carol-teatro-musical","status":"publish","type":"tribe_events","link":"https:\/\/www.arte.unicen.edu.ar\/entodas\/?tribe_events=a-christmas-carol-teatro-musical","title":{"rendered":"A CHRISTMAS CAROL &#8211; Teatro musical"},"content":{"rendered":"<p><img loading=\"lazy\" decoding=\"async\" class=\"size-medium wp-image-12712 aligncenter\" src=\"https:\/\/www.arte.unicen.edu.ar\/entodas\/wp-content\/uploads\/2025\/11\/WhatsApp-Image-2025-11-20-at-19.59.59-182x300.jpeg\" alt=\"\" width=\"182\" height=\"300\" srcset=\"https:\/\/www.arte.unicen.edu.ar\/entodas\/wp-content\/uploads\/2025\/11\/WhatsApp-Image-2025-11-20-at-19.59.59-182x300.jpeg 182w, https:\/\/www.arte.unicen.edu.ar\/entodas\/wp-content\/uploads\/2025\/11\/WhatsApp-Image-2025-11-20-at-19.59.59-486x800.jpeg 486w, https:\/\/www.arte.unicen.edu.ar\/entodas\/wp-content\/uploads\/2025\/11\/WhatsApp-Image-2025-11-20-at-19.59.59-768x1264.jpeg 768w, https:\/\/www.arte.unicen.edu.ar\/entodas\/wp-content\/uploads\/2025\/11\/WhatsApp-Image-2025-11-20-at-19.59.59-933x1536.jpeg 933w, https:\/\/www.arte.unicen.edu.ar\/entodas\/wp-content\/uploads\/2025\/11\/WhatsApp-Image-2025-11-20-at-19.59.59.jpeg 972w\" sizes=\"(max-width: 182px) 100vw, 182px\" \/><\/p>\n<p>A Christmas Carol &#8211; El Musical \ud83c\udfad\u2728<br \/>\n21 de Noviembre | 21:00hs<br \/>\n\ud83d\udccd Sal\u00f3n Dan\u00e9s &#8211; Gral. Rodriguez 282<\/p>\n<p>La Formaci\u00f3n Anual de Teatro Musical de EntreActo Teatro Musical presenta:<br \/>\nA CHRISTMAS CAROL &#8211; EL MUSICAL<\/p>\n<p>Una noche m\u00e1gica donde la historia m\u00e1s entra\u00f1able de la Navidad cobra vida sobre el escenario.<\/p>\n<p>\ud83d\udcc5 Informaci\u00f3n importante:<br \/>\nFecha: Viernes 21 de Noviembre<br \/>\nHora: 21:00hs<br \/>\nLugar: Sal\u00f3n Dan\u00e9s (Gral. Rodriguez 282)<\/p>\n<p>\u00a1Pedinos tu entrada por privado! \u00a1No te quedes sin la tuya!<\/p>\n<p>EntreActo Teatro Musical &#8211; Formaci\u00f3n Anual 2025 en Eternity Estudio de Danza.<\/p>\n","protected":false},"excerpt":{"rendered":"<p>A Christmas Carol &#8211; El Musical \ud83c\udfad\u2728 21 de Noviembre | 21:00hs \ud83d\udccd Sal\u00f3n Dan\u00e9s &#8211; Gral. Rodriguez 282 La Formaci\u00f3n Anual de Teatro Musical de EntreActo Teatro Musical presenta: A CHRISTMAS CAROL &#8211; EL MUSICAL Una noche m\u00e1gica donde la historia m\u00e1s entra\u00f1able de la Navidad cobra vida sobre el escenario. \ud83d\udcc5 Informaci\u00f3n importante: Fecha: Viernes 21 de Noviembre Hora: 21:00hs Lugar: Sal\u00f3n Dan\u00e9s (Gral. Rodriguez 282) \u00a1Pedinos tu entrada por privado! \u00a1No te quedes sin la tuya! EntreActo Teatro Musical &#8211; Formaci\u00f3n Anual 2025 en Eternity Estudio de Danza.<\/p>\n","protected":false},"author":5,"featured_media":12712,"comment_status":"closed","ping_status":"closed","template":"","meta":{"_tribe_events_status":"","_tribe_events_status_reason":""},"tags":[],"tribe_events_cat":[],"_links":{"self":[{"href":"https:\/\/www.arte.unicen.edu.ar\/entodas\/index.php?rest_route=\/wp\/v2\/tribe_events\/12711"}],"collection":[{"href":"https:\/\/www.arte.unicen.edu.ar\/entodas\/index.php?rest_route=\/wp\/v2\/tribe_events"}],"about":[{"href":"https:\/\/www.arte.unicen.edu.ar\/entodas\/index.php?rest_route=\/wp\/v2\/types\/tribe_events"}],"author":[{"embeddable":true,"href":"https:\/\/www.arte.unicen.edu.ar\/entodas\/index.php?rest_route=\/wp\/v2\/users\/5"}],"replies":[{"embeddable":true,"href":"https:\/\/www.arte.unicen.edu.ar\/entodas\/index.php?rest_route=%2Fwp%2Fv2%2Fcomments&post=12711"}],"version-history":[{"count":1,"href":"https:\/\/www.arte.unicen.edu.ar\/entodas\/index.php?rest_route=\/wp\/v2\/tribe_events\/12711\/revisions"}],"predecessor-version":[{"id":12713,"href":"https:\/\/www.arte.unicen.edu.ar\/entodas\/index.php?rest_route=\/wp\/v2\/tribe_events\/12711\/revisions\/12713"}],"wp:featuredmedia":[{"embeddable":true,"href":"https:\/\/www.arte.unicen.edu.ar\/entodas\/index.php?rest_route=\/wp\/v2\/media\/12712"}],"wp:attachment":[{"href":"https:\/\/www.arte.unicen.edu.ar\/entodas\/index.php?rest_route=%2Fwp%2Fv2%2Fmedia&parent=12711"}],"wp:term":[{"taxonomy":"post_tag","embeddable":true,"href":"https:\/\/www.arte.unicen.edu.ar\/entodas\/index.php?rest_route=%2Fwp%2Fv2%2Ftags&post=12711"},{"taxonomy":"tribe_events_cat","embeddable":true,"href":"https:\/\/www.arte.unicen.edu.ar\/entodas\/index.php?rest_route=%2Fwp%2Fv2%2Ftribe_events_cat&post=12711"}],"curies":[{"name":"wp","href":"https:\/\/api.w.org\/{rel}","templated":true}]}}

<p><img loading="lazy" decoding="async" class="size-medium wp-image-12712 aligncenter" src="https://www.arte.unicen.edu.ar/entodas/wp-content/uploads/2025/11/WhatsApp-Image-2025-11-20-at-19.59.59-182x300.jpeg" alt="" width="182" height="300" srcset="https://www.arte.unicen.edu.ar/entodas/wp-content/uploads/2025/11/WhatsApp-Image-2025-11-20-at-19.59.59-182x300.jpeg 182w, https://www.arte.unicen.edu.ar/entodas/wp-content/uploads/2025/11/WhatsApp-Image-2025-11-20-at-19.59.59-486x800.jpeg 486w, https://www.arte.unicen.edu.ar/entodas/wp-content/uploads/2025/11/WhatsApp-Image-2025-11-20-at-19.59.59-768x1264.jpeg 768w, https://www.arte.unicen.edu.ar/entodas/wp-content/uploads/2025/11/WhatsApp-Image-2025-11-20-at-19.59.59-933x1536.jpeg 933w, https://www.arte.unicen.edu.ar/entodas/wp-content/uploads/2025/11/WhatsApp-Image-2025-11-20-at-19.59.59.jpeg 972w" sizes="(max-width: 182px) 100vw, 182px" /></p>
<p>A Christmas Carol &#8211; El Musical 🎭✨<br />
21 de Noviembre | 21:00hs<br />
📍 Salón Danés &#8211; Gral. Rodriguez 282</p>
<p>La Formación Anual de Teatro Musical de EntreActo Teatro Musical presenta:<br />
A CHRISTMAS CAROL &#8211; EL MUSICAL</p>
<p>Una noche mágica donde la historia más entrañable de la Navidad cobra vida sobre el escenario.</p>
<p>📅 Información importante:<br />
Fecha: Viernes 21 de Noviembre<br />
Hora: 21:00hs<br />
Lugar: Salón Danés (Gral. Rodriguez 282)</p>
<p>¡Pedinos tu entrada por privado! ¡No te quedes sin la tuya!</p>
<p>EntreActo Teatro Musical &#8211; Formación Anual 2025 en Eternity Estudio de Danza.</p>

<p>A Christmas Carol &#8211; El Musical 🎭✨ 21 de Noviembre | 21:00hs 📍 Salón Danés &#8211; Gral. Rodriguez 282 La Formación Anual de Teatro Musical de EntreActo Teatro Musical presenta: A CHRISTMAS CAROL &#8211; EL MUSICAL Una noche mágica donde la historia más entrañable de la Navidad cobra vida sobre el escenario. 📅 Información importante: Fecha: Viernes 21 de Noviembre Hora: 21:00hs Lugar: Salón Danés (Gral. Rodriguez 282) ¡Pedinos tu entrada por privado! ¡No te quedes sin la tuya! EntreActo Teatro Musical &#8211; Formación Anual 2025 en Eternity Estudio de Danza.</p>
