{"id":12686,"date":"2025-11-20T16:21:56","date_gmt":"2025-11-20T19:21:56","guid":{"rendered":"https:\/\/www.arte.unicen.edu.ar\/entodas\/?post_type=tribe_events&#038;p=12686"},"modified":"2025-11-20T16:21:56","modified_gmt":"2025-11-20T19:21:56","slug":"el-naides-circo-teatro","status":"publish","type":"tribe_events","link":"https:\/\/www.arte.unicen.edu.ar\/entodas\/?tribe_events=el-naides-circo-teatro","title":{"rendered":"EL NAIDES &#8211; Circo &#8211; Teatro"},"content":{"rendered":"<p><img loading=\"lazy\" decoding=\"async\" class=\"size-medium wp-image-12687 aligncenter\" src=\"https:\/\/www.arte.unicen.edu.ar\/entodas\/wp-content\/uploads\/2025\/11\/WhatsApp-Image-2025-11-19-at-21.54.51-242x300.jpeg\" alt=\"\" width=\"242\" height=\"300\" srcset=\"https:\/\/www.arte.unicen.edu.ar\/entodas\/wp-content\/uploads\/2025\/11\/WhatsApp-Image-2025-11-19-at-21.54.51-242x300.jpeg 242w, https:\/\/www.arte.unicen.edu.ar\/entodas\/wp-content\/uploads\/2025\/11\/WhatsApp-Image-2025-11-19-at-21.54.51-645x800.jpeg 645w, https:\/\/www.arte.unicen.edu.ar\/entodas\/wp-content\/uploads\/2025\/11\/WhatsApp-Image-2025-11-19-at-21.54.51-768x953.jpeg 768w, https:\/\/www.arte.unicen.edu.ar\/entodas\/wp-content\/uploads\/2025\/11\/WhatsApp-Image-2025-11-19-at-21.54.51.jpeg 851w\" sizes=\"(max-width: 242px) 100vw, 242px\" \/><\/p>\n<p>El Naides se proyecta como un espect\u00e1culo de Circo-Teatro. La trama, en clave de humor y destreza, tiene como protagonista \u00fanico a un vagabundo, un croto o mal, un desapercibido. La pregunta que crea la tesis de la obra es \u00bfQu\u00e9 sucede cuando un Nadie tiene \u2013ahora- la oportunidad de ser observado? Cuando el espectador llega al teatro y se sienta para ver el cotidiano de un Naides que se acostumbr\u00f3 a la indiferencia.<br \/>\nLa obra gan\u00f3 un Estrella de mar a la Mejor Actuaci\u00f3n y nominada por Direcci\u00f3n.<br \/>\nObtuvo tambi\u00e9n el premio Jos\u00e9 Mar\u00eda Vilches.<\/p>\n<p>La funcion se prepara para la 3er temporada en MdP.<\/p>\n<p>S\u00e1bado 22\/11 a las 21 hs<br \/>\nDomingo 23\/11 a las 20 hs.<\/p>\n<p>La cita es en la F\u00e1brica, pinto 359 ,las entradas -a la gorra- se reservan al 2926406243.<\/p>\n<p>Los esperamos!<\/p>\n<p>En escena: Nacho Rey.<br \/>\nDirige: Javier Lester.<\/p>\n","protected":false},"excerpt":{"rendered":"<p>El Naides se proyecta como un espect\u00e1culo de Circo-Teatro. La trama, en clave de humor y destreza, tiene como protagonista \u00fanico a un vagabundo, un croto o mal, un desapercibido. La pregunta que crea la tesis de la obra es \u00bfQu\u00e9 sucede cuando un Nadie tiene \u2013ahora- la oportunidad de ser observado? Cuando el espectador llega al teatro y se sienta para ver el cotidiano de un Naides que se acostumbr\u00f3 a la indiferencia. La obra gan\u00f3 un Estrella de mar a la Mejor Actuaci\u00f3n y nominada por Direcci\u00f3n. Obtuvo tambi\u00e9n el premio Jos\u00e9 Mar\u00eda Vilches. La funcion se prepara para la 3er temporada en MdP. S\u00e1bado 22\/11 a las 21 hs Domingo 23\/11 a las 20 hs. La cita es en la F\u00e1brica, pinto 359 ,las entradas -a la gorra- se reservan al 2926406243. Los esperamos! En escena: Nacho Rey. Dirige: Javier Lester.<\/p>\n","protected":false},"author":5,"featured_media":12687,"comment_status":"closed","ping_status":"closed","template":"","meta":{"_tribe_events_status":"","_tribe_events_status_reason":""},"tags":[],"tribe_events_cat":[],"_links":{"self":[{"href":"https:\/\/www.arte.unicen.edu.ar\/entodas\/index.php?rest_route=\/wp\/v2\/tribe_events\/12686"}],"collection":[{"href":"https:\/\/www.arte.unicen.edu.ar\/entodas\/index.php?rest_route=\/wp\/v2\/tribe_events"}],"about":[{"href":"https:\/\/www.arte.unicen.edu.ar\/entodas\/index.php?rest_route=\/wp\/v2\/types\/tribe_events"}],"author":[{"embeddable":true,"href":"https:\/\/www.arte.unicen.edu.ar\/entodas\/index.php?rest_route=\/wp\/v2\/users\/5"}],"replies":[{"embeddable":true,"href":"https:\/\/www.arte.unicen.edu.ar\/entodas\/index.php?rest_route=%2Fwp%2Fv2%2Fcomments&post=12686"}],"version-history":[{"count":1,"href":"https:\/\/www.arte.unicen.edu.ar\/entodas\/index.php?rest_route=\/wp\/v2\/tribe_events\/12686\/revisions"}],"predecessor-version":[{"id":12696,"href":"https:\/\/www.arte.unicen.edu.ar\/entodas\/index.php?rest_route=\/wp\/v2\/tribe_events\/12686\/revisions\/12696"}],"wp:featuredmedia":[{"embeddable":true,"href":"https:\/\/www.arte.unicen.edu.ar\/entodas\/index.php?rest_route=\/wp\/v2\/media\/12687"}],"wp:attachment":[{"href":"https:\/\/www.arte.unicen.edu.ar\/entodas\/index.php?rest_route=%2Fwp%2Fv2%2Fmedia&parent=12686"}],"wp:term":[{"taxonomy":"post_tag","embeddable":true,"href":"https:\/\/www.arte.unicen.edu.ar\/entodas\/index.php?rest_route=%2Fwp%2Fv2%2Ftags&post=12686"},{"taxonomy":"tribe_events_cat","embeddable":true,"href":"https:\/\/www.arte.unicen.edu.ar\/entodas\/index.php?rest_route=%2Fwp%2Fv2%2Ftribe_events_cat&post=12686"}],"curies":[{"name":"wp","href":"https:\/\/api.w.org\/{rel}","templated":true}]}}

<p><img loading="lazy" decoding="async" class="size-medium wp-image-12687 aligncenter" src="https://www.arte.unicen.edu.ar/entodas/wp-content/uploads/2025/11/WhatsApp-Image-2025-11-19-at-21.54.51-242x300.jpeg" alt="" width="242" height="300" srcset="https://www.arte.unicen.edu.ar/entodas/wp-content/uploads/2025/11/WhatsApp-Image-2025-11-19-at-21.54.51-242x300.jpeg 242w, https://www.arte.unicen.edu.ar/entodas/wp-content/uploads/2025/11/WhatsApp-Image-2025-11-19-at-21.54.51-645x800.jpeg 645w, https://www.arte.unicen.edu.ar/entodas/wp-content/uploads/2025/11/WhatsApp-Image-2025-11-19-at-21.54.51-768x953.jpeg 768w, https://www.arte.unicen.edu.ar/entodas/wp-content/uploads/2025/11/WhatsApp-Image-2025-11-19-at-21.54.51.jpeg 851w" sizes="(max-width: 242px) 100vw, 242px" /></p>
<p>El Naides se proyecta como un espectáculo de Circo-Teatro. La trama, en clave de humor y destreza, tiene como protagonista único a un vagabundo, un croto o mal, un desapercibido. La pregunta que crea la tesis de la obra es ¿Qué sucede cuando un Nadie tiene –ahora- la oportunidad de ser observado? Cuando el espectador llega al teatro y se sienta para ver el cotidiano de un Naides que se acostumbró a la indiferencia.<br />
La obra ganó un Estrella de mar a la Mejor Actuación y nominada por Dirección.<br />
Obtuvo también el premio José María Vilches.</p>
<p>La funcion se prepara para la 3er temporada en MdP.</p>
<p>Sábado 22/11 a las 21 hs<br />
Domingo 23/11 a las 20 hs.</p>
<p>La cita es en la Fábrica, pinto 359 ,las entradas -a la gorra- se reservan al 2926406243.</p>
<p>Los esperamos!</p>
<p>En escena: Nacho Rey.<br />
Dirige: Javier Lester.</p>

<p>El Naides se proyecta como un espectáculo de Circo-Teatro. La trama, en clave de humor y destreza, tiene como protagonista único a un vagabundo, un croto o mal, un desapercibido. La pregunta que crea la tesis de la obra es ¿Qué sucede cuando un Nadie tiene –ahora- la oportunidad de ser observado? Cuando el espectador llega al teatro y se sienta para ver el cotidiano de un Naides que se acostumbró a la indiferencia. La obra ganó un Estrella de mar a la Mejor Actuación y nominada por Dirección. Obtuvo también el premio José María Vilches. La funcion se prepara para la 3er temporada en MdP. Sábado 22/11 a las 21 hs Domingo 23/11 a las 20 hs. La cita es en la Fábrica, pinto 359 ,las entradas -a la gorra- se reservan al 2926406243. Los esperamos! En escena: Nacho Rey. Dirige: Javier Lester.</p>
