{"id":12665,"date":"2025-11-14T20:33:43","date_gmt":"2025-11-14T23:33:43","guid":{"rendered":"https:\/\/www.arte.unicen.edu.ar\/entodas\/?post_type=tribe_events&#038;p=12665"},"modified":"2025-11-14T20:33:43","modified_gmt":"2025-11-14T23:33:43","slug":"noches-de-cuenteria-relatos-y-cuentos-3","status":"publish","type":"tribe_events","link":"https:\/\/www.arte.unicen.edu.ar\/entodas\/?tribe_events=noches-de-cuenteria-relatos-y-cuentos-3","title":{"rendered":"NOCHES DE CUENTERIA &#8211; Relatos y cuentos"},"content":{"rendered":"<p><img loading=\"lazy\" decoding=\"async\" class=\"size-medium wp-image-12666 aligncenter\" src=\"https:\/\/www.arte.unicen.edu.ar\/entodas\/wp-content\/uploads\/2025\/11\/WhatsApp-Image-2025-11-14-at-09.14.36-228x300.jpeg\" alt=\"\" width=\"228\" height=\"300\" srcset=\"https:\/\/www.arte.unicen.edu.ar\/entodas\/wp-content\/uploads\/2025\/11\/WhatsApp-Image-2025-11-14-at-09.14.36-228x300.jpeg 228w, https:\/\/www.arte.unicen.edu.ar\/entodas\/wp-content\/uploads\/2025\/11\/WhatsApp-Image-2025-11-14-at-09.14.36-607x800.jpeg 607w, https:\/\/www.arte.unicen.edu.ar\/entodas\/wp-content\/uploads\/2025\/11\/WhatsApp-Image-2025-11-14-at-09.14.36-768x1012.jpeg 768w, https:\/\/www.arte.unicen.edu.ar\/entodas\/wp-content\/uploads\/2025\/11\/WhatsApp-Image-2025-11-14-at-09.14.36.jpeg 871w\" sizes=\"(max-width: 228px) 100vw, 228px\" \/><\/p>\n<p>\ud83c\udf99\ufe0f\u2728 Vuelve Noches de Cuenter\u00eda \u2013 4\u00b0 temporada \u2728\ud83c\udf19<br \/>\nEste domingo 16 a las 20 h, Patio de Alondras vuelve a llenarse de historias, emoci\u00f3n y narraci\u00f3n en vivo en una nueva noche de cuenter\u00eda para adultos.<\/p>\n<p>\ud83d\udcd6 Narradores invitados:<br \/>\nMario Valiente \u2013 Andrea Demarco \u2013 Erika Ramos \u2013 Alicia Martignoni \u2013 Alberto Garc\u00eda Espil<\/p>\n<p>Un encuentro \u00edntimo, c\u00e1lido y lleno de relatos que nos conectan, nos conmueven y nos invitan a escuchar de otra manera.<\/p>\n<p>\ud83d\udccd<a class=\"x1i10hfl xjbqb8w x1ejq31n x18oe1m7 x1sy0etr xstzfhl x972fbf x10w94by x1qhh985 x14e42zd x9f619 x1ypdohk xt0psk2 x3ct3a4 xdj266r x14z9mp xat24cr x1lziwak xexx8yu xyri2b x18d9i69 x1c1uobl x16tdsg8 x1hl2dhg xggy1nq x1a2a7pz notranslate _a6hd\" role=\"link\" href=\"https:\/\/www.instagram.com\/patiodealondras\/\">@patiodealondras<\/a> Alberdi 537 \u2013 Tandil<br \/>\n\ud83d\udcde Reservas: 2494-605090<br \/>\n\ud83c\udf9f\ufe0f A la gorra<\/p>\n","protected":false},"excerpt":{"rendered":"<p>\ud83c\udf99\ufe0f\u2728 Vuelve Noches de Cuenter\u00eda \u2013 4\u00b0 temporada \u2728\ud83c\udf19 Este domingo 16 a las 20 h, Patio de Alondras vuelve a llenarse de historias, emoci\u00f3n y narraci\u00f3n en vivo en una nueva noche de cuenter\u00eda para adultos. \ud83d\udcd6 Narradores invitados: Mario Valiente \u2013 Andrea Demarco \u2013 Erika Ramos \u2013 Alicia Martignoni \u2013 Alberto Garc\u00eda Espil Un encuentro \u00edntimo, c\u00e1lido y lleno de relatos que nos conectan, nos conmueven y nos invitan a escuchar de otra manera. \ud83d\udccd@patiodealondras Alberdi 537 \u2013 Tandil \ud83d\udcde Reservas: 2494-605090 \ud83c\udf9f\ufe0f A la gorra<\/p>\n","protected":false},"author":5,"featured_media":12666,"comment_status":"closed","ping_status":"closed","template":"","meta":{"_tribe_events_status":"","_tribe_events_status_reason":""},"tags":[],"tribe_events_cat":[],"_links":{"self":[{"href":"https:\/\/www.arte.unicen.edu.ar\/entodas\/index.php?rest_route=\/wp\/v2\/tribe_events\/12665"}],"collection":[{"href":"https:\/\/www.arte.unicen.edu.ar\/entodas\/index.php?rest_route=\/wp\/v2\/tribe_events"}],"about":[{"href":"https:\/\/www.arte.unicen.edu.ar\/entodas\/index.php?rest_route=\/wp\/v2\/types\/tribe_events"}],"author":[{"embeddable":true,"href":"https:\/\/www.arte.unicen.edu.ar\/entodas\/index.php?rest_route=\/wp\/v2\/users\/5"}],"replies":[{"embeddable":true,"href":"https:\/\/www.arte.unicen.edu.ar\/entodas\/index.php?rest_route=%2Fwp%2Fv2%2Fcomments&post=12665"}],"version-history":[{"count":1,"href":"https:\/\/www.arte.unicen.edu.ar\/entodas\/index.php?rest_route=\/wp\/v2\/tribe_events\/12665\/revisions"}],"predecessor-version":[{"id":12667,"href":"https:\/\/www.arte.unicen.edu.ar\/entodas\/index.php?rest_route=\/wp\/v2\/tribe_events\/12665\/revisions\/12667"}],"wp:featuredmedia":[{"embeddable":true,"href":"https:\/\/www.arte.unicen.edu.ar\/entodas\/index.php?rest_route=\/wp\/v2\/media\/12666"}],"wp:attachment":[{"href":"https:\/\/www.arte.unicen.edu.ar\/entodas\/index.php?rest_route=%2Fwp%2Fv2%2Fmedia&parent=12665"}],"wp:term":[{"taxonomy":"post_tag","embeddable":true,"href":"https:\/\/www.arte.unicen.edu.ar\/entodas\/index.php?rest_route=%2Fwp%2Fv2%2Ftags&post=12665"},{"taxonomy":"tribe_events_cat","embeddable":true,"href":"https:\/\/www.arte.unicen.edu.ar\/entodas\/index.php?rest_route=%2Fwp%2Fv2%2Ftribe_events_cat&post=12665"}],"curies":[{"name":"wp","href":"https:\/\/api.w.org\/{rel}","templated":true}]}}

<p><img loading="lazy" decoding="async" class="size-medium wp-image-12666 aligncenter" src="https://www.arte.unicen.edu.ar/entodas/wp-content/uploads/2025/11/WhatsApp-Image-2025-11-14-at-09.14.36-228x300.jpeg" alt="" width="228" height="300" srcset="https://www.arte.unicen.edu.ar/entodas/wp-content/uploads/2025/11/WhatsApp-Image-2025-11-14-at-09.14.36-228x300.jpeg 228w, https://www.arte.unicen.edu.ar/entodas/wp-content/uploads/2025/11/WhatsApp-Image-2025-11-14-at-09.14.36-607x800.jpeg 607w, https://www.arte.unicen.edu.ar/entodas/wp-content/uploads/2025/11/WhatsApp-Image-2025-11-14-at-09.14.36-768x1012.jpeg 768w, https://www.arte.unicen.edu.ar/entodas/wp-content/uploads/2025/11/WhatsApp-Image-2025-11-14-at-09.14.36.jpeg 871w" sizes="(max-width: 228px) 100vw, 228px" /></p>
<p>🎙️✨ Vuelve Noches de Cuentería – 4° temporada ✨🌙<br />
Este domingo 16 a las 20 h, Patio de Alondras vuelve a llenarse de historias, emoción y narración en vivo en una nueva noche de cuentería para adultos.</p>
<p>📖 Narradores invitados:<br />
Mario Valiente – Andrea Demarco – Erika Ramos – Alicia Martignoni – Alberto García Espil</p>
<p>Un encuentro íntimo, cálido y lleno de relatos que nos conectan, nos conmueven y nos invitan a escuchar de otra manera.</p>
<p>📍<a class="x1i10hfl xjbqb8w x1ejq31n x18oe1m7 x1sy0etr xstzfhl x972fbf x10w94by x1qhh985 x14e42zd x9f619 x1ypdohk xt0psk2 x3ct3a4 xdj266r x14z9mp xat24cr x1lziwak xexx8yu xyri2b x18d9i69 x1c1uobl x16tdsg8 x1hl2dhg xggy1nq x1a2a7pz notranslate _a6hd" role="link" href="https://www.instagram.com/patiodealondras/">@patiodealondras</a> Alberdi 537 – Tandil<br />
📞 Reservas: 2494-605090<br />
🎟️ A la gorra</p>

<p>🎙️✨ Vuelve Noches de Cuentería – 4° temporada ✨🌙 Este domingo 16 a las 20 h, Patio de Alondras vuelve a llenarse de historias, emoción y narración en vivo en una nueva noche de cuentería para adultos. 📖 Narradores invitados: Mario Valiente – Andrea Demarco – Erika Ramos – Alicia Martignoni – Alberto García Espil Un encuentro íntimo, cálido y lleno de relatos que nos conectan, nos conmueven y nos invitan a escuchar de otra manera. 📍@patiodealondras Alberdi 537 – Tandil 📞 Reservas: 2494-605090 🎟️ A la gorra</p>
