{"id":12657,"date":"2025-11-13T23:56:08","date_gmt":"2025-11-14T02:56:08","guid":{"rendered":"https:\/\/www.arte.unicen.edu.ar\/entodas\/?post_type=tribe_events&#038;p=12657"},"modified":"2025-11-13T23:57:06","modified_gmt":"2025-11-14T02:57:06","slug":"la-herida-cine-2","status":"publish","type":"tribe_events","link":"https:\/\/www.arte.unicen.edu.ar\/entodas\/?tribe_events=la-herida-cine-2","title":{"rendered":"LA HERIDA &#8211; Cine"},"content":{"rendered":"<p><img loading=\"lazy\" decoding=\"async\" class=\"size-medium wp-image-12623 aligncenter\" src=\"https:\/\/www.arte.unicen.edu.ar\/entodas\/wp-content\/uploads\/2025\/11\/WhatsApp-Image-2025-11-13-at-23.11.32-224x300.jpeg\" alt=\"\" width=\"224\" height=\"300\" srcset=\"https:\/\/www.arte.unicen.edu.ar\/entodas\/wp-content\/uploads\/2025\/11\/WhatsApp-Image-2025-11-13-at-23.11.32-224x300.jpeg 224w, https:\/\/www.arte.unicen.edu.ar\/entodas\/wp-content\/uploads\/2025\/11\/WhatsApp-Image-2025-11-13-at-23.11.32-596x800.jpeg 596w, https:\/\/www.arte.unicen.edu.ar\/entodas\/wp-content\/uploads\/2025\/11\/WhatsApp-Image-2025-11-13-at-23.11.32-768x1030.jpeg 768w, https:\/\/www.arte.unicen.edu.ar\/entodas\/wp-content\/uploads\/2025\/11\/WhatsApp-Image-2025-11-13-at-23.11.32.jpeg 805w\" sizes=\"(max-width: 224px) 100vw, 224px\" \/><\/p>\n<div class=\"x14z9mp xat24cr x1lziwak x1vvkbs xtlvy1s x126k92a\">\n<div dir=\"auto\">La herida<\/div>\n<div dir=\"auto\">Dir: Diego Gottheil<\/div>\n<div dir=\"auto\">Drama &#8211; SAM13 &#8211; 105min<\/div>\n<div dir=\"auto\">Con: Carlos Santamaria, Macarena Suarez, Junior Pisanu<\/div>\n<div dir=\"auto\">Domingo 16 nov 20h<\/div>\n<div dir=\"auto\">Martes 18 nov 20h<\/div>\n<div dir=\"auto\">Entrada Gral: $3000 &#8211; Est., jub: $1500<\/div>\n<div dir=\"auto\">Funci\u00f3n Espacios INCAA<\/div>\n<div dir=\"auto\">Ra\u00fal se entera del suicidio de Marcela, su gran amor de la adolescencia. La conmoci\u00f3n lo sumerge en la memoria de aquel invierno de 1980 en Buenos Aires. El nost\u00e1lgico recuerdo de su historia revive en el presente, como una herida de amor olvidada que nunca san\u00f3.<\/div>\n<\/div>\n<div class=\"x14z9mp xat24cr x1lziwak x1vvkbs xtlvy1s x126k92a\">\n<div dir=\"auto\">Las entradas las pueden adquirirse en la boleter\u00eda de la sala desde el pr\u00f3ximo s\u00e1bado en los siguientes horarios. S\u00e1bado 15 y domingo 16 de 17 a 20h, lunes 17 y martes 18 de 17:30 a 20h.<\/div>\n<\/div>\n<div class=\"x14z9mp xat24cr x1lziwak x1vvkbs xtlvy1s x126k92a\">\n<div dir=\"auto\">Se acepta pago con d\u00e9bito o Qr.<\/div>\n<div dir=\"auto\">El Espacio INCAA UNICEN depende del \u00c1rea de Cultura de la UNCPBA y funciona en el Auditorium del Centro Cultural Universitario (Yrigoyen 662\/Tandil).<\/div>\n<\/div>\n<div class=\"x14z9mp xat24cr x1lziwak x1vvkbs xtlvy1s x126k92a\">\n<div dir=\"auto\">\u00a1El Cine de la Universidad!<\/div>\n<\/div>\n","protected":false},"excerpt":{"rendered":"<p>La herida Dir: Diego Gottheil Drama &#8211; SAM13 &#8211; 105min Con: Carlos Santamaria, Macarena Suarez, Junior Pisanu Domingo 16 nov 20h Martes 18 nov 20h Entrada Gral: $3000 &#8211; Est., jub: $1500 Funci\u00f3n Espacios INCAA Ra\u00fal se entera del suicidio de Marcela, su gran amor de la adolescencia. La conmoci\u00f3n lo sumerge en la memoria de aquel invierno de 1980 en Buenos Aires. El nost\u00e1lgico recuerdo de su historia revive en el presente, como una herida de amor olvidada que nunca san\u00f3. Las entradas las pueden adquirirse en la boleter\u00eda de la sala desde el pr\u00f3ximo s\u00e1bado en los siguientes horarios. S\u00e1bado 15 y domingo 16 de 17 a 20h, lunes 17 y martes 18 de 17:30 a 20h. Se acepta pago con d\u00e9bito o Qr. El Espacio INCAA UNICEN depende del \u00c1rea de Cultura de la UNCPBA y funciona en el Auditorium del Centro Cultural Universitario (Yrigoyen 662\/Tandil). \u00a1El&hellip;<\/p>\n<p> <a class=\"more-link\" href=\"https:\/\/www.arte.unicen.edu.ar\/entodas\/?tribe_events=la-herida-cine-2\">Read more<\/a><\/p>\n","protected":false},"author":5,"featured_media":12623,"comment_status":"closed","ping_status":"closed","template":"","meta":{"_tribe_events_status":"","_tribe_events_status_reason":""},"tags":[],"tribe_events_cat":[],"_links":{"self":[{"href":"https:\/\/www.arte.unicen.edu.ar\/entodas\/index.php?rest_route=\/wp\/v2\/tribe_events\/12657"}],"collection":[{"href":"https:\/\/www.arte.unicen.edu.ar\/entodas\/index.php?rest_route=\/wp\/v2\/tribe_events"}],"about":[{"href":"https:\/\/www.arte.unicen.edu.ar\/entodas\/index.php?rest_route=\/wp\/v2\/types\/tribe_events"}],"author":[{"embeddable":true,"href":"https:\/\/www.arte.unicen.edu.ar\/entodas\/index.php?rest_route=\/wp\/v2\/users\/5"}],"replies":[{"embeddable":true,"href":"https:\/\/www.arte.unicen.edu.ar\/entodas\/index.php?rest_route=%2Fwp%2Fv2%2Fcomments&post=12657"}],"version-history":[{"count":1,"href":"https:\/\/www.arte.unicen.edu.ar\/entodas\/index.php?rest_route=\/wp\/v2\/tribe_events\/12657\/revisions"}],"predecessor-version":[{"id":12658,"href":"https:\/\/www.arte.unicen.edu.ar\/entodas\/index.php?rest_route=\/wp\/v2\/tribe_events\/12657\/revisions\/12658"}],"wp:featuredmedia":[{"embeddable":true,"href":"https:\/\/www.arte.unicen.edu.ar\/entodas\/index.php?rest_route=\/wp\/v2\/media\/12623"}],"wp:attachment":[{"href":"https:\/\/www.arte.unicen.edu.ar\/entodas\/index.php?rest_route=%2Fwp%2Fv2%2Fmedia&parent=12657"}],"wp:term":[{"taxonomy":"post_tag","embeddable":true,"href":"https:\/\/www.arte.unicen.edu.ar\/entodas\/index.php?rest_route=%2Fwp%2Fv2%2Ftags&post=12657"},{"taxonomy":"tribe_events_cat","embeddable":true,"href":"https:\/\/www.arte.unicen.edu.ar\/entodas\/index.php?rest_route=%2Fwp%2Fv2%2Ftribe_events_cat&post=12657"}],"curies":[{"name":"wp","href":"https:\/\/api.w.org\/{rel}","templated":true}]}}

<p><img loading="lazy" decoding="async" class="size-medium wp-image-12623 aligncenter" src="https://www.arte.unicen.edu.ar/entodas/wp-content/uploads/2025/11/WhatsApp-Image-2025-11-13-at-23.11.32-224x300.jpeg" alt="" width="224" height="300" srcset="https://www.arte.unicen.edu.ar/entodas/wp-content/uploads/2025/11/WhatsApp-Image-2025-11-13-at-23.11.32-224x300.jpeg 224w, https://www.arte.unicen.edu.ar/entodas/wp-content/uploads/2025/11/WhatsApp-Image-2025-11-13-at-23.11.32-596x800.jpeg 596w, https://www.arte.unicen.edu.ar/entodas/wp-content/uploads/2025/11/WhatsApp-Image-2025-11-13-at-23.11.32-768x1030.jpeg 768w, https://www.arte.unicen.edu.ar/entodas/wp-content/uploads/2025/11/WhatsApp-Image-2025-11-13-at-23.11.32.jpeg 805w" sizes="(max-width: 224px) 100vw, 224px" /></p>
<div class="x14z9mp xat24cr x1lziwak x1vvkbs xtlvy1s x126k92a">
<div dir="auto">La herida</div>
<div dir="auto">Dir: Diego Gottheil</div>
<div dir="auto">Drama &#8211; SAM13 &#8211; 105min</div>
<div dir="auto">Con: Carlos Santamaria, Macarena Suarez, Junior Pisanu</div>
<div dir="auto">Domingo 16 nov 20h</div>
<div dir="auto">Martes 18 nov 20h</div>
<div dir="auto">Entrada Gral: $3000 &#8211; Est., jub: $1500</div>
<div dir="auto">Función Espacios INCAA</div>
<div dir="auto">Raúl se entera del suicidio de Marcela, su gran amor de la adolescencia. La conmoción lo sumerge en la memoria de aquel invierno de 1980 en Buenos Aires. El nostálgico recuerdo de su historia revive en el presente, como una herida de amor olvidada que nunca sanó.</div>
</div>
<div class="x14z9mp xat24cr x1lziwak x1vvkbs xtlvy1s x126k92a">
<div dir="auto">Las entradas las pueden adquirirse en la boletería de la sala desde el próximo sábado en los siguientes horarios. Sábado 15 y domingo 16 de 17 a 20h, lunes 17 y martes 18 de 17:30 a 20h.</div>
</div>
<div class="x14z9mp xat24cr x1lziwak x1vvkbs xtlvy1s x126k92a">
<div dir="auto">Se acepta pago con débito o Qr.</div>
<div dir="auto">El Espacio INCAA UNICEN depende del Área de Cultura de la UNCPBA y funciona en el Auditorium del Centro Cultural Universitario (Yrigoyen 662/Tandil).</div>
</div>
<div class="x14z9mp xat24cr x1lziwak x1vvkbs xtlvy1s x126k92a">
<div dir="auto">¡El Cine de la Universidad!</div>
</div>

<p>La herida Dir: Diego Gottheil Drama &#8211; SAM13 &#8211; 105min Con: Carlos Santamaria, Macarena Suarez, Junior Pisanu Domingo 16 nov 20h Martes 18 nov 20h Entrada Gral: $3000 &#8211; Est., jub: $1500 Función Espacios INCAA Raúl se entera del suicidio de Marcela, su gran amor de la adolescencia. La conmoción lo sumerge en la memoria de aquel invierno de 1980 en Buenos Aires. El nostálgico recuerdo de su historia revive en el presente, como una herida de amor olvidada que nunca sanó. Las entradas las pueden adquirirse en la boletería de la sala desde el próximo sábado en los siguientes horarios. Sábado 15 y domingo 16 de 17 a 20h, lunes 17 y martes 18 de 17:30 a 20h. Se acepta pago con débito o Qr. El Espacio INCAA UNICEN depende del Área de Cultura de la UNCPBA y funciona en el Auditorium del Centro Cultural Universitario (Yrigoyen 662/Tandil). ¡El&hellip;</p>
<p> <a class="more-link" href="https://www.arte.unicen.edu.ar/entodas/?tribe_events=la-herida-cine-2">Read more</a></p>
