{"id":12633,"date":"2025-11-13T23:33:13","date_gmt":"2025-11-14T02:33:13","guid":{"rendered":"https:\/\/www.arte.unicen.edu.ar\/entodas\/?post_type=tribe_events&#038;p=12633"},"modified":"2025-11-13T23:33:13","modified_gmt":"2025-11-14T02:33:13","slug":"beatriz-farfare-teatro-infantil","status":"publish","type":"tribe_events","link":"https:\/\/www.arte.unicen.edu.ar\/entodas\/?tribe_events=beatriz-farfare-teatro-infantil","title":{"rendered":"BEATRIZ FARFAR\u00c8 &#8211; Teatro infantil"},"content":{"rendered":"<p><img loading=\"lazy\" decoding=\"async\" class=\"size-medium wp-image-12611 aligncenter\" src=\"https:\/\/www.arte.unicen.edu.ar\/entodas\/wp-content\/uploads\/2025\/11\/WhatsApp-Image-2025-11-10-at-17.40.33-212x300.jpeg\" alt=\"\" width=\"212\" height=\"300\" srcset=\"https:\/\/www.arte.unicen.edu.ar\/entodas\/wp-content\/uploads\/2025\/11\/WhatsApp-Image-2025-11-10-at-17.40.33-212x300.jpeg 212w, https:\/\/www.arte.unicen.edu.ar\/entodas\/wp-content\/uploads\/2025\/11\/WhatsApp-Image-2025-11-10-at-17.40.33-566x800.jpeg 566w, https:\/\/www.arte.unicen.edu.ar\/entodas\/wp-content\/uploads\/2025\/11\/WhatsApp-Image-2025-11-10-at-17.40.33-768x1086.jpeg 768w, https:\/\/www.arte.unicen.edu.ar\/entodas\/wp-content\/uploads\/2025\/11\/WhatsApp-Image-2025-11-10-at-17.40.33-1086x1536.jpeg 1086w, https:\/\/www.arte.unicen.edu.ar\/entodas\/wp-content\/uploads\/2025\/11\/WhatsApp-Image-2025-11-10-at-17.40.33.jpeg 1131w\" sizes=\"(max-width: 212px) 100vw, 212px\" \/><\/p>\n<p>\ud83c\udf89ESTE FIN DE SEMANA GRAN ESTRENO \ud83c\udf89<\/p>\n<p>\u2b50\ufe0fBEATRIZ FARFAR\u00c9. VILLANA A LA VISTA\u2b50\ufe0f<\/p>\n<p>\ud83d\udcc5SABADO 15 Y DOMINGO 16<br \/>\n.<br \/>\n\ud83d\udd5417 HS.<br \/>\n.<br \/>\n\ud83d\udccdCLUB DE TEATRO (Roca 901)<\/p>\n<p>\ud83c\udf9f\ufe0fEntradas en venta en Boleter\u00eda del Club de Teatro de Lunes a Jueves de 18 a 21 hs. O mediante WhatsApp al<br \/>\n\ud83d\udcf12494654030<br \/>\n.<\/p>\n<p>\ud83c\udf4bBeatriz Farfar\u00e9 llega al tranquilo pueblo de Dos Almendros para abrir su gran peluquer\u00eda. Todo parece perfecto: el pueblo la adora, los clientes se multiplican y su fama crece d\u00eda a d\u00eda. En su peque\u00f1o laboratorio, entre frascos y flores, Beatriz crea f\u00f3rmulas secretas para lograr el brillo perfecto. Pero cuando algo empieza a despeinar sus planes, Beatriz descubrir\u00e1 que hasta los sue\u00f1os m\u00e1s brillantes pueden enredarse.<\/p>\n<p>\ud83d\ude4c\ud83c\udffdUn espect\u00e1culo para toda la familia<\/p>\n<p>\ud83c\udfadAct\u00faa: Julia Esquivel<\/p>\n<p>\u2728\ufe0fAsistencia de Direcci\u00f3n: Romi P\u00e9rez<br \/>\n\u2728\ufe0fDirecci\u00f3n General: Esteban Argonz<\/p>\n","protected":false},"excerpt":{"rendered":"<p>\ud83c\udf89ESTE FIN DE SEMANA GRAN ESTRENO \ud83c\udf89 \u2b50\ufe0fBEATRIZ FARFAR\u00c9. VILLANA A LA VISTA\u2b50\ufe0f \ud83d\udcc5SABADO 15 Y DOMINGO 16 . \ud83d\udd5417 HS. . \ud83d\udccdCLUB DE TEATRO (Roca 901) \ud83c\udf9f\ufe0fEntradas en venta en Boleter\u00eda del Club de Teatro de Lunes a Jueves de 18 a 21 hs. O mediante WhatsApp al \ud83d\udcf12494654030 . \ud83c\udf4bBeatriz Farfar\u00e9 llega al tranquilo pueblo de Dos Almendros para abrir su gran peluquer\u00eda. Todo parece perfecto: el pueblo la adora, los clientes se multiplican y su fama crece d\u00eda a d\u00eda. En su peque\u00f1o laboratorio, entre frascos y flores, Beatriz crea f\u00f3rmulas secretas para lograr el brillo perfecto. Pero cuando algo empieza a despeinar sus planes, Beatriz descubrir\u00e1 que hasta los sue\u00f1os m\u00e1s brillantes pueden enredarse. \ud83d\ude4c\ud83c\udffdUn espect\u00e1culo para toda la familia \ud83c\udfadAct\u00faa: Julia Esquivel \u2728\ufe0fAsistencia de Direcci\u00f3n: Romi P\u00e9rez \u2728\ufe0fDirecci\u00f3n General: Esteban Argonz<\/p>\n","protected":false},"author":5,"featured_media":12611,"comment_status":"closed","ping_status":"closed","template":"","meta":{"_tribe_events_status":"","_tribe_events_status_reason":""},"tags":[],"tribe_events_cat":[],"_links":{"self":[{"href":"https:\/\/www.arte.unicen.edu.ar\/entodas\/index.php?rest_route=\/wp\/v2\/tribe_events\/12633"}],"collection":[{"href":"https:\/\/www.arte.unicen.edu.ar\/entodas\/index.php?rest_route=\/wp\/v2\/tribe_events"}],"about":[{"href":"https:\/\/www.arte.unicen.edu.ar\/entodas\/index.php?rest_route=\/wp\/v2\/types\/tribe_events"}],"author":[{"embeddable":true,"href":"https:\/\/www.arte.unicen.edu.ar\/entodas\/index.php?rest_route=\/wp\/v2\/users\/5"}],"replies":[{"embeddable":true,"href":"https:\/\/www.arte.unicen.edu.ar\/entodas\/index.php?rest_route=%2Fwp%2Fv2%2Fcomments&post=12633"}],"version-history":[{"count":1,"href":"https:\/\/www.arte.unicen.edu.ar\/entodas\/index.php?rest_route=\/wp\/v2\/tribe_events\/12633\/revisions"}],"predecessor-version":[{"id":12634,"href":"https:\/\/www.arte.unicen.edu.ar\/entodas\/index.php?rest_route=\/wp\/v2\/tribe_events\/12633\/revisions\/12634"}],"wp:featuredmedia":[{"embeddable":true,"href":"https:\/\/www.arte.unicen.edu.ar\/entodas\/index.php?rest_route=\/wp\/v2\/media\/12611"}],"wp:attachment":[{"href":"https:\/\/www.arte.unicen.edu.ar\/entodas\/index.php?rest_route=%2Fwp%2Fv2%2Fmedia&parent=12633"}],"wp:term":[{"taxonomy":"post_tag","embeddable":true,"href":"https:\/\/www.arte.unicen.edu.ar\/entodas\/index.php?rest_route=%2Fwp%2Fv2%2Ftags&post=12633"},{"taxonomy":"tribe_events_cat","embeddable":true,"href":"https:\/\/www.arte.unicen.edu.ar\/entodas\/index.php?rest_route=%2Fwp%2Fv2%2Ftribe_events_cat&post=12633"}],"curies":[{"name":"wp","href":"https:\/\/api.w.org\/{rel}","templated":true}]}}

BEATRIZ FARFARÈ &#8211; Teatro infantil

<p><img loading="lazy" decoding="async" class="size-medium wp-image-12611 aligncenter" src="https://www.arte.unicen.edu.ar/entodas/wp-content/uploads/2025/11/WhatsApp-Image-2025-11-10-at-17.40.33-212x300.jpeg" alt="" width="212" height="300" srcset="https://www.arte.unicen.edu.ar/entodas/wp-content/uploads/2025/11/WhatsApp-Image-2025-11-10-at-17.40.33-212x300.jpeg 212w, https://www.arte.unicen.edu.ar/entodas/wp-content/uploads/2025/11/WhatsApp-Image-2025-11-10-at-17.40.33-566x800.jpeg 566w, https://www.arte.unicen.edu.ar/entodas/wp-content/uploads/2025/11/WhatsApp-Image-2025-11-10-at-17.40.33-768x1086.jpeg 768w, https://www.arte.unicen.edu.ar/entodas/wp-content/uploads/2025/11/WhatsApp-Image-2025-11-10-at-17.40.33-1086x1536.jpeg 1086w, https://www.arte.unicen.edu.ar/entodas/wp-content/uploads/2025/11/WhatsApp-Image-2025-11-10-at-17.40.33.jpeg 1131w" sizes="(max-width: 212px) 100vw, 212px" /></p>
<p>🎉ESTE FIN DE SEMANA GRAN ESTRENO 🎉</p>
<p>⭐️BEATRIZ FARFARÉ. VILLANA A LA VISTA⭐️</p>
<p>📅SABADO 15 Y DOMINGO 16<br />
.<br />
🕔17 HS.<br />
.<br />
📍CLUB DE TEATRO (Roca 901)</p>
<p>🎟️Entradas en venta en Boletería del Club de Teatro de Lunes a Jueves de 18 a 21 hs. O mediante WhatsApp al<br />
📱2494654030<br />
.</p>
<p>🍋Beatriz Farfaré llega al tranquilo pueblo de Dos Almendros para abrir su gran peluquería. Todo parece perfecto: el pueblo la adora, los clientes se multiplican y su fama crece día a día. En su pequeño laboratorio, entre frascos y flores, Beatriz crea fórmulas secretas para lograr el brillo perfecto. Pero cuando algo empieza a despeinar sus planes, Beatriz descubrirá que hasta los sueños más brillantes pueden enredarse.</p>
<p>🙌🏽Un espectáculo para toda la familia</p>
<p>🎭Actúa: Julia Esquivel</p>
<p>✨️Asistencia de Dirección: Romi Pérez<br />
✨️Dirección General: Esteban Argonz</p>

<p>🎉ESTE FIN DE SEMANA GRAN ESTRENO 🎉 ⭐️BEATRIZ FARFARÉ. VILLANA A LA VISTA⭐️ 📅SABADO 15 Y DOMINGO 16 . 🕔17 HS. . 📍CLUB DE TEATRO (Roca 901) 🎟️Entradas en venta en Boletería del Club de Teatro de Lunes a Jueves de 18 a 21 hs. O mediante WhatsApp al 📱2494654030 . 🍋Beatriz Farfaré llega al tranquilo pueblo de Dos Almendros para abrir su gran peluquería. Todo parece perfecto: el pueblo la adora, los clientes se multiplican y su fama crece día a día. En su pequeño laboratorio, entre frascos y flores, Beatriz crea fórmulas secretas para lograr el brillo perfecto. Pero cuando algo empieza a despeinar sus planes, Beatriz descubrirá que hasta los sueños más brillantes pueden enredarse. 🙌🏽Un espectáculo para toda la familia 🎭Actúa: Julia Esquivel ✨️Asistencia de Dirección: Romi Pérez ✨️Dirección General: Esteban Argonz</p>
