{"id":12586,"date":"2025-11-07T11:58:18","date_gmt":"2025-11-07T14:58:18","guid":{"rendered":"https:\/\/www.arte.unicen.edu.ar\/entodas\/?post_type=tribe_events&#038;p=12586"},"modified":"2025-11-07T11:58:18","modified_gmt":"2025-11-07T14:58:18","slug":"cuando-acecha-la-maldad-cine","status":"publish","type":"tribe_events","link":"https:\/\/www.arte.unicen.edu.ar\/entodas\/?tribe_events=cuando-acecha-la-maldad-cine","title":{"rendered":"CU\u00c1NDO ACECHA LA MALDAD &#8211; Cine"},"content":{"rendered":"<p><img loading=\"lazy\" decoding=\"async\" class=\"size-medium wp-image-12587 aligncenter\" src=\"https:\/\/www.arte.unicen.edu.ar\/entodas\/wp-content\/uploads\/2025\/11\/WhatsApp-Image-2025-11-07-at-9.35.01-AM-224x300.jpeg\" alt=\"\" width=\"224\" height=\"300\" srcset=\"https:\/\/www.arte.unicen.edu.ar\/entodas\/wp-content\/uploads\/2025\/11\/WhatsApp-Image-2025-11-07-at-9.35.01-AM-224x300.jpeg 224w, https:\/\/www.arte.unicen.edu.ar\/entodas\/wp-content\/uploads\/2025\/11\/WhatsApp-Image-2025-11-07-at-9.35.01-AM-596x800.jpeg 596w, https:\/\/www.arte.unicen.edu.ar\/entodas\/wp-content\/uploads\/2025\/11\/WhatsApp-Image-2025-11-07-at-9.35.01-AM-768x1030.jpeg 768w, https:\/\/www.arte.unicen.edu.ar\/entodas\/wp-content\/uploads\/2025\/11\/WhatsApp-Image-2025-11-07-at-9.35.01-AM.jpeg 805w\" sizes=\"(max-width: 224px) 100vw, 224px\" \/><\/p>\n<div dir=\"auto\">La noche de los museos<\/div>\n<div dir=\"auto\">S\u00e1bado 8 nov 21hs<\/div>\n<div dir=\"auto\">ENTRADA GRATUITA<\/div>\n<div dir=\"auto\"><\/div>\n<div dir=\"auto\">Cuando acecha la maldad<\/div>\n<div dir=\"auto\">Dir: Demi\u00e1n Rugna<\/div>\n<div dir=\"auto\">Terror, Thriller &#8211; SAM16 &#8211; 96min<\/div>\n<div dir=\"auto\">Con: Ezequiel Rodr\u00edguez, Demi\u00e1n Salom\u00f3n, Luis Ziembrowski<\/div>\n<div dir=\"auto\">Un hombre es encarnado por un demonio en la ruralidad de un pueblo perdido, lejos de las grandes ciudades. Dos hermanos encuentran a este hombre a punto de dar a luz al mal y advierten a los vecinos del pueblo sobre el horror que est\u00e1 por estallar. Deciden deshacerse del hombre encarnado, pero lo \u00fanico que logran es acelerar el proceso. El demonio ha nacido y empieza a dejar su inconfundible rastro de maldad. Deber\u00e1n huir antes de que la locura y la destrucci\u00f3n los arrastre consigo.<\/div>\n<div dir=\"auto\"><\/div>\n<div dir=\"auto\">\n<div class=\"x14z9mp xat24cr x1lziwak x1vvkbs xtlvy1s x126k92a\">\n<div dir=\"auto\">Las entradas para las funciones INCAA pueden adquirirse en la boleter\u00eda de la sala desde el pr\u00f3ximo domingo en los siguientes horarios. Domingo 9 de 17:30 a 20h, lunes 10 y martes 11 de noviembre de 17 a 20h.<\/div>\n<div dir=\"auto\"><\/div>\n<div dir=\"auto\">Se acepta pago con d\u00e9bito o Qr.<\/div>\n<div dir=\"auto\"><\/div>\n<div dir=\"auto\">El Espacio INCAA UNICEN depende del \u00c1rea de Cultura de la UNCPBA y funciona en el Auditorium del Centro Cultural Universitario (Yrigoyen 662\/Tandil).<\/div>\n<\/div>\n<div class=\"x14z9mp xat24cr x1lziwak x1vvkbs xtlvy1s x126k92a\">\n<div dir=\"auto\">\u00a1El Cine de la Universidad!<\/div>\n<\/div>\n<\/div>\n","protected":false},"excerpt":{"rendered":"<p>La noche de los museos S\u00e1bado 8 nov 21hs ENTRADA GRATUITA Cuando acecha la maldad Dir: Demi\u00e1n Rugna Terror, Thriller &#8211; SAM16 &#8211; 96min Con: Ezequiel Rodr\u00edguez, Demi\u00e1n Salom\u00f3n, Luis Ziembrowski Un hombre es encarnado por un demonio en la ruralidad de un pueblo perdido, lejos de las grandes ciudades. Dos hermanos encuentran a este hombre a punto de dar a luz al mal y advierten a los vecinos del pueblo sobre el horror que est\u00e1 por estallar. Deciden deshacerse del hombre encarnado, pero lo \u00fanico que logran es acelerar el proceso. El demonio ha nacido y empieza a dejar su inconfundible rastro de maldad. Deber\u00e1n huir antes de que la locura y la destrucci\u00f3n los arrastre consigo. Las entradas para las funciones INCAA pueden adquirirse en la boleter\u00eda de la sala desde el pr\u00f3ximo domingo en los siguientes horarios. Domingo 9 de 17:30 a 20h, lunes 10 y martes&hellip;<\/p>\n<p> <a class=\"more-link\" href=\"https:\/\/www.arte.unicen.edu.ar\/entodas\/?tribe_events=cuando-acecha-la-maldad-cine\">Read more<\/a><\/p>\n","protected":false},"author":5,"featured_media":12587,"comment_status":"closed","ping_status":"closed","template":"","meta":{"_tribe_events_status":"","_tribe_events_status_reason":""},"tags":[],"tribe_events_cat":[],"_links":{"self":[{"href":"https:\/\/www.arte.unicen.edu.ar\/entodas\/index.php?rest_route=\/wp\/v2\/tribe_events\/12586"}],"collection":[{"href":"https:\/\/www.arte.unicen.edu.ar\/entodas\/index.php?rest_route=\/wp\/v2\/tribe_events"}],"about":[{"href":"https:\/\/www.arte.unicen.edu.ar\/entodas\/index.php?rest_route=\/wp\/v2\/types\/tribe_events"}],"author":[{"embeddable":true,"href":"https:\/\/www.arte.unicen.edu.ar\/entodas\/index.php?rest_route=\/wp\/v2\/users\/5"}],"replies":[{"embeddable":true,"href":"https:\/\/www.arte.unicen.edu.ar\/entodas\/index.php?rest_route=%2Fwp%2Fv2%2Fcomments&post=12586"}],"version-history":[{"count":1,"href":"https:\/\/www.arte.unicen.edu.ar\/entodas\/index.php?rest_route=\/wp\/v2\/tribe_events\/12586\/revisions"}],"predecessor-version":[{"id":12588,"href":"https:\/\/www.arte.unicen.edu.ar\/entodas\/index.php?rest_route=\/wp\/v2\/tribe_events\/12586\/revisions\/12588"}],"wp:featuredmedia":[{"embeddable":true,"href":"https:\/\/www.arte.unicen.edu.ar\/entodas\/index.php?rest_route=\/wp\/v2\/media\/12587"}],"wp:attachment":[{"href":"https:\/\/www.arte.unicen.edu.ar\/entodas\/index.php?rest_route=%2Fwp%2Fv2%2Fmedia&parent=12586"}],"wp:term":[{"taxonomy":"post_tag","embeddable":true,"href":"https:\/\/www.arte.unicen.edu.ar\/entodas\/index.php?rest_route=%2Fwp%2Fv2%2Ftags&post=12586"},{"taxonomy":"tribe_events_cat","embeddable":true,"href":"https:\/\/www.arte.unicen.edu.ar\/entodas\/index.php?rest_route=%2Fwp%2Fv2%2Ftribe_events_cat&post=12586"}],"curies":[{"name":"wp","href":"https:\/\/api.w.org\/{rel}","templated":true}]}}

CUÁNDO ACECHA LA MALDAD &#8211; Cine

<p><img loading="lazy" decoding="async" class="size-medium wp-image-12587 aligncenter" src="https://www.arte.unicen.edu.ar/entodas/wp-content/uploads/2025/11/WhatsApp-Image-2025-11-07-at-9.35.01-AM-224x300.jpeg" alt="" width="224" height="300" srcset="https://www.arte.unicen.edu.ar/entodas/wp-content/uploads/2025/11/WhatsApp-Image-2025-11-07-at-9.35.01-AM-224x300.jpeg 224w, https://www.arte.unicen.edu.ar/entodas/wp-content/uploads/2025/11/WhatsApp-Image-2025-11-07-at-9.35.01-AM-596x800.jpeg 596w, https://www.arte.unicen.edu.ar/entodas/wp-content/uploads/2025/11/WhatsApp-Image-2025-11-07-at-9.35.01-AM-768x1030.jpeg 768w, https://www.arte.unicen.edu.ar/entodas/wp-content/uploads/2025/11/WhatsApp-Image-2025-11-07-at-9.35.01-AM.jpeg 805w" sizes="(max-width: 224px) 100vw, 224px" /></p>
<div dir="auto">La noche de los museos</div>
<div dir="auto">Sábado 8 nov 21hs</div>
<div dir="auto">ENTRADA GRATUITA</div>
<div dir="auto"></div>
<div dir="auto">Cuando acecha la maldad</div>
<div dir="auto">Dir: Demián Rugna</div>
<div dir="auto">Terror, Thriller &#8211; SAM16 &#8211; 96min</div>
<div dir="auto">Con: Ezequiel Rodríguez, Demián Salomón, Luis Ziembrowski</div>
<div dir="auto">Un hombre es encarnado por un demonio en la ruralidad de un pueblo perdido, lejos de las grandes ciudades. Dos hermanos encuentran a este hombre a punto de dar a luz al mal y advierten a los vecinos del pueblo sobre el horror que está por estallar. Deciden deshacerse del hombre encarnado, pero lo único que logran es acelerar el proceso. El demonio ha nacido y empieza a dejar su inconfundible rastro de maldad. Deberán huir antes de que la locura y la destrucción los arrastre consigo.</div>
<div dir="auto"></div>
<div dir="auto">
<div class="x14z9mp xat24cr x1lziwak x1vvkbs xtlvy1s x126k92a">
<div dir="auto">Las entradas para las funciones INCAA pueden adquirirse en la boletería de la sala desde el próximo domingo en los siguientes horarios. Domingo 9 de 17:30 a 20h, lunes 10 y martes 11 de noviembre de 17 a 20h.</div>
<div dir="auto"></div>
<div dir="auto">Se acepta pago con débito o Qr.</div>
<div dir="auto"></div>
<div dir="auto">El Espacio INCAA UNICEN depende del Área de Cultura de la UNCPBA y funciona en el Auditorium del Centro Cultural Universitario (Yrigoyen 662/Tandil).</div>
</div>
<div class="x14z9mp xat24cr x1lziwak x1vvkbs xtlvy1s x126k92a">
<div dir="auto">¡El Cine de la Universidad!</div>
</div>
</div>

<p>La noche de los museos Sábado 8 nov 21hs ENTRADA GRATUITA Cuando acecha la maldad Dir: Demián Rugna Terror, Thriller &#8211; SAM16 &#8211; 96min Con: Ezequiel Rodríguez, Demián Salomón, Luis Ziembrowski Un hombre es encarnado por un demonio en la ruralidad de un pueblo perdido, lejos de las grandes ciudades. Dos hermanos encuentran a este hombre a punto de dar a luz al mal y advierten a los vecinos del pueblo sobre el horror que está por estallar. Deciden deshacerse del hombre encarnado, pero lo único que logran es acelerar el proceso. El demonio ha nacido y empieza a dejar su inconfundible rastro de maldad. Deberán huir antes de que la locura y la destrucción los arrastre consigo. Las entradas para las funciones INCAA pueden adquirirse en la boletería de la sala desde el próximo domingo en los siguientes horarios. Domingo 9 de 17:30 a 20h, lunes 10 y martes&hellip;</p>
<p> <a class="more-link" href="https://www.arte.unicen.edu.ar/entodas/?tribe_events=cuando-acecha-la-maldad-cine">Read more</a></p>
