{"id":12580,"date":"2025-11-07T11:50:12","date_gmt":"2025-11-07T14:50:12","guid":{"rendered":"https:\/\/www.arte.unicen.edu.ar\/entodas\/?post_type=tribe_events&#038;p=12580"},"modified":"2025-11-07T11:58:47","modified_gmt":"2025-11-07T14:58:47","slug":"que-no-daria-yo-por-el-recuerdo-cine","status":"publish","type":"tribe_events","link":"https:\/\/www.arte.unicen.edu.ar\/entodas\/?tribe_events=que-no-daria-yo-por-el-recuerdo-cine","title":{"rendered":"QU\u00c9 NO DAR\u00cdA YO POR EL RECUERDO &#8211; Cine"},"content":{"rendered":"<p><img loading=\"lazy\" decoding=\"async\" class=\"size-medium wp-image-12581 aligncenter\" src=\"https:\/\/www.arte.unicen.edu.ar\/entodas\/wp-content\/uploads\/2025\/11\/WhatsApp-Image-2025-11-07-at-9.35.00-AM-224x300.jpeg\" alt=\"\" width=\"224\" height=\"300\" srcset=\"https:\/\/www.arte.unicen.edu.ar\/entodas\/wp-content\/uploads\/2025\/11\/WhatsApp-Image-2025-11-07-at-9.35.00-AM-224x300.jpeg 224w, https:\/\/www.arte.unicen.edu.ar\/entodas\/wp-content\/uploads\/2025\/11\/WhatsApp-Image-2025-11-07-at-9.35.00-AM-596x800.jpeg 596w, https:\/\/www.arte.unicen.edu.ar\/entodas\/wp-content\/uploads\/2025\/11\/WhatsApp-Image-2025-11-07-at-9.35.00-AM-768x1030.jpeg 768w, https:\/\/www.arte.unicen.edu.ar\/entodas\/wp-content\/uploads\/2025\/11\/WhatsApp-Image-2025-11-07-at-9.35.00-AM.jpeg 805w\" sizes=\"(max-width: 224px) 100vw, 224px\" \/><\/p>\n<div dir=\"auto\">Que no dar\u00eda yo por el recuerdo<\/div>\n<div dir=\"auto\">Dir: Tino Pereira<\/div>\n<div dir=\"auto\">Documental &#8211; ATP &#8211; 61min<\/div>\n<div dir=\"auto\">Domingo 9 noviembre 18h<\/div>\n<div dir=\"auto\">Lunes 10 noviembre 18h<\/div>\n<div dir=\"auto\">Martes 11 noviembre 18h<\/div>\n<div dir=\"auto\">Entrada Gral: $3000 &#8211; Est., jub: $1500<\/div>\n<div dir=\"auto\"><\/div>\n<div dir=\"auto\">Funci\u00f3n Espacios INCAA<\/div>\n<div dir=\"auto\">Los azufreros de Mina La Casualidad fueron echados hace m\u00e1s de 40 a\u00f1os por el gobierno militar al cerrar su mina de azufre y, con ello, su pueblo. Cada a\u00f1o vuelven a visitarlo con la esperanza de que sea convertido en patrimonio hist\u00f3rico. Aunque no lo habiten, ese pueblo es hoy m\u00e1s suyo que nunca, pues son los \u00fanicos que no lo han olvidado, pues all\u00ed fueron felices, pues all\u00ed dejaron su ni\u00f1ez y a sus muertos.<\/div>\n<div dir=\"auto\"><\/div>\n<div dir=\"auto\">\n<div class=\"x14z9mp xat24cr x1lziwak x1vvkbs xtlvy1s x126k92a\">\n<div dir=\"auto\">\n<div class=\"x14z9mp xat24cr x1lziwak x1vvkbs xtlvy1s x126k92a\">\n<div dir=\"auto\">Las entradas para las funciones INCAA pueden adquirirse en la boleter\u00eda de la sala desde el pr\u00f3ximo domingo en los siguientes horarios. Domingo 9 de 17:30 a 20h, lunes 10 y martes 11 de noviembre de 17 a 20h.<\/div>\n<div dir=\"auto\"><\/div>\n<div dir=\"auto\">Se acepta pago con d\u00e9bito o Qr.<\/div>\n<div dir=\"auto\"><\/div>\n<div dir=\"auto\">El Espacio INCAA UNICEN depende del \u00c1rea de Cultura de la UNCPBA y funciona en el Auditorium del Centro Cultural Universitario (Yrigoyen 662\/Tandil).<\/div>\n<\/div>\n<div class=\"x14z9mp xat24cr x1lziwak x1vvkbs xtlvy1s x126k92a\">\n<div dir=\"auto\">\u00a1El Cine de la Universidad!<\/div>\n<\/div>\n<\/div>\n<\/div>\n<\/div>\n","protected":false},"excerpt":{"rendered":"<p>Que no dar\u00eda yo por el recuerdo Dir: Tino Pereira Documental &#8211; ATP &#8211; 61min Domingo 9 noviembre 18h Lunes 10 noviembre 18h Martes 11 noviembre 18h Entrada Gral: $3000 &#8211; Est., jub: $1500 Funci\u00f3n Espacios INCAA Los azufreros de Mina La Casualidad fueron echados hace m\u00e1s de 40 a\u00f1os por el gobierno militar al cerrar su mina de azufre y, con ello, su pueblo. Cada a\u00f1o vuelven a visitarlo con la esperanza de que sea convertido en patrimonio hist\u00f3rico. Aunque no lo habiten, ese pueblo es hoy m\u00e1s suyo que nunca, pues son los \u00fanicos que no lo han olvidado, pues all\u00ed fueron felices, pues all\u00ed dejaron su ni\u00f1ez y a sus muertos. Las entradas para las funciones INCAA pueden adquirirse en la boleter\u00eda de la sala desde el pr\u00f3ximo domingo en los siguientes horarios. Domingo 9 de 17:30 a 20h, lunes 10 y martes 11 de noviembre de&hellip;<\/p>\n<p> <a class=\"more-link\" href=\"https:\/\/www.arte.unicen.edu.ar\/entodas\/?tribe_events=que-no-daria-yo-por-el-recuerdo-cine\">Read more<\/a><\/p>\n","protected":false},"author":5,"featured_media":12581,"comment_status":"closed","ping_status":"closed","template":"","meta":{"_tribe_events_status":"","_tribe_events_status_reason":""},"tags":[],"tribe_events_cat":[],"_links":{"self":[{"href":"https:\/\/www.arte.unicen.edu.ar\/entodas\/index.php?rest_route=\/wp\/v2\/tribe_events\/12580"}],"collection":[{"href":"https:\/\/www.arte.unicen.edu.ar\/entodas\/index.php?rest_route=\/wp\/v2\/tribe_events"}],"about":[{"href":"https:\/\/www.arte.unicen.edu.ar\/entodas\/index.php?rest_route=\/wp\/v2\/types\/tribe_events"}],"author":[{"embeddable":true,"href":"https:\/\/www.arte.unicen.edu.ar\/entodas\/index.php?rest_route=\/wp\/v2\/users\/5"}],"replies":[{"embeddable":true,"href":"https:\/\/www.arte.unicen.edu.ar\/entodas\/index.php?rest_route=%2Fwp%2Fv2%2Fcomments&post=12580"}],"version-history":[{"count":2,"href":"https:\/\/www.arte.unicen.edu.ar\/entodas\/index.php?rest_route=\/wp\/v2\/tribe_events\/12580\/revisions"}],"predecessor-version":[{"id":12589,"href":"https:\/\/www.arte.unicen.edu.ar\/entodas\/index.php?rest_route=\/wp\/v2\/tribe_events\/12580\/revisions\/12589"}],"wp:featuredmedia":[{"embeddable":true,"href":"https:\/\/www.arte.unicen.edu.ar\/entodas\/index.php?rest_route=\/wp\/v2\/media\/12581"}],"wp:attachment":[{"href":"https:\/\/www.arte.unicen.edu.ar\/entodas\/index.php?rest_route=%2Fwp%2Fv2%2Fmedia&parent=12580"}],"wp:term":[{"taxonomy":"post_tag","embeddable":true,"href":"https:\/\/www.arte.unicen.edu.ar\/entodas\/index.php?rest_route=%2Fwp%2Fv2%2Ftags&post=12580"},{"taxonomy":"tribe_events_cat","embeddable":true,"href":"https:\/\/www.arte.unicen.edu.ar\/entodas\/index.php?rest_route=%2Fwp%2Fv2%2Ftribe_events_cat&post=12580"}],"curies":[{"name":"wp","href":"https:\/\/api.w.org\/{rel}","templated":true}]}}

QUÉ NO DARÍA YO POR EL RECUERDO &#8211; Cine

<p><img loading="lazy" decoding="async" class="size-medium wp-image-12581 aligncenter" src="https://www.arte.unicen.edu.ar/entodas/wp-content/uploads/2025/11/WhatsApp-Image-2025-11-07-at-9.35.00-AM-224x300.jpeg" alt="" width="224" height="300" srcset="https://www.arte.unicen.edu.ar/entodas/wp-content/uploads/2025/11/WhatsApp-Image-2025-11-07-at-9.35.00-AM-224x300.jpeg 224w, https://www.arte.unicen.edu.ar/entodas/wp-content/uploads/2025/11/WhatsApp-Image-2025-11-07-at-9.35.00-AM-596x800.jpeg 596w, https://www.arte.unicen.edu.ar/entodas/wp-content/uploads/2025/11/WhatsApp-Image-2025-11-07-at-9.35.00-AM-768x1030.jpeg 768w, https://www.arte.unicen.edu.ar/entodas/wp-content/uploads/2025/11/WhatsApp-Image-2025-11-07-at-9.35.00-AM.jpeg 805w" sizes="(max-width: 224px) 100vw, 224px" /></p>
<div dir="auto">Que no daría yo por el recuerdo</div>
<div dir="auto">Dir: Tino Pereira</div>
<div dir="auto">Documental &#8211; ATP &#8211; 61min</div>
<div dir="auto">Domingo 9 noviembre 18h</div>
<div dir="auto">Lunes 10 noviembre 18h</div>
<div dir="auto">Martes 11 noviembre 18h</div>
<div dir="auto">Entrada Gral: $3000 &#8211; Est., jub: $1500</div>
<div dir="auto"></div>
<div dir="auto">Función Espacios INCAA</div>
<div dir="auto">Los azufreros de Mina La Casualidad fueron echados hace más de 40 años por el gobierno militar al cerrar su mina de azufre y, con ello, su pueblo. Cada año vuelven a visitarlo con la esperanza de que sea convertido en patrimonio histórico. Aunque no lo habiten, ese pueblo es hoy más suyo que nunca, pues son los únicos que no lo han olvidado, pues allí fueron felices, pues allí dejaron su niñez y a sus muertos.</div>
<div dir="auto"></div>
<div dir="auto">
<div class="x14z9mp xat24cr x1lziwak x1vvkbs xtlvy1s x126k92a">
<div dir="auto">
<div class="x14z9mp xat24cr x1lziwak x1vvkbs xtlvy1s x126k92a">
<div dir="auto">Las entradas para las funciones INCAA pueden adquirirse en la boletería de la sala desde el próximo domingo en los siguientes horarios. Domingo 9 de 17:30 a 20h, lunes 10 y martes 11 de noviembre de 17 a 20h.</div>
<div dir="auto"></div>
<div dir="auto">Se acepta pago con débito o Qr.</div>
<div dir="auto"></div>
<div dir="auto">El Espacio INCAA UNICEN depende del Área de Cultura de la UNCPBA y funciona en el Auditorium del Centro Cultural Universitario (Yrigoyen 662/Tandil).</div>
</div>
<div class="x14z9mp xat24cr x1lziwak x1vvkbs xtlvy1s x126k92a">
<div dir="auto">¡El Cine de la Universidad!</div>
</div>
</div>
</div>
</div>

<p>Que no daría yo por el recuerdo Dir: Tino Pereira Documental &#8211; ATP &#8211; 61min Domingo 9 noviembre 18h Lunes 10 noviembre 18h Martes 11 noviembre 18h Entrada Gral: $3000 &#8211; Est., jub: $1500 Función Espacios INCAA Los azufreros de Mina La Casualidad fueron echados hace más de 40 años por el gobierno militar al cerrar su mina de azufre y, con ello, su pueblo. Cada año vuelven a visitarlo con la esperanza de que sea convertido en patrimonio histórico. Aunque no lo habiten, ese pueblo es hoy más suyo que nunca, pues son los únicos que no lo han olvidado, pues allí fueron felices, pues allí dejaron su niñez y a sus muertos. Las entradas para las funciones INCAA pueden adquirirse en la boletería de la sala desde el próximo domingo en los siguientes horarios. Domingo 9 de 17:30 a 20h, lunes 10 y martes 11 de noviembre de&hellip;</p>
<p> <a class="more-link" href="https://www.arte.unicen.edu.ar/entodas/?tribe_events=que-no-daria-yo-por-el-recuerdo-cine">Read more</a></p>
