{"id":12574,"date":"2025-11-07T11:36:16","date_gmt":"2025-11-07T14:36:16","guid":{"rendered":"https:\/\/www.arte.unicen.edu.ar\/entodas\/?post_type=tribe_events&#038;p=12574"},"modified":"2025-11-07T11:36:16","modified_gmt":"2025-11-07T14:36:16","slug":"sonar-despierto-es-la-realidad-teatro-2","status":"publish","type":"tribe_events","link":"https:\/\/www.arte.unicen.edu.ar\/entodas\/?tribe_events=sonar-despierto-es-la-realidad-teatro-2","title":{"rendered":"SO\u00d1AR DESPIERTO ES LA REALIDAD &#8211; Teatro"},"content":{"rendered":"<p><img loading=\"lazy\" decoding=\"async\" class=\"size-medium wp-image-12575 aligncenter\" src=\"https:\/\/www.arte.unicen.edu.ar\/entodas\/wp-content\/uploads\/2025\/11\/WhatsApp-Image-2025-11-07-at-9.28.03-AM-182x300.jpeg\" alt=\"\" width=\"182\" height=\"300\" srcset=\"https:\/\/www.arte.unicen.edu.ar\/entodas\/wp-content\/uploads\/2025\/11\/WhatsApp-Image-2025-11-07-at-9.28.03-AM-182x300.jpeg 182w, https:\/\/www.arte.unicen.edu.ar\/entodas\/wp-content\/uploads\/2025\/11\/WhatsApp-Image-2025-11-07-at-9.28.03-AM-486x800.jpeg 486w, https:\/\/www.arte.unicen.edu.ar\/entodas\/wp-content\/uploads\/2025\/11\/WhatsApp-Image-2025-11-07-at-9.28.03-AM-768x1265.jpeg 768w, https:\/\/www.arte.unicen.edu.ar\/entodas\/wp-content\/uploads\/2025\/11\/WhatsApp-Image-2025-11-07-at-9.28.03-AM-933x1536.jpeg 933w, https:\/\/www.arte.unicen.edu.ar\/entodas\/wp-content\/uploads\/2025\/11\/WhatsApp-Image-2025-11-07-at-9.28.03-AM.jpeg 971w\" sizes=\"(max-width: 182px) 100vw, 182px\" \/><\/p>\n<p>La muestra &#8220;So\u00f1ar Despierto Es La Realidad&#8221; se realizar\u00e1 el 9 de Noviembre, a las 20hs, en el Teatro La F\u00e1brica.<\/p>\n","protected":false},"excerpt":{"rendered":"<p>La muestra &#8220;So\u00f1ar Despierto Es La Realidad&#8221; se realizar\u00e1 el 9 de Noviembre, a las 20hs, en el Teatro La F\u00e1brica.<\/p>\n","protected":false},"author":5,"featured_media":12575,"comment_status":"closed","ping_status":"closed","template":"","meta":{"_tribe_events_status":"","_tribe_events_status_reason":""},"tags":[],"tribe_events_cat":[],"_links":{"self":[{"href":"https:\/\/www.arte.unicen.edu.ar\/entodas\/index.php?rest_route=\/wp\/v2\/tribe_events\/12574"}],"collection":[{"href":"https:\/\/www.arte.unicen.edu.ar\/entodas\/index.php?rest_route=\/wp\/v2\/tribe_events"}],"about":[{"href":"https:\/\/www.arte.unicen.edu.ar\/entodas\/index.php?rest_route=\/wp\/v2\/types\/tribe_events"}],"author":[{"embeddable":true,"href":"https:\/\/www.arte.unicen.edu.ar\/entodas\/index.php?rest_route=\/wp\/v2\/users\/5"}],"replies":[{"embeddable":true,"href":"https:\/\/www.arte.unicen.edu.ar\/entodas\/index.php?rest_route=%2Fwp%2Fv2%2Fcomments&post=12574"}],"version-history":[{"count":1,"href":"https:\/\/www.arte.unicen.edu.ar\/entodas\/index.php?rest_route=\/wp\/v2\/tribe_events\/12574\/revisions"}],"predecessor-version":[{"id":12576,"href":"https:\/\/www.arte.unicen.edu.ar\/entodas\/index.php?rest_route=\/wp\/v2\/tribe_events\/12574\/revisions\/12576"}],"wp:featuredmedia":[{"embeddable":true,"href":"https:\/\/www.arte.unicen.edu.ar\/entodas\/index.php?rest_route=\/wp\/v2\/media\/12575"}],"wp:attachment":[{"href":"https:\/\/www.arte.unicen.edu.ar\/entodas\/index.php?rest_route=%2Fwp%2Fv2%2Fmedia&parent=12574"}],"wp:term":[{"taxonomy":"post_tag","embeddable":true,"href":"https:\/\/www.arte.unicen.edu.ar\/entodas\/index.php?rest_route=%2Fwp%2Fv2%2Ftags&post=12574"},{"taxonomy":"tribe_events_cat","embeddable":true,"href":"https:\/\/www.arte.unicen.edu.ar\/entodas\/index.php?rest_route=%2Fwp%2Fv2%2Ftribe_events_cat&post=12574"}],"curies":[{"name":"wp","href":"https:\/\/api.w.org\/{rel}","templated":true}]}}

SOÑAR DESPIERTO ES LA REALIDAD &#8211; Teatro

<p><img loading="lazy" decoding="async" class="size-medium wp-image-12575 aligncenter" src="https://www.arte.unicen.edu.ar/entodas/wp-content/uploads/2025/11/WhatsApp-Image-2025-11-07-at-9.28.03-AM-182x300.jpeg" alt="" width="182" height="300" srcset="https://www.arte.unicen.edu.ar/entodas/wp-content/uploads/2025/11/WhatsApp-Image-2025-11-07-at-9.28.03-AM-182x300.jpeg 182w, https://www.arte.unicen.edu.ar/entodas/wp-content/uploads/2025/11/WhatsApp-Image-2025-11-07-at-9.28.03-AM-486x800.jpeg 486w, https://www.arte.unicen.edu.ar/entodas/wp-content/uploads/2025/11/WhatsApp-Image-2025-11-07-at-9.28.03-AM-768x1265.jpeg 768w, https://www.arte.unicen.edu.ar/entodas/wp-content/uploads/2025/11/WhatsApp-Image-2025-11-07-at-9.28.03-AM-933x1536.jpeg 933w, https://www.arte.unicen.edu.ar/entodas/wp-content/uploads/2025/11/WhatsApp-Image-2025-11-07-at-9.28.03-AM.jpeg 971w" sizes="(max-width: 182px) 100vw, 182px" /></p>
<p>La muestra &#8220;Soñar Despierto Es La Realidad&#8221; se realizará el 9 de Noviembre, a las 20hs, en el Teatro La Fábrica.</p>

<p>La muestra &#8220;Soñar Despierto Es La Realidad&#8221; se realizará el 9 de Noviembre, a las 20hs, en el Teatro La Fábrica.</p>
