{"id":12544,"date":"2025-10-30T12:57:14","date_gmt":"2025-10-30T15:57:14","guid":{"rendered":"https:\/\/www.arte.unicen.edu.ar\/entodas\/?post_type=tribe_events&#038;p=12544"},"modified":"2025-10-30T12:57:14","modified_gmt":"2025-10-30T15:57:14","slug":"belen-cine-3","status":"publish","type":"tribe_events","link":"https:\/\/www.arte.unicen.edu.ar\/entodas\/?tribe_events=belen-cine-3","title":{"rendered":"BEL\u00c9N &#8211; Cine"},"content":{"rendered":"<p><img loading=\"lazy\" decoding=\"async\" class=\"size-medium wp-image-12527 aligncenter\" src=\"https:\/\/www.arte.unicen.edu.ar\/entodas\/wp-content\/uploads\/2025\/10\/WhatsApp-Image-2025-10-30-at-10.57.55-165x300.jpeg\" alt=\"\" width=\"165\" height=\"300\" srcset=\"https:\/\/www.arte.unicen.edu.ar\/entodas\/wp-content\/uploads\/2025\/10\/WhatsApp-Image-2025-10-30-at-10.57.55-165x300.jpeg 165w, https:\/\/www.arte.unicen.edu.ar\/entodas\/wp-content\/uploads\/2025\/10\/WhatsApp-Image-2025-10-30-at-10.57.55-440x800.jpeg 440w, https:\/\/www.arte.unicen.edu.ar\/entodas\/wp-content\/uploads\/2025\/10\/WhatsApp-Image-2025-10-30-at-10.57.55-768x1398.jpeg 768w, https:\/\/www.arte.unicen.edu.ar\/entodas\/wp-content\/uploads\/2025\/10\/WhatsApp-Image-2025-10-30-at-10.57.55.jpeg 784w\" sizes=\"(max-width: 165px) 100vw, 165px\" \/><\/p>\n<p>*Bel\u00e9n*<br \/>\nDir: Dolores Fonzi<br \/>\nDrama &#8211; SAM13 &#8211; 108min<br \/>\nCon: Dolores Fonzi &#8211; Camila Pl\u00e1ate &#8211; Julieta Cardinali &#8211; Luis Machin<\/p>\n<p>Funci\u00f3n Espacios INCAA<br \/>\nDomingo 2 noviembre 20h<br \/>\nLunes 3 noviembre 20h<br \/>\nMartes 4 noviembre 20h<\/p>\n<p>Entrada Gral: $3000 &#8211; Est., jub: $1500<\/p>\n<p>Bel\u00e9n es una pel\u00edcula basada en una historia real que dio origen a un movimiento internacional. Bel\u00e9n narra el caso estremecedor de Julieta, una joven acusada injustamente de cometer un aborto ilegal, y de Soledad Deza (Dolores Fonzi), la abogada valiente que se encarga de este caso altamente controversial y explosivo. Bel\u00e9n es una mezcla de intenso drama judicial, feroz cr\u00edtica a la injusticia sist\u00e9mica y celebraci\u00f3n de la resiliencia y la hermandad.<\/p>\n","protected":false},"excerpt":{"rendered":"<p>*Bel\u00e9n* Dir: Dolores Fonzi Drama &#8211; SAM13 &#8211; 108min Con: Dolores Fonzi &#8211; Camila Pl\u00e1ate &#8211; Julieta Cardinali &#8211; Luis Machin Funci\u00f3n Espacios INCAA Domingo 2 noviembre 20h Lunes 3 noviembre 20h Martes 4 noviembre 20h Entrada Gral: $3000 &#8211; Est., jub: $1500 Bel\u00e9n es una pel\u00edcula basada en una historia real que dio origen a un movimiento internacional. Bel\u00e9n narra el caso estremecedor de Julieta, una joven acusada injustamente de cometer un aborto ilegal, y de Soledad Deza (Dolores Fonzi), la abogada valiente que se encarga de este caso altamente controversial y explosivo. Bel\u00e9n es una mezcla de intenso drama judicial, feroz cr\u00edtica a la injusticia sist\u00e9mica y celebraci\u00f3n de la resiliencia y la hermandad.<\/p>\n","protected":false},"author":5,"featured_media":12527,"comment_status":"closed","ping_status":"closed","template":"","meta":{"_tribe_events_status":"","_tribe_events_status_reason":""},"tags":[],"tribe_events_cat":[],"_links":{"self":[{"href":"https:\/\/www.arte.unicen.edu.ar\/entodas\/index.php?rest_route=\/wp\/v2\/tribe_events\/12544"}],"collection":[{"href":"https:\/\/www.arte.unicen.edu.ar\/entodas\/index.php?rest_route=\/wp\/v2\/tribe_events"}],"about":[{"href":"https:\/\/www.arte.unicen.edu.ar\/entodas\/index.php?rest_route=\/wp\/v2\/types\/tribe_events"}],"author":[{"embeddable":true,"href":"https:\/\/www.arte.unicen.edu.ar\/entodas\/index.php?rest_route=\/wp\/v2\/users\/5"}],"replies":[{"embeddable":true,"href":"https:\/\/www.arte.unicen.edu.ar\/entodas\/index.php?rest_route=%2Fwp%2Fv2%2Fcomments&post=12544"}],"version-history":[{"count":1,"href":"https:\/\/www.arte.unicen.edu.ar\/entodas\/index.php?rest_route=\/wp\/v2\/tribe_events\/12544\/revisions"}],"predecessor-version":[{"id":12545,"href":"https:\/\/www.arte.unicen.edu.ar\/entodas\/index.php?rest_route=\/wp\/v2\/tribe_events\/12544\/revisions\/12545"}],"wp:featuredmedia":[{"embeddable":true,"href":"https:\/\/www.arte.unicen.edu.ar\/entodas\/index.php?rest_route=\/wp\/v2\/media\/12527"}],"wp:attachment":[{"href":"https:\/\/www.arte.unicen.edu.ar\/entodas\/index.php?rest_route=%2Fwp%2Fv2%2Fmedia&parent=12544"}],"wp:term":[{"taxonomy":"post_tag","embeddable":true,"href":"https:\/\/www.arte.unicen.edu.ar\/entodas\/index.php?rest_route=%2Fwp%2Fv2%2Ftags&post=12544"},{"taxonomy":"tribe_events_cat","embeddable":true,"href":"https:\/\/www.arte.unicen.edu.ar\/entodas\/index.php?rest_route=%2Fwp%2Fv2%2Ftribe_events_cat&post=12544"}],"curies":[{"name":"wp","href":"https:\/\/api.w.org\/{rel}","templated":true}]}}

BELÉN &#8211; Cine

<p><img loading="lazy" decoding="async" class="size-medium wp-image-12527 aligncenter" src="https://www.arte.unicen.edu.ar/entodas/wp-content/uploads/2025/10/WhatsApp-Image-2025-10-30-at-10.57.55-165x300.jpeg" alt="" width="165" height="300" srcset="https://www.arte.unicen.edu.ar/entodas/wp-content/uploads/2025/10/WhatsApp-Image-2025-10-30-at-10.57.55-165x300.jpeg 165w, https://www.arte.unicen.edu.ar/entodas/wp-content/uploads/2025/10/WhatsApp-Image-2025-10-30-at-10.57.55-440x800.jpeg 440w, https://www.arte.unicen.edu.ar/entodas/wp-content/uploads/2025/10/WhatsApp-Image-2025-10-30-at-10.57.55-768x1398.jpeg 768w, https://www.arte.unicen.edu.ar/entodas/wp-content/uploads/2025/10/WhatsApp-Image-2025-10-30-at-10.57.55.jpeg 784w" sizes="(max-width: 165px) 100vw, 165px" /></p>
<p>*Belén*<br />
Dir: Dolores Fonzi<br />
Drama &#8211; SAM13 &#8211; 108min<br />
Con: Dolores Fonzi &#8211; Camila Pláate &#8211; Julieta Cardinali &#8211; Luis Machin</p>
<p>Función Espacios INCAA<br />
Domingo 2 noviembre 20h<br />
Lunes 3 noviembre 20h<br />
Martes 4 noviembre 20h</p>
<p>Entrada Gral: $3000 &#8211; Est., jub: $1500</p>
<p>Belén es una película basada en una historia real que dio origen a un movimiento internacional. Belén narra el caso estremecedor de Julieta, una joven acusada injustamente de cometer un aborto ilegal, y de Soledad Deza (Dolores Fonzi), la abogada valiente que se encarga de este caso altamente controversial y explosivo. Belén es una mezcla de intenso drama judicial, feroz crítica a la injusticia sistémica y celebración de la resiliencia y la hermandad.</p>

<p>*Belén* Dir: Dolores Fonzi Drama &#8211; SAM13 &#8211; 108min Con: Dolores Fonzi &#8211; Camila Pláate &#8211; Julieta Cardinali &#8211; Luis Machin Función Espacios INCAA Domingo 2 noviembre 20h Lunes 3 noviembre 20h Martes 4 noviembre 20h Entrada Gral: $3000 &#8211; Est., jub: $1500 Belén es una película basada en una historia real que dio origen a un movimiento internacional. Belén narra el caso estremecedor de Julieta, una joven acusada injustamente de cometer un aborto ilegal, y de Soledad Deza (Dolores Fonzi), la abogada valiente que se encarga de este caso altamente controversial y explosivo. Belén es una mezcla de intenso drama judicial, feroz crítica a la injusticia sistémica y celebración de la resiliencia y la hermandad.</p>
