{"id":12540,"date":"2025-10-30T12:32:54","date_gmt":"2025-10-30T15:32:54","guid":{"rendered":"https:\/\/www.arte.unicen.edu.ar\/entodas\/?post_type=tribe_events&#038;p=12540"},"modified":"2025-10-30T12:52:16","modified_gmt":"2025-10-30T15:52:16","slug":"festival-lobito-proyecciones-de-cortos-audiovisuales","status":"publish","type":"tribe_events","link":"https:\/\/www.arte.unicen.edu.ar\/entodas\/?tribe_events=festival-lobito-proyecciones-de-cortos-audiovisuales","title":{"rendered":"FESTIVAL LOBITO &#8211; Proyecciones de cortos audiovisuales"},"content":{"rendered":"<p><img loading=\"lazy\" decoding=\"async\" class=\"size-medium wp-image-12525 aligncenter\" src=\"https:\/\/www.arte.unicen.edu.ar\/entodas\/wp-content\/uploads\/2025\/10\/WhatsApp-Image-2025-10-30-at-10.53.11-225x300.jpeg\" alt=\"\" width=\"225\" height=\"300\" srcset=\"https:\/\/www.arte.unicen.edu.ar\/entodas\/wp-content\/uploads\/2025\/10\/WhatsApp-Image-2025-10-30-at-10.53.11-225x300.jpeg 225w, https:\/\/www.arte.unicen.edu.ar\/entodas\/wp-content\/uploads\/2025\/10\/WhatsApp-Image-2025-10-30-at-10.53.11-599x800.jpeg 599w, https:\/\/www.arte.unicen.edu.ar\/entodas\/wp-content\/uploads\/2025\/10\/WhatsApp-Image-2025-10-30-at-10.53.11-768x1025.jpeg 768w, https:\/\/www.arte.unicen.edu.ar\/entodas\/wp-content\/uploads\/2025\/10\/WhatsApp-Image-2025-10-30-at-10.53.11.jpeg 959w\" sizes=\"(max-width: 225px) 100vw, 225px\" \/><\/p>\n<p>Encontr\u00e1 toda la programaci\u00f3n en https:\/\/lobitofestival.com\/<\/p>\n<p>1 de noviembre 18 hs<br \/>\nEntrada libre y gratuita<\/p>\n<p>Este pr\u00f3ximo s\u00e1bado 1 de noviembre contaremos con el Festival LOBITO, festival de cortometrajes competitivo el cual se desarrollar\u00e1 a partir de las 18hs en nuestra sala.<br \/>\nLobito Festival cierra su segundo a\u00f1o con una nueva edici\u00f3n del Festival Competitivo, donde se proyectar\u00e1n los 12 cortos seleccionados del a\u00f1o.<br \/>\n\ud83c\udfa4 Habr\u00e1 charlas con referentes del audiovisual (Juan Pablo Cestaro, Mei Villagra y Alexis Trigo), \ud83c\udfb6 m\u00fasica en vivo y \ud83c\udf77 degustaci\u00f3n de vinos de Negra Mariposa.<br \/>\n\ud83d\udd55 18:00 hs \u2013 Charlas<br \/>\n\ud83c\udfa5 19:15 hs \u2013 Proyecci\u00f3n<br \/>\n\ud83c\udfb8 22:00 hs \u2013 Presentaciones musicales<br \/>\n\ud83c\udfc6 22:30 hs \u2013 Entrega de premios<\/p>\n<p>\u2728 \u201cLo que contamos tambi\u00e9n nos cuenta.\u201d<\/p>\n","protected":false},"excerpt":{"rendered":"<p>Encontr\u00e1 toda la programaci\u00f3n en https:\/\/lobitofestival.com\/ 1 de noviembre 18 hs Entrada libre y gratuita Este pr\u00f3ximo s\u00e1bado 1 de noviembre contaremos con el Festival LOBITO, festival de cortometrajes competitivo el cual se desarrollar\u00e1 a partir de las 18hs en nuestra sala. Lobito Festival cierra su segundo a\u00f1o con una nueva edici\u00f3n del Festival Competitivo, donde se proyectar\u00e1n los 12 cortos seleccionados del a\u00f1o. \ud83c\udfa4 Habr\u00e1 charlas con referentes del audiovisual (Juan Pablo Cestaro, Mei Villagra y Alexis Trigo), \ud83c\udfb6 m\u00fasica en vivo y \ud83c\udf77 degustaci\u00f3n de vinos de Negra Mariposa. \ud83d\udd55 18:00 hs \u2013 Charlas \ud83c\udfa5 19:15 hs \u2013 Proyecci\u00f3n \ud83c\udfb8 22:00 hs \u2013 Presentaciones musicales \ud83c\udfc6 22:30 hs \u2013 Entrega de premios \u2728 \u201cLo que contamos tambi\u00e9n nos cuenta.\u201d<\/p>\n","protected":false},"author":5,"featured_media":12525,"comment_status":"closed","ping_status":"closed","template":"","meta":{"_tribe_events_status":"","_tribe_events_status_reason":""},"tags":[],"tribe_events_cat":[],"_links":{"self":[{"href":"https:\/\/www.arte.unicen.edu.ar\/entodas\/index.php?rest_route=\/wp\/v2\/tribe_events\/12540"}],"collection":[{"href":"https:\/\/www.arte.unicen.edu.ar\/entodas\/index.php?rest_route=\/wp\/v2\/tribe_events"}],"about":[{"href":"https:\/\/www.arte.unicen.edu.ar\/entodas\/index.php?rest_route=\/wp\/v2\/types\/tribe_events"}],"author":[{"embeddable":true,"href":"https:\/\/www.arte.unicen.edu.ar\/entodas\/index.php?rest_route=\/wp\/v2\/users\/5"}],"replies":[{"embeddable":true,"href":"https:\/\/www.arte.unicen.edu.ar\/entodas\/index.php?rest_route=%2Fwp%2Fv2%2Fcomments&post=12540"}],"version-history":[{"count":1,"href":"https:\/\/www.arte.unicen.edu.ar\/entodas\/index.php?rest_route=\/wp\/v2\/tribe_events\/12540\/revisions"}],"predecessor-version":[{"id":12541,"href":"https:\/\/www.arte.unicen.edu.ar\/entodas\/index.php?rest_route=\/wp\/v2\/tribe_events\/12540\/revisions\/12541"}],"wp:featuredmedia":[{"embeddable":true,"href":"https:\/\/www.arte.unicen.edu.ar\/entodas\/index.php?rest_route=\/wp\/v2\/media\/12525"}],"wp:attachment":[{"href":"https:\/\/www.arte.unicen.edu.ar\/entodas\/index.php?rest_route=%2Fwp%2Fv2%2Fmedia&parent=12540"}],"wp:term":[{"taxonomy":"post_tag","embeddable":true,"href":"https:\/\/www.arte.unicen.edu.ar\/entodas\/index.php?rest_route=%2Fwp%2Fv2%2Ftags&post=12540"},{"taxonomy":"tribe_events_cat","embeddable":true,"href":"https:\/\/www.arte.unicen.edu.ar\/entodas\/index.php?rest_route=%2Fwp%2Fv2%2Ftribe_events_cat&post=12540"}],"curies":[{"name":"wp","href":"https:\/\/api.w.org\/{rel}","templated":true}]}}

<p><img loading="lazy" decoding="async" class="size-medium wp-image-12525 aligncenter" src="https://www.arte.unicen.edu.ar/entodas/wp-content/uploads/2025/10/WhatsApp-Image-2025-10-30-at-10.53.11-225x300.jpeg" alt="" width="225" height="300" srcset="https://www.arte.unicen.edu.ar/entodas/wp-content/uploads/2025/10/WhatsApp-Image-2025-10-30-at-10.53.11-225x300.jpeg 225w, https://www.arte.unicen.edu.ar/entodas/wp-content/uploads/2025/10/WhatsApp-Image-2025-10-30-at-10.53.11-599x800.jpeg 599w, https://www.arte.unicen.edu.ar/entodas/wp-content/uploads/2025/10/WhatsApp-Image-2025-10-30-at-10.53.11-768x1025.jpeg 768w, https://www.arte.unicen.edu.ar/entodas/wp-content/uploads/2025/10/WhatsApp-Image-2025-10-30-at-10.53.11.jpeg 959w" sizes="(max-width: 225px) 100vw, 225px" /></p>
<p>Encontrá toda la programación en https://lobitofestival.com/</p>
<p>1 de noviembre 18 hs<br />
Entrada libre y gratuita</p>
<p>Este próximo sábado 1 de noviembre contaremos con el Festival LOBITO, festival de cortometrajes competitivo el cual se desarrollará a partir de las 18hs en nuestra sala.<br />
Lobito Festival cierra su segundo año con una nueva edición del Festival Competitivo, donde se proyectarán los 12 cortos seleccionados del año.<br />
🎤 Habrá charlas con referentes del audiovisual (Juan Pablo Cestaro, Mei Villagra y Alexis Trigo), 🎶 música en vivo y 🍷 degustación de vinos de Negra Mariposa.<br />
🕕 18:00 hs – Charlas<br />
🎥 19:15 hs – Proyección<br />
🎸 22:00 hs – Presentaciones musicales<br />
🏆 22:30 hs – Entrega de premios</p>
<p>✨ “Lo que contamos también nos cuenta.”</p>

<p>Encontrá toda la programación en https://lobitofestival.com/ 1 de noviembre 18 hs Entrada libre y gratuita Este próximo sábado 1 de noviembre contaremos con el Festival LOBITO, festival de cortometrajes competitivo el cual se desarrollará a partir de las 18hs en nuestra sala. Lobito Festival cierra su segundo año con una nueva edición del Festival Competitivo, donde se proyectarán los 12 cortos seleccionados del año. 🎤 Habrá charlas con referentes del audiovisual (Juan Pablo Cestaro, Mei Villagra y Alexis Trigo), 🎶 música en vivo y 🍷 degustación de vinos de Negra Mariposa. 🕕 18:00 hs – Charlas 🎥 19:15 hs – Proyección 🎸 22:00 hs – Presentaciones musicales 🏆 22:30 hs – Entrega de premios ✨ “Lo que contamos también nos cuenta.”</p>
