{"id":12495,"date":"2025-10-24T10:23:37","date_gmt":"2025-10-24T13:23:37","guid":{"rendered":"https:\/\/www.arte.unicen.edu.ar\/entodas\/?post_type=tribe_events&#038;p=12495"},"modified":"2025-10-24T10:23:37","modified_gmt":"2025-10-24T13:23:37","slug":"revolu-comedia-teatral","status":"publish","type":"tribe_events","link":"https:\/\/www.arte.unicen.edu.ar\/entodas\/?tribe_events=revolu-comedia-teatral","title":{"rendered":"REVOL\u00da &#8211; Comedia Teatral"},"content":{"rendered":"<p><img loading=\"lazy\" decoding=\"async\" class=\"size-medium wp-image-12496 aligncenter\" src=\"https:\/\/www.arte.unicen.edu.ar\/entodas\/wp-content\/uploads\/2025\/10\/WhatsApp-Image-2025-10-24-at-8.30.59-AM-245x300.jpeg\" alt=\"\" width=\"245\" height=\"300\" srcset=\"https:\/\/www.arte.unicen.edu.ar\/entodas\/wp-content\/uploads\/2025\/10\/WhatsApp-Image-2025-10-24-at-8.30.59-AM-245x300.jpeg 245w, https:\/\/www.arte.unicen.edu.ar\/entodas\/wp-content\/uploads\/2025\/10\/WhatsApp-Image-2025-10-24-at-8.30.59-AM-653x800.jpeg 653w, https:\/\/www.arte.unicen.edu.ar\/entodas\/wp-content\/uploads\/2025\/10\/WhatsApp-Image-2025-10-24-at-8.30.59-AM-768x942.jpeg 768w, https:\/\/www.arte.unicen.edu.ar\/entodas\/wp-content\/uploads\/2025\/10\/WhatsApp-Image-2025-10-24-at-8.30.59-AM.jpeg 960w\" sizes=\"(max-width: 245px) 100vw, 245px\" \/><\/p>\n<p>\ud83c\udfad \u00a1Vuelve \u201cRevol\u00fa\u201d, la comedia de Pablo Albarello que hizo re\u00edr a todos!<\/p>\n<p>En una escuela bonaerense, unos alumnos jugando al \u201cjuego de la copa\u201d invocan al mism\u00edsimo Manuel Belgrano, justo cuando preparan el acto del D\u00eda de la Bandera \ud83c\udde6\ud83c\uddf7.<br \/>\nUna directora a punto de jubilarse, una secretaria ambiciosa, una portera guerrera, madres apasionadas, un concejal oportunista y un pr\u00f3cer confundido\u2026 todos forman parte de esta delirante comedia llena de humor y gui\u00f1os bien argentinos.<\/p>\n<p>\ud83d\uddd3\ufe0f Viernes 24 \u2013 21 hs<br \/>\n\ud83d\udccd <a class=\"x1i10hfl xjbqb8w x1ejq31n x18oe1m7 x1sy0etr xstzfhl x972fbf x10w94by x1qhh985 x14e42zd x9f619 x1ypdohk xt0psk2 x3ct3a4 xdj266r x14z9mp xat24cr x1lziwak xexx8yu xyri2b x18d9i69 x1c1uobl x16tdsg8 x1hl2dhg xggy1nq x1a2a7pz notranslate _a6hd\" role=\"link\" href=\"https:\/\/www.instagram.com\/teatrobajosuelo\/\">@teatrobajosuelo<\/a> (Rodr\u00edguez 457)<br \/>\n\ud83d\udcf2 Reservas por WhatsApp: 2494 270833<\/p>\n<p>Direcci\u00f3n: Gustavo Lazarte<br \/>\nAsistencia t\u00e9cnica: Naza Di Biasse<br \/>\nAsistencia de direcci\u00f3n: Irene Miguez<\/p>\n","protected":false},"excerpt":{"rendered":"<p>\ud83c\udfad \u00a1Vuelve \u201cRevol\u00fa\u201d, la comedia de Pablo Albarello que hizo re\u00edr a todos! En una escuela bonaerense, unos alumnos jugando al \u201cjuego de la copa\u201d invocan al mism\u00edsimo Manuel Belgrano, justo cuando preparan el acto del D\u00eda de la Bandera \ud83c\udde6\ud83c\uddf7. Una directora a punto de jubilarse, una secretaria ambiciosa, una portera guerrera, madres apasionadas, un concejal oportunista y un pr\u00f3cer confundido\u2026 todos forman parte de esta delirante comedia llena de humor y gui\u00f1os bien argentinos. \ud83d\uddd3\ufe0f Viernes 24 \u2013 21 hs \ud83d\udccd @teatrobajosuelo (Rodr\u00edguez 457) \ud83d\udcf2 Reservas por WhatsApp: 2494 270833 Direcci\u00f3n: Gustavo Lazarte Asistencia t\u00e9cnica: Naza Di Biasse Asistencia de direcci\u00f3n: Irene Miguez<\/p>\n","protected":false},"author":5,"featured_media":12496,"comment_status":"closed","ping_status":"closed","template":"","meta":{"_tribe_events_status":"","_tribe_events_status_reason":""},"tags":[],"tribe_events_cat":[],"_links":{"self":[{"href":"https:\/\/www.arte.unicen.edu.ar\/entodas\/index.php?rest_route=\/wp\/v2\/tribe_events\/12495"}],"collection":[{"href":"https:\/\/www.arte.unicen.edu.ar\/entodas\/index.php?rest_route=\/wp\/v2\/tribe_events"}],"about":[{"href":"https:\/\/www.arte.unicen.edu.ar\/entodas\/index.php?rest_route=\/wp\/v2\/types\/tribe_events"}],"author":[{"embeddable":true,"href":"https:\/\/www.arte.unicen.edu.ar\/entodas\/index.php?rest_route=\/wp\/v2\/users\/5"}],"replies":[{"embeddable":true,"href":"https:\/\/www.arte.unicen.edu.ar\/entodas\/index.php?rest_route=%2Fwp%2Fv2%2Fcomments&post=12495"}],"version-history":[{"count":1,"href":"https:\/\/www.arte.unicen.edu.ar\/entodas\/index.php?rest_route=\/wp\/v2\/tribe_events\/12495\/revisions"}],"predecessor-version":[{"id":12497,"href":"https:\/\/www.arte.unicen.edu.ar\/entodas\/index.php?rest_route=\/wp\/v2\/tribe_events\/12495\/revisions\/12497"}],"wp:featuredmedia":[{"embeddable":true,"href":"https:\/\/www.arte.unicen.edu.ar\/entodas\/index.php?rest_route=\/wp\/v2\/media\/12496"}],"wp:attachment":[{"href":"https:\/\/www.arte.unicen.edu.ar\/entodas\/index.php?rest_route=%2Fwp%2Fv2%2Fmedia&parent=12495"}],"wp:term":[{"taxonomy":"post_tag","embeddable":true,"href":"https:\/\/www.arte.unicen.edu.ar\/entodas\/index.php?rest_route=%2Fwp%2Fv2%2Ftags&post=12495"},{"taxonomy":"tribe_events_cat","embeddable":true,"href":"https:\/\/www.arte.unicen.edu.ar\/entodas\/index.php?rest_route=%2Fwp%2Fv2%2Ftribe_events_cat&post=12495"}],"curies":[{"name":"wp","href":"https:\/\/api.w.org\/{rel}","templated":true}]}}

REVOLÚ &#8211; Comedia Teatral

<p><img loading="lazy" decoding="async" class="size-medium wp-image-12496 aligncenter" src="https://www.arte.unicen.edu.ar/entodas/wp-content/uploads/2025/10/WhatsApp-Image-2025-10-24-at-8.30.59-AM-245x300.jpeg" alt="" width="245" height="300" srcset="https://www.arte.unicen.edu.ar/entodas/wp-content/uploads/2025/10/WhatsApp-Image-2025-10-24-at-8.30.59-AM-245x300.jpeg 245w, https://www.arte.unicen.edu.ar/entodas/wp-content/uploads/2025/10/WhatsApp-Image-2025-10-24-at-8.30.59-AM-653x800.jpeg 653w, https://www.arte.unicen.edu.ar/entodas/wp-content/uploads/2025/10/WhatsApp-Image-2025-10-24-at-8.30.59-AM-768x942.jpeg 768w, https://www.arte.unicen.edu.ar/entodas/wp-content/uploads/2025/10/WhatsApp-Image-2025-10-24-at-8.30.59-AM.jpeg 960w" sizes="(max-width: 245px) 100vw, 245px" /></p>
<p>🎭 ¡Vuelve “Revolú”, la comedia de Pablo Albarello que hizo reír a todos!</p>
<p>En una escuela bonaerense, unos alumnos jugando al “juego de la copa” invocan al mismísimo Manuel Belgrano, justo cuando preparan el acto del Día de la Bandera 🇦🇷.<br />
Una directora a punto de jubilarse, una secretaria ambiciosa, una portera guerrera, madres apasionadas, un concejal oportunista y un prócer confundido… todos forman parte de esta delirante comedia llena de humor y guiños bien argentinos.</p>
<p>🗓️ Viernes 24 – 21 hs<br />
📍 <a class="x1i10hfl xjbqb8w x1ejq31n x18oe1m7 x1sy0etr xstzfhl x972fbf x10w94by x1qhh985 x14e42zd x9f619 x1ypdohk xt0psk2 x3ct3a4 xdj266r x14z9mp xat24cr x1lziwak xexx8yu xyri2b x18d9i69 x1c1uobl x16tdsg8 x1hl2dhg xggy1nq x1a2a7pz notranslate _a6hd" role="link" href="https://www.instagram.com/teatrobajosuelo/">@teatrobajosuelo</a> (Rodríguez 457)<br />
📲 Reservas por WhatsApp: 2494 270833</p>
<p>Dirección: Gustavo Lazarte<br />
Asistencia técnica: Naza Di Biasse<br />
Asistencia de dirección: Irene Miguez</p>

<p>🎭 ¡Vuelve “Revolú”, la comedia de Pablo Albarello que hizo reír a todos! En una escuela bonaerense, unos alumnos jugando al “juego de la copa” invocan al mismísimo Manuel Belgrano, justo cuando preparan el acto del Día de la Bandera 🇦🇷. Una directora a punto de jubilarse, una secretaria ambiciosa, una portera guerrera, madres apasionadas, un concejal oportunista y un prócer confundido… todos forman parte de esta delirante comedia llena de humor y guiños bien argentinos. 🗓️ Viernes 24 – 21 hs 📍 @teatrobajosuelo (Rodríguez 457) 📲 Reservas por WhatsApp: 2494 270833 Dirección: Gustavo Lazarte Asistencia técnica: Naza Di Biasse Asistencia de dirección: Irene Miguez</p>
