{"id":12469,"date":"2025-10-24T09:55:24","date_gmt":"2025-10-24T12:55:24","guid":{"rendered":"https:\/\/www.arte.unicen.edu.ar\/entodas\/?post_type=tribe_events&#038;p=12469"},"modified":"2025-10-24T09:56:55","modified_gmt":"2025-10-24T12:56:55","slug":"bajo-las-banderas-el-sol-cine","status":"publish","type":"tribe_events","link":"https:\/\/www.arte.unicen.edu.ar\/entodas\/?tribe_events=bajo-las-banderas-el-sol-cine","title":{"rendered":"BAJO LAS BANDERAS, EL SOL &#8211; Cine"},"content":{"rendered":"<p><img loading=\"lazy\" decoding=\"async\" class=\"size-medium wp-image-12470 aligncenter\" src=\"https:\/\/www.arte.unicen.edu.ar\/entodas\/wp-content\/uploads\/2025\/10\/WhatsApp-Image-2025-10-24-at-8.24.48-AM-224x300.jpeg\" alt=\"\" width=\"224\" height=\"300\" srcset=\"https:\/\/www.arte.unicen.edu.ar\/entodas\/wp-content\/uploads\/2025\/10\/WhatsApp-Image-2025-10-24-at-8.24.48-AM-224x300.jpeg 224w, https:\/\/www.arte.unicen.edu.ar\/entodas\/wp-content\/uploads\/2025\/10\/WhatsApp-Image-2025-10-24-at-8.24.48-AM-596x800.jpeg 596w, https:\/\/www.arte.unicen.edu.ar\/entodas\/wp-content\/uploads\/2025\/10\/WhatsApp-Image-2025-10-24-at-8.24.48-AM-768x1030.jpeg 768w, https:\/\/www.arte.unicen.edu.ar\/entodas\/wp-content\/uploads\/2025\/10\/WhatsApp-Image-2025-10-24-at-8.24.48-AM.jpeg 805w\" sizes=\"(max-width: 224px) 100vw, 224px\" \/><\/p>\n<div dir=\"auto\">Bajo las banderas, el sol<\/div>\n<div dir=\"auto\">Dir: Juanjo Pereira<\/div>\n<div dir=\"auto\">Documental &#8211; SAM13 &#8211; 90min<\/div>\n<div dir=\"auto\">S\u00e1bado 25 octubre 18h<\/div>\n<div dir=\"auto\">Lunes 27 octubre 18h<\/div>\n<div dir=\"auto\">Martes 28 octubre 18h<\/div>\n<div dir=\"auto\">Entrada Gral: $3000 &#8211; Est., jub: $1500<\/div>\n<div dir=\"auto\">Funci\u00f3n Espacios INCAA<\/div>\n<div dir=\"auto\">La ca\u00edda en Paraguay de la dictadura de Stroessner, en 1989, marc\u00f3 tambi\u00e9n el abandono de un enorme archivo visual. In\u00e9ditas u olvidadas hasta ahora, esas im\u00e1genes vuelven para dar cuenta de c\u00f3mo su manipulaci\u00f3n permiti\u00f3 adoctrinar y construir un culto a su persona.<\/div>\n<div dir=\"auto\"><\/div>\n<div dir=\"auto\">\n<div class=\"x14z9mp xat24cr x1lziwak x1vvkbs xtlvy1s x126k92a\">\n<div dir=\"auto\">Las entradas para las funciones pueden adquirirse en la boleter\u00eda de la sala desde el pr\u00f3ximo s\u00e1bado en los siguientes horarios. S\u00e1bado 25 oct, lunes 27 oct y martes 28 oct de 17 a 20h.Domingo 26 oct sin funciones por elecciones nacionales. Se acepta pago con d\u00e9bito o Qr.<\/div>\n<div dir=\"auto\">El Espacio INCAA UNICEN depende del \u00c1rea de Cultura de la UNCPBA y funciona en el Auditorium del Centro Cultural Universitario (Yrigoyen 662\/Tandil).<\/div>\n<\/div>\n<div class=\"x14z9mp xat24cr x1lziwak x1vvkbs xtlvy1s x126k92a\">\n<div dir=\"auto\">\u00a1El Cine de la Universidad!<\/div>\n<\/div>\n<\/div>\n","protected":false},"excerpt":{"rendered":"<p>Bajo las banderas, el sol Dir: Juanjo Pereira Documental &#8211; SAM13 &#8211; 90min S\u00e1bado 25 octubre 18h Lunes 27 octubre 18h Martes 28 octubre 18h Entrada Gral: $3000 &#8211; Est., jub: $1500 Funci\u00f3n Espacios INCAA La ca\u00edda en Paraguay de la dictadura de Stroessner, en 1989, marc\u00f3 tambi\u00e9n el abandono de un enorme archivo visual. In\u00e9ditas u olvidadas hasta ahora, esas im\u00e1genes vuelven para dar cuenta de c\u00f3mo su manipulaci\u00f3n permiti\u00f3 adoctrinar y construir un culto a su persona. Las entradas para las funciones pueden adquirirse en la boleter\u00eda de la sala desde el pr\u00f3ximo s\u00e1bado en los siguientes horarios. S\u00e1bado 25 oct, lunes 27 oct y martes 28 oct de 17 a 20h.Domingo 26 oct sin funciones por elecciones nacionales. Se acepta pago con d\u00e9bito o Qr. El Espacio INCAA UNICEN depende del \u00c1rea de Cultura de la UNCPBA y funciona en el Auditorium del Centro Cultural Universitario (Yrigoyen&hellip;<\/p>\n<p> <a class=\"more-link\" href=\"https:\/\/www.arte.unicen.edu.ar\/entodas\/?tribe_events=bajo-las-banderas-el-sol-cine\">Read more<\/a><\/p>\n","protected":false},"author":5,"featured_media":12470,"comment_status":"closed","ping_status":"closed","template":"","meta":{"_tribe_events_status":"","_tribe_events_status_reason":""},"tags":[],"tribe_events_cat":[],"_links":{"self":[{"href":"https:\/\/www.arte.unicen.edu.ar\/entodas\/index.php?rest_route=\/wp\/v2\/tribe_events\/12469"}],"collection":[{"href":"https:\/\/www.arte.unicen.edu.ar\/entodas\/index.php?rest_route=\/wp\/v2\/tribe_events"}],"about":[{"href":"https:\/\/www.arte.unicen.edu.ar\/entodas\/index.php?rest_route=\/wp\/v2\/types\/tribe_events"}],"author":[{"embeddable":true,"href":"https:\/\/www.arte.unicen.edu.ar\/entodas\/index.php?rest_route=\/wp\/v2\/users\/5"}],"replies":[{"embeddable":true,"href":"https:\/\/www.arte.unicen.edu.ar\/entodas\/index.php?rest_route=%2Fwp%2Fv2%2Fcomments&post=12469"}],"version-history":[{"count":2,"href":"https:\/\/www.arte.unicen.edu.ar\/entodas\/index.php?rest_route=\/wp\/v2\/tribe_events\/12469\/revisions"}],"predecessor-version":[{"id":12474,"href":"https:\/\/www.arte.unicen.edu.ar\/entodas\/index.php?rest_route=\/wp\/v2\/tribe_events\/12469\/revisions\/12474"}],"wp:featuredmedia":[{"embeddable":true,"href":"https:\/\/www.arte.unicen.edu.ar\/entodas\/index.php?rest_route=\/wp\/v2\/media\/12470"}],"wp:attachment":[{"href":"https:\/\/www.arte.unicen.edu.ar\/entodas\/index.php?rest_route=%2Fwp%2Fv2%2Fmedia&parent=12469"}],"wp:term":[{"taxonomy":"post_tag","embeddable":true,"href":"https:\/\/www.arte.unicen.edu.ar\/entodas\/index.php?rest_route=%2Fwp%2Fv2%2Ftags&post=12469"},{"taxonomy":"tribe_events_cat","embeddable":true,"href":"https:\/\/www.arte.unicen.edu.ar\/entodas\/index.php?rest_route=%2Fwp%2Fv2%2Ftribe_events_cat&post=12469"}],"curies":[{"name":"wp","href":"https:\/\/api.w.org\/{rel}","templated":true}]}}

<p><img loading="lazy" decoding="async" class="size-medium wp-image-12470 aligncenter" src="https://www.arte.unicen.edu.ar/entodas/wp-content/uploads/2025/10/WhatsApp-Image-2025-10-24-at-8.24.48-AM-224x300.jpeg" alt="" width="224" height="300" srcset="https://www.arte.unicen.edu.ar/entodas/wp-content/uploads/2025/10/WhatsApp-Image-2025-10-24-at-8.24.48-AM-224x300.jpeg 224w, https://www.arte.unicen.edu.ar/entodas/wp-content/uploads/2025/10/WhatsApp-Image-2025-10-24-at-8.24.48-AM-596x800.jpeg 596w, https://www.arte.unicen.edu.ar/entodas/wp-content/uploads/2025/10/WhatsApp-Image-2025-10-24-at-8.24.48-AM-768x1030.jpeg 768w, https://www.arte.unicen.edu.ar/entodas/wp-content/uploads/2025/10/WhatsApp-Image-2025-10-24-at-8.24.48-AM.jpeg 805w" sizes="(max-width: 224px) 100vw, 224px" /></p>
<div dir="auto">Bajo las banderas, el sol</div>
<div dir="auto">Dir: Juanjo Pereira</div>
<div dir="auto">Documental &#8211; SAM13 &#8211; 90min</div>
<div dir="auto">Sábado 25 octubre 18h</div>
<div dir="auto">Lunes 27 octubre 18h</div>
<div dir="auto">Martes 28 octubre 18h</div>
<div dir="auto">Entrada Gral: $3000 &#8211; Est., jub: $1500</div>
<div dir="auto">Función Espacios INCAA</div>
<div dir="auto">La caída en Paraguay de la dictadura de Stroessner, en 1989, marcó también el abandono de un enorme archivo visual. Inéditas u olvidadas hasta ahora, esas imágenes vuelven para dar cuenta de cómo su manipulación permitió adoctrinar y construir un culto a su persona.</div>
<div dir="auto"></div>
<div dir="auto">
<div class="x14z9mp xat24cr x1lziwak x1vvkbs xtlvy1s x126k92a">
<div dir="auto">Las entradas para las funciones pueden adquirirse en la boletería de la sala desde el próximo sábado en los siguientes horarios. Sábado 25 oct, lunes 27 oct y martes 28 oct de 17 a 20h.Domingo 26 oct sin funciones por elecciones nacionales. Se acepta pago con débito o Qr.</div>
<div dir="auto">El Espacio INCAA UNICEN depende del Área de Cultura de la UNCPBA y funciona en el Auditorium del Centro Cultural Universitario (Yrigoyen 662/Tandil).</div>
</div>
<div class="x14z9mp xat24cr x1lziwak x1vvkbs xtlvy1s x126k92a">
<div dir="auto">¡El Cine de la Universidad!</div>
</div>
</div>

<p>Bajo las banderas, el sol Dir: Juanjo Pereira Documental &#8211; SAM13 &#8211; 90min Sábado 25 octubre 18h Lunes 27 octubre 18h Martes 28 octubre 18h Entrada Gral: $3000 &#8211; Est., jub: $1500 Función Espacios INCAA La caída en Paraguay de la dictadura de Stroessner, en 1989, marcó también el abandono de un enorme archivo visual. Inéditas u olvidadas hasta ahora, esas imágenes vuelven para dar cuenta de cómo su manipulación permitió adoctrinar y construir un culto a su persona. Las entradas para las funciones pueden adquirirse en la boletería de la sala desde el próximo sábado en los siguientes horarios. Sábado 25 oct, lunes 27 oct y martes 28 oct de 17 a 20h.Domingo 26 oct sin funciones por elecciones nacionales. Se acepta pago con débito o Qr. El Espacio INCAA UNICEN depende del Área de Cultura de la UNCPBA y funciona en el Auditorium del Centro Cultural Universitario (Yrigoyen&hellip;</p>
<p> <a class="more-link" href="https://www.arte.unicen.edu.ar/entodas/?tribe_events=bajo-las-banderas-el-sol-cine">Read more</a></p>
