{"id":12454,"date":"2025-10-17T12:06:28","date_gmt":"2025-10-17T15:06:28","guid":{"rendered":"https:\/\/www.arte.unicen.edu.ar\/entodas\/?post_type=tribe_events&#038;p=12454"},"modified":"2025-10-17T12:06:28","modified_gmt":"2025-10-17T15:06:28","slug":"sucedio-en-la-via-teatro","status":"publish","type":"tribe_events","link":"https:\/\/www.arte.unicen.edu.ar\/entodas\/?tribe_events=sucedio-en-la-via-teatro","title":{"rendered":"SUCEDI\u00d3 EN LA V\u00cdA &#8211; Teatro"},"content":{"rendered":"<p><img loading=\"lazy\" decoding=\"async\" class=\"size-medium wp-image-12455 aligncenter\" src=\"https:\/\/www.arte.unicen.edu.ar\/entodas\/wp-content\/uploads\/2025\/10\/WhatsApp-Image-2025-10-17-at-12.00.14-PM-243x300.jpeg\" alt=\"\" width=\"243\" height=\"300\" srcset=\"https:\/\/www.arte.unicen.edu.ar\/entodas\/wp-content\/uploads\/2025\/10\/WhatsApp-Image-2025-10-17-at-12.00.14-PM-243x300.jpeg 243w, https:\/\/www.arte.unicen.edu.ar\/entodas\/wp-content\/uploads\/2025\/10\/WhatsApp-Image-2025-10-17-at-12.00.14-PM-647x800.jpeg 647w, https:\/\/www.arte.unicen.edu.ar\/entodas\/wp-content\/uploads\/2025\/10\/WhatsApp-Image-2025-10-17-at-12.00.14-PM-768x950.jpeg 768w, https:\/\/www.arte.unicen.edu.ar\/entodas\/wp-content\/uploads\/2025\/10\/WhatsApp-Image-2025-10-17-at-12.00.14-PM.jpeg 1080w\" sizes=\"(max-width: 243px) 100vw, 243px\" \/><\/p>\n<p>\u2728\ud83c\udfad Llega el Festival \u00d3rbita \ud83c\udfad\u2728<br \/>\nde la Cooperativa M\u00ednimo Vital y M\u00f3vil \u2728<\/p>\n<p>\ud83d\udcc5 S\u00e1bado 18 de octubre \u2013 Desde las 15 hs<br \/>\n\ud83d\udccd Nueve90 \u2013 Yrigoyen 990, Tandil<br \/>\n\ud83c\udf9f\ufe0f Entrada libre y a la gorra<\/p>\n<p>Un festival que celebra la poes\u00eda, el teatro, la m\u00fasica y las intervenciones art\u00edsticas en una jornada para compartir arte y comunidad.<\/p>\n<p>\ud83d\udcab Sumate a esta primera edici\u00f3n del Festival \u00d3rbita, un encuentro donde el arte se multiplica y nos invita a seguir orbitando juntxs.<\/p>\n","protected":false},"excerpt":{"rendered":"<p>\u2728\ud83c\udfad Llega el Festival \u00d3rbita \ud83c\udfad\u2728 de la Cooperativa M\u00ednimo Vital y M\u00f3vil \u2728 \ud83d\udcc5 S\u00e1bado 18 de octubre \u2013 Desde las 15 hs \ud83d\udccd Nueve90 \u2013 Yrigoyen 990, Tandil \ud83c\udf9f\ufe0f Entrada libre y a la gorra Un festival que celebra la poes\u00eda, el teatro, la m\u00fasica y las intervenciones art\u00edsticas en una jornada para compartir arte y comunidad. \ud83d\udcab Sumate a esta primera edici\u00f3n del Festival \u00d3rbita, un encuentro donde el arte se multiplica y nos invita a seguir orbitando juntxs.<\/p>\n","protected":false},"author":5,"featured_media":12455,"comment_status":"closed","ping_status":"closed","template":"","meta":{"_tribe_events_status":"","_tribe_events_status_reason":""},"tags":[],"tribe_events_cat":[],"_links":{"self":[{"href":"https:\/\/www.arte.unicen.edu.ar\/entodas\/index.php?rest_route=\/wp\/v2\/tribe_events\/12454"}],"collection":[{"href":"https:\/\/www.arte.unicen.edu.ar\/entodas\/index.php?rest_route=\/wp\/v2\/tribe_events"}],"about":[{"href":"https:\/\/www.arte.unicen.edu.ar\/entodas\/index.php?rest_route=\/wp\/v2\/types\/tribe_events"}],"author":[{"embeddable":true,"href":"https:\/\/www.arte.unicen.edu.ar\/entodas\/index.php?rest_route=\/wp\/v2\/users\/5"}],"replies":[{"embeddable":true,"href":"https:\/\/www.arte.unicen.edu.ar\/entodas\/index.php?rest_route=%2Fwp%2Fv2%2Fcomments&post=12454"}],"version-history":[{"count":2,"href":"https:\/\/www.arte.unicen.edu.ar\/entodas\/index.php?rest_route=\/wp\/v2\/tribe_events\/12454\/revisions"}],"predecessor-version":[{"id":12458,"href":"https:\/\/www.arte.unicen.edu.ar\/entodas\/index.php?rest_route=\/wp\/v2\/tribe_events\/12454\/revisions\/12458"}],"wp:featuredmedia":[{"embeddable":true,"href":"https:\/\/www.arte.unicen.edu.ar\/entodas\/index.php?rest_route=\/wp\/v2\/media\/12455"}],"wp:attachment":[{"href":"https:\/\/www.arte.unicen.edu.ar\/entodas\/index.php?rest_route=%2Fwp%2Fv2%2Fmedia&parent=12454"}],"wp:term":[{"taxonomy":"post_tag","embeddable":true,"href":"https:\/\/www.arte.unicen.edu.ar\/entodas\/index.php?rest_route=%2Fwp%2Fv2%2Ftags&post=12454"},{"taxonomy":"tribe_events_cat","embeddable":true,"href":"https:\/\/www.arte.unicen.edu.ar\/entodas\/index.php?rest_route=%2Fwp%2Fv2%2Ftribe_events_cat&post=12454"}],"curies":[{"name":"wp","href":"https:\/\/api.w.org\/{rel}","templated":true}]}}

SUCEDIÓ EN LA VÍA &#8211; Teatro

<p><img loading="lazy" decoding="async" class="size-medium wp-image-12455 aligncenter" src="https://www.arte.unicen.edu.ar/entodas/wp-content/uploads/2025/10/WhatsApp-Image-2025-10-17-at-12.00.14-PM-243x300.jpeg" alt="" width="243" height="300" srcset="https://www.arte.unicen.edu.ar/entodas/wp-content/uploads/2025/10/WhatsApp-Image-2025-10-17-at-12.00.14-PM-243x300.jpeg 243w, https://www.arte.unicen.edu.ar/entodas/wp-content/uploads/2025/10/WhatsApp-Image-2025-10-17-at-12.00.14-PM-647x800.jpeg 647w, https://www.arte.unicen.edu.ar/entodas/wp-content/uploads/2025/10/WhatsApp-Image-2025-10-17-at-12.00.14-PM-768x950.jpeg 768w, https://www.arte.unicen.edu.ar/entodas/wp-content/uploads/2025/10/WhatsApp-Image-2025-10-17-at-12.00.14-PM.jpeg 1080w" sizes="(max-width: 243px) 100vw, 243px" /></p>
<p>✨🎭 Llega el Festival Órbita 🎭✨<br />
de la Cooperativa Mínimo Vital y Móvil ✨</p>
<p>📅 Sábado 18 de octubre – Desde las 15 hs<br />
📍 Nueve90 – Yrigoyen 990, Tandil<br />
🎟️ Entrada libre y a la gorra</p>
<p>Un festival que celebra la poesía, el teatro, la música y las intervenciones artísticas en una jornada para compartir arte y comunidad.</p>
<p>💫 Sumate a esta primera edición del Festival Órbita, un encuentro donde el arte se multiplica y nos invita a seguir orbitando juntxs.</p>

<p>✨🎭 Llega el Festival Órbita 🎭✨ de la Cooperativa Mínimo Vital y Móvil ✨ 📅 Sábado 18 de octubre – Desde las 15 hs 📍 Nueve90 – Yrigoyen 990, Tandil 🎟️ Entrada libre y a la gorra Un festival que celebra la poesía, el teatro, la música y las intervenciones artísticas en una jornada para compartir arte y comunidad. 💫 Sumate a esta primera edición del Festival Órbita, un encuentro donde el arte se multiplica y nos invita a seguir orbitando juntxs.</p>
