{"id":12432,"date":"2025-10-17T11:20:05","date_gmt":"2025-10-17T14:20:05","guid":{"rendered":"https:\/\/www.arte.unicen.edu.ar\/entodas\/?post_type=tribe_events&#038;p=12432"},"modified":"2025-10-17T11:24:20","modified_gmt":"2025-10-17T14:24:20","slug":"proceso-creativo-pedro-y-los-pibes-perdidos-muestra-artistica","status":"publish","type":"tribe_events","link":"https:\/\/www.arte.unicen.edu.ar\/entodas\/?tribe_events=proceso-creativo-pedro-y-los-pibes-perdidos-muestra-artistica","title":{"rendered":"PROCESO CREATIVO: PEDRO Y LOS PIBES PERDIDOS &#8211; Muestra Art\u00edstica"},"content":{"rendered":"<p><img loading=\"lazy\" decoding=\"async\" class=\"size-medium wp-image-12433 aligncenter\" src=\"https:\/\/www.arte.unicen.edu.ar\/entodas\/wp-content\/uploads\/2025\/10\/561892587_1419612106835269_2361016067128344098_n-240x300.jpg\" alt=\"\" width=\"240\" height=\"300\" srcset=\"https:\/\/www.arte.unicen.edu.ar\/entodas\/wp-content\/uploads\/2025\/10\/561892587_1419612106835269_2361016067128344098_n-240x300.jpg 240w, https:\/\/www.arte.unicen.edu.ar\/entodas\/wp-content\/uploads\/2025\/10\/561892587_1419612106835269_2361016067128344098_n-640x800.jpg 640w, https:\/\/www.arte.unicen.edu.ar\/entodas\/wp-content\/uploads\/2025\/10\/561892587_1419612106835269_2361016067128344098_n-768x960.jpg 768w, https:\/\/www.arte.unicen.edu.ar\/entodas\/wp-content\/uploads\/2025\/10\/561892587_1419612106835269_2361016067128344098_n.jpg 1081w\" sizes=\"(max-width: 240px) 100vw, 240px\" \/><\/p>\n<p>\ud83d\udcccMuestra \u201cProceso creativo: Pedro y los pibes perdidos\u201d<\/p>\n<p>La Secretar\u00eda de Extensi\u00f3n de la Facultad de Arte, la Jefatura Distrital de Educaci\u00f3n y la Inspecci\u00f3n de Educaci\u00f3n Art\u00edstica invitan a una exposici\u00f3n que comparte el dise\u00f1o de escenograf\u00eda y vestuario de la obra teatral &#8220;Pedro y los pibes perdidos&#8221; estrenada en Tandil, realizada por estudiantes de escuelas secundarias con orientaci\u00f3n en artes visuales y la ESEA N\u00b01.<\/p>\n<p>\ud83d\udcc5 Inauguraci\u00f3n: Lunes 20 de octubre, 13:30 hs<br \/>\n\ud83d\udccd Facultad de Arte (9 de Julio 430)<br \/>\n\u23f0 Visitas: Lun a vie, 8 a 20 hs.<br \/>\nEntrada libre y gratuita<\/p>\n<p><a class=\"x1i10hfl xjbqb8w x1ejq31n x18oe1m7 x1sy0etr xstzfhl x972fbf x10w94by x1qhh985 x14e42zd x9f619 x1ypdohk xt0psk2 x3ct3a4 xdj266r x14z9mp xat24cr x1lziwak xexx8yu xyri2b x18d9i69 x1c1uobl x16tdsg8 x1hl2dhg xggy1nq x1a2a7pz notranslate _a6hd\" role=\"link\" href=\"https:\/\/www.instagram.com\/jefaturadistritaltandil\/\">@jefaturadistritaltandil<\/a><br \/>\n<a class=\"x1i10hfl xjbqb8w x1ejq31n x18oe1m7 x1sy0etr xstzfhl x972fbf x10w94by x1qhh985 x14e42zd x9f619 x1ypdohk xt0psk2 x3ct3a4 xdj266r x14z9mp xat24cr x1lziwak xexx8yu xyri2b x18d9i69 x1c1uobl x16tdsg8 x1hl2dhg xggy1nq x1a2a7pz notranslate _a6hd\" role=\"link\" href=\"https:\/\/www.instagram.com\/unicen_oficial\/\">@unicen_oficial<\/a><\/p>\n<blockquote class=\"wp-embedded-content\" data-secret=\"AaVgzLYgvz\"><p><a href=\"https:\/\/www.arte.unicen.edu.ar\/muestra-proceso-creativo-pedro-y-los-pibes-perdidos\/\">Muestra &#8220;Proceso creativo: Pedro y los pibes perdidos&#8221;<\/a><\/p><\/blockquote>\n<p><iframe class=\"wp-embedded-content\" sandbox=\"allow-scripts\" security=\"restricted\" style=\"position: absolute; clip: rect(1px, 1px, 1px, 1px);\" title=\"&#8220;Muestra &#8220;Proceso creativo: Pedro y los pibes perdidos&#8221;&#8221; &#8212; Facultad de Arte\" src=\"https:\/\/www.arte.unicen.edu.ar\/muestra-proceso-creativo-pedro-y-los-pibes-perdidos\/embed\/#?secret=bXLMSR3moW#?secret=AaVgzLYgvz\" data-secret=\"AaVgzLYgvz\" width=\"600\" height=\"338\" frameborder=\"0\" marginwidth=\"0\" marginheight=\"0\" scrolling=\"no\"><\/iframe><\/p>\n","protected":false},"excerpt":{"rendered":"<p>\ud83d\udcccMuestra \u201cProceso creativo: Pedro y los pibes perdidos\u201d La Secretar\u00eda de Extensi\u00f3n de la Facultad de Arte, la Jefatura Distrital de Educaci\u00f3n y la Inspecci\u00f3n de Educaci\u00f3n Art\u00edstica invitan a una exposici\u00f3n que comparte el dise\u00f1o de escenograf\u00eda y vestuario de la obra teatral &#8220;Pedro y los pibes perdidos&#8221; estrenada en Tandil, realizada por estudiantes de escuelas secundarias con orientaci\u00f3n en artes visuales y la ESEA N\u00b01. \ud83d\udcc5 Inauguraci\u00f3n: Lunes 20 de octubre, 13:30 hs \ud83d\udccd Facultad de Arte (9 de Julio 430) \u23f0 Visitas: Lun a vie, 8 a 20 hs. Entrada libre y gratuita @jefaturadistritaltandil @unicen_oficial Muestra &#8220;Proceso creativo: Pedro y los pibes perdidos&#8221;<\/p>\n","protected":false},"author":5,"featured_media":12433,"comment_status":"closed","ping_status":"closed","template":"","meta":{"_tribe_events_status":"","_tribe_events_status_reason":""},"tags":[],"tribe_events_cat":[],"_links":{"self":[{"href":"https:\/\/www.arte.unicen.edu.ar\/entodas\/index.php?rest_route=\/wp\/v2\/tribe_events\/12432"}],"collection":[{"href":"https:\/\/www.arte.unicen.edu.ar\/entodas\/index.php?rest_route=\/wp\/v2\/tribe_events"}],"about":[{"href":"https:\/\/www.arte.unicen.edu.ar\/entodas\/index.php?rest_route=\/wp\/v2\/types\/tribe_events"}],"author":[{"embeddable":true,"href":"https:\/\/www.arte.unicen.edu.ar\/entodas\/index.php?rest_route=\/wp\/v2\/users\/5"}],"replies":[{"embeddable":true,"href":"https:\/\/www.arte.unicen.edu.ar\/entodas\/index.php?rest_route=%2Fwp%2Fv2%2Fcomments&post=12432"}],"version-history":[{"count":2,"href":"https:\/\/www.arte.unicen.edu.ar\/entodas\/index.php?rest_route=\/wp\/v2\/tribe_events\/12432\/revisions"}],"predecessor-version":[{"id":12436,"href":"https:\/\/www.arte.unicen.edu.ar\/entodas\/index.php?rest_route=\/wp\/v2\/tribe_events\/12432\/revisions\/12436"}],"wp:featuredmedia":[{"embeddable":true,"href":"https:\/\/www.arte.unicen.edu.ar\/entodas\/index.php?rest_route=\/wp\/v2\/media\/12433"}],"wp:attachment":[{"href":"https:\/\/www.arte.unicen.edu.ar\/entodas\/index.php?rest_route=%2Fwp%2Fv2%2Fmedia&parent=12432"}],"wp:term":[{"taxonomy":"post_tag","embeddable":true,"href":"https:\/\/www.arte.unicen.edu.ar\/entodas\/index.php?rest_route=%2Fwp%2Fv2%2Ftags&post=12432"},{"taxonomy":"tribe_events_cat","embeddable":true,"href":"https:\/\/www.arte.unicen.edu.ar\/entodas\/index.php?rest_route=%2Fwp%2Fv2%2Ftribe_events_cat&post=12432"}],"curies":[{"name":"wp","href":"https:\/\/api.w.org\/{rel}","templated":true}]}}

PROCESO CREATIVO: PEDRO Y LOS PIBES PERDIDOS &#8211; Muestra Artística

<p><img loading="lazy" decoding="async" class="size-medium wp-image-12433 aligncenter" src="https://www.arte.unicen.edu.ar/entodas/wp-content/uploads/2025/10/561892587_1419612106835269_2361016067128344098_n-240x300.jpg" alt="" width="240" height="300" srcset="https://www.arte.unicen.edu.ar/entodas/wp-content/uploads/2025/10/561892587_1419612106835269_2361016067128344098_n-240x300.jpg 240w, https://www.arte.unicen.edu.ar/entodas/wp-content/uploads/2025/10/561892587_1419612106835269_2361016067128344098_n-640x800.jpg 640w, https://www.arte.unicen.edu.ar/entodas/wp-content/uploads/2025/10/561892587_1419612106835269_2361016067128344098_n-768x960.jpg 768w, https://www.arte.unicen.edu.ar/entodas/wp-content/uploads/2025/10/561892587_1419612106835269_2361016067128344098_n.jpg 1081w" sizes="(max-width: 240px) 100vw, 240px" /></p>
<p>📌Muestra “Proceso creativo: Pedro y los pibes perdidos”</p>
<p>La Secretaría de Extensión de la Facultad de Arte, la Jefatura Distrital de Educación y la Inspección de Educación Artística invitan a una exposición que comparte el diseño de escenografía y vestuario de la obra teatral &#8220;Pedro y los pibes perdidos&#8221; estrenada en Tandil, realizada por estudiantes de escuelas secundarias con orientación en artes visuales y la ESEA N°1.</p>
<p>📅 Inauguración: Lunes 20 de octubre, 13:30 hs<br />
📍 Facultad de Arte (9 de Julio 430)<br />
⏰ Visitas: Lun a vie, 8 a 20 hs.<br />
Entrada libre y gratuita</p>
<p><a class="x1i10hfl xjbqb8w x1ejq31n x18oe1m7 x1sy0etr xstzfhl x972fbf x10w94by x1qhh985 x14e42zd x9f619 x1ypdohk xt0psk2 x3ct3a4 xdj266r x14z9mp xat24cr x1lziwak xexx8yu xyri2b x18d9i69 x1c1uobl x16tdsg8 x1hl2dhg xggy1nq x1a2a7pz notranslate _a6hd" role="link" href="https://www.instagram.com/jefaturadistritaltandil/">@jefaturadistritaltandil</a><br />
<a class="x1i10hfl xjbqb8w x1ejq31n x18oe1m7 x1sy0etr xstzfhl x972fbf x10w94by x1qhh985 x14e42zd x9f619 x1ypdohk xt0psk2 x3ct3a4 xdj266r x14z9mp xat24cr x1lziwak xexx8yu xyri2b x18d9i69 x1c1uobl x16tdsg8 x1hl2dhg xggy1nq x1a2a7pz notranslate _a6hd" role="link" href="https://www.instagram.com/unicen_oficial/">@unicen_oficial</a></p>
<blockquote class="wp-embedded-content" data-secret="AaVgzLYgvz"><p><a href="https://www.arte.unicen.edu.ar/muestra-proceso-creativo-pedro-y-los-pibes-perdidos/">Muestra &#8220;Proceso creativo: Pedro y los pibes perdidos&#8221;</a></p></blockquote>
<p><iframe class="wp-embedded-content" sandbox="allow-scripts" security="restricted" style="position: absolute; clip: rect(1px, 1px, 1px, 1px);" title="&#8220;Muestra &#8220;Proceso creativo: Pedro y los pibes perdidos&#8221;&#8221; &#8212; Facultad de Arte" src="https://www.arte.unicen.edu.ar/muestra-proceso-creativo-pedro-y-los-pibes-perdidos/embed/#?secret=bXLMSR3moW#?secret=AaVgzLYgvz" data-secret="AaVgzLYgvz" width="600" height="338" frameborder="0" marginwidth="0" marginheight="0" scrolling="no"></iframe></p>

<p>📌Muestra “Proceso creativo: Pedro y los pibes perdidos” La Secretaría de Extensión de la Facultad de Arte, la Jefatura Distrital de Educación y la Inspección de Educación Artística invitan a una exposición que comparte el diseño de escenografía y vestuario de la obra teatral &#8220;Pedro y los pibes perdidos&#8221; estrenada en Tandil, realizada por estudiantes de escuelas secundarias con orientación en artes visuales y la ESEA N°1. 📅 Inauguración: Lunes 20 de octubre, 13:30 hs 📍 Facultad de Arte (9 de Julio 430) ⏰ Visitas: Lun a vie, 8 a 20 hs. Entrada libre y gratuita @jefaturadistritaltandil @unicen_oficial Muestra &#8220;Proceso creativo: Pedro y los pibes perdidos&#8221;</p>
