{"id":12420,"date":"2025-10-17T10:44:42","date_gmt":"2025-10-17T13:44:42","guid":{"rendered":"https:\/\/www.arte.unicen.edu.ar\/entodas\/?post_type=tribe_events&#038;p=12420"},"modified":"2025-10-17T10:44:42","modified_gmt":"2025-10-17T13:44:42","slug":"la-revancha-de-la-reina-teatro-5","status":"publish","type":"tribe_events","link":"https:\/\/www.arte.unicen.edu.ar\/entodas\/?tribe_events=la-revancha-de-la-reina-teatro-5","title":{"rendered":"LA REVANCHA DE LA REINA &#8211; Teatro"},"content":{"rendered":"<p><img loading=\"lazy\" decoding=\"async\" class=\"size-medium wp-image-12421 aligncenter\" src=\"https:\/\/www.arte.unicen.edu.ar\/entodas\/wp-content\/uploads\/2025\/10\/WhatsApp-Image-2025-10-17-at-10.40.56-AM-169x300.jpeg\" alt=\"\" width=\"169\" height=\"300\" srcset=\"https:\/\/www.arte.unicen.edu.ar\/entodas\/wp-content\/uploads\/2025\/10\/WhatsApp-Image-2025-10-17-at-10.40.56-AM-169x300.jpeg 169w, https:\/\/www.arte.unicen.edu.ar\/entodas\/wp-content\/uploads\/2025\/10\/WhatsApp-Image-2025-10-17-at-10.40.56-AM-450x800.jpeg 450w, https:\/\/www.arte.unicen.edu.ar\/entodas\/wp-content\/uploads\/2025\/10\/WhatsApp-Image-2025-10-17-at-10.40.56-AM-768x1367.jpeg 768w, https:\/\/www.arte.unicen.edu.ar\/entodas\/wp-content\/uploads\/2025\/10\/WhatsApp-Image-2025-10-17-at-10.40.56-AM-863x1536.jpeg 863w, https:\/\/www.arte.unicen.edu.ar\/entodas\/wp-content\/uploads\/2025\/10\/WhatsApp-Image-2025-10-17-at-10.40.56-AM.jpeg 899w\" sizes=\"(max-width: 169px) 100vw, 169px\" \/><\/p>\n<p>Este S\u00e1bado a las 20hs en el Teatro Bajosuelo hacemos la \u00faltima funci\u00f3n del a\u00f1o !!!<br \/>\nFelices de llegar a esta instancia queremos compartir con ustedes nuestra obra que en el 2026 va a ser parte de la cartelera teatral porte\u00f1a en El Paseo la Plaza !!<br \/>\nLos esperamos Gabriela Weber, Mariana Cherjovsky, Naza Di Biasse y Gustavo Lazarte.<\/p>\n<p>RESERVA TUS ENTRADAS AL 2494 270833<\/p>\n","protected":false},"excerpt":{"rendered":"<p>Este S\u00e1bado a las 20hs en el Teatro Bajosuelo hacemos la \u00faltima funci\u00f3n del a\u00f1o !!! Felices de llegar a esta instancia queremos compartir con ustedes nuestra obra que en el 2026 va a ser parte de la cartelera teatral porte\u00f1a en El Paseo la Plaza !! Los esperamos Gabriela Weber, Mariana Cherjovsky, Naza Di Biasse y Gustavo Lazarte. RESERVA TUS ENTRADAS AL 2494 270833<\/p>\n","protected":false},"author":5,"featured_media":12421,"comment_status":"closed","ping_status":"closed","template":"","meta":{"_tribe_events_status":"","_tribe_events_status_reason":""},"tags":[],"tribe_events_cat":[],"_links":{"self":[{"href":"https:\/\/www.arte.unicen.edu.ar\/entodas\/index.php?rest_route=\/wp\/v2\/tribe_events\/12420"}],"collection":[{"href":"https:\/\/www.arte.unicen.edu.ar\/entodas\/index.php?rest_route=\/wp\/v2\/tribe_events"}],"about":[{"href":"https:\/\/www.arte.unicen.edu.ar\/entodas\/index.php?rest_route=\/wp\/v2\/types\/tribe_events"}],"author":[{"embeddable":true,"href":"https:\/\/www.arte.unicen.edu.ar\/entodas\/index.php?rest_route=\/wp\/v2\/users\/5"}],"replies":[{"embeddable":true,"href":"https:\/\/www.arte.unicen.edu.ar\/entodas\/index.php?rest_route=%2Fwp%2Fv2%2Fcomments&post=12420"}],"version-history":[{"count":1,"href":"https:\/\/www.arte.unicen.edu.ar\/entodas\/index.php?rest_route=\/wp\/v2\/tribe_events\/12420\/revisions"}],"predecessor-version":[{"id":12422,"href":"https:\/\/www.arte.unicen.edu.ar\/entodas\/index.php?rest_route=\/wp\/v2\/tribe_events\/12420\/revisions\/12422"}],"wp:featuredmedia":[{"embeddable":true,"href":"https:\/\/www.arte.unicen.edu.ar\/entodas\/index.php?rest_route=\/wp\/v2\/media\/12421"}],"wp:attachment":[{"href":"https:\/\/www.arte.unicen.edu.ar\/entodas\/index.php?rest_route=%2Fwp%2Fv2%2Fmedia&parent=12420"}],"wp:term":[{"taxonomy":"post_tag","embeddable":true,"href":"https:\/\/www.arte.unicen.edu.ar\/entodas\/index.php?rest_route=%2Fwp%2Fv2%2Ftags&post=12420"},{"taxonomy":"tribe_events_cat","embeddable":true,"href":"https:\/\/www.arte.unicen.edu.ar\/entodas\/index.php?rest_route=%2Fwp%2Fv2%2Ftribe_events_cat&post=12420"}],"curies":[{"name":"wp","href":"https:\/\/api.w.org\/{rel}","templated":true}]}}

<p><img loading="lazy" decoding="async" class="size-medium wp-image-12421 aligncenter" src="https://www.arte.unicen.edu.ar/entodas/wp-content/uploads/2025/10/WhatsApp-Image-2025-10-17-at-10.40.56-AM-169x300.jpeg" alt="" width="169" height="300" srcset="https://www.arte.unicen.edu.ar/entodas/wp-content/uploads/2025/10/WhatsApp-Image-2025-10-17-at-10.40.56-AM-169x300.jpeg 169w, https://www.arte.unicen.edu.ar/entodas/wp-content/uploads/2025/10/WhatsApp-Image-2025-10-17-at-10.40.56-AM-450x800.jpeg 450w, https://www.arte.unicen.edu.ar/entodas/wp-content/uploads/2025/10/WhatsApp-Image-2025-10-17-at-10.40.56-AM-768x1367.jpeg 768w, https://www.arte.unicen.edu.ar/entodas/wp-content/uploads/2025/10/WhatsApp-Image-2025-10-17-at-10.40.56-AM-863x1536.jpeg 863w, https://www.arte.unicen.edu.ar/entodas/wp-content/uploads/2025/10/WhatsApp-Image-2025-10-17-at-10.40.56-AM.jpeg 899w" sizes="(max-width: 169px) 100vw, 169px" /></p>
<p>Este Sábado a las 20hs en el Teatro Bajosuelo hacemos la última función del año !!!<br />
Felices de llegar a esta instancia queremos compartir con ustedes nuestra obra que en el 2026 va a ser parte de la cartelera teatral porteña en El Paseo la Plaza !!<br />
Los esperamos Gabriela Weber, Mariana Cherjovsky, Naza Di Biasse y Gustavo Lazarte.</p>
<p>RESERVA TUS ENTRADAS AL 2494 270833</p>

<p>Este Sábado a las 20hs en el Teatro Bajosuelo hacemos la última función del año !!! Felices de llegar a esta instancia queremos compartir con ustedes nuestra obra que en el 2026 va a ser parte de la cartelera teatral porteña en El Paseo la Plaza !! Los esperamos Gabriela Weber, Mariana Cherjovsky, Naza Di Biasse y Gustavo Lazarte. RESERVA TUS ENTRADAS AL 2494 270833</p>
