{"id":12351,"date":"2025-10-03T12:21:29","date_gmt":"2025-10-03T15:21:29","guid":{"rendered":"https:\/\/www.arte.unicen.edu.ar\/entodas\/?post_type=tribe_events&#038;p=12351"},"modified":"2025-10-03T12:21:29","modified_gmt":"2025-10-03T15:21:29","slug":"rafagas-de-aire-muestra-artistica-3","status":"publish","type":"tribe_events","link":"https:\/\/www.arte.unicen.edu.ar\/entodas\/?tribe_events=rafagas-de-aire-muestra-artistica-3","title":{"rendered":"R\u00c1FAGAS DE AIRE &#8211; Muestra art\u00edstica"},"content":{"rendered":"<p><img loading=\"lazy\" decoding=\"async\" class=\"size-medium wp-image-12287 aligncenter\" src=\"https:\/\/www.arte.unicen.edu.ar\/entodas\/wp-content\/uploads\/2025\/09\/WhatsApp-Image-2025-09-26-at-10.26.59-240x300.jpeg\" alt=\"\" width=\"240\" height=\"300\" srcset=\"https:\/\/www.arte.unicen.edu.ar\/entodas\/wp-content\/uploads\/2025\/09\/WhatsApp-Image-2025-09-26-at-10.26.59-240x300.jpeg 240w, https:\/\/www.arte.unicen.edu.ar\/entodas\/wp-content\/uploads\/2025\/09\/WhatsApp-Image-2025-09-26-at-10.26.59-640x800.jpeg 640w, https:\/\/www.arte.unicen.edu.ar\/entodas\/wp-content\/uploads\/2025\/09\/WhatsApp-Image-2025-09-26-at-10.26.59-768x960.jpeg 768w, https:\/\/www.arte.unicen.edu.ar\/entodas\/wp-content\/uploads\/2025\/09\/WhatsApp-Image-2025-09-26-at-10.26.59.jpeg 1080w\" sizes=\"(max-width: 240px) 100vw, 240px\" \/><\/p>\n<div class=\"xdj266r x14z9mp xat24cr x1lziwak x1vvkbs x126k92a\">\n<div dir=\"auto\">Del 4 de septiembre al 13 de octubre: muestra fotogr\u00e1fica &#8220;R\u00e1fagas de aire. Formas de habitar los sitios de memoria&#8221; en el hall de la Facultad de Arte.<\/div>\n<div dir=\"auto\"><span class=\"html-span xexx8yu xyri2b x18d9i69 x1c1uobl x1hl2dhg x16tdsg8 x1vvkbs x3nfvp2 x1j61x8r x1fcty0u xdj266r xat24cr xm2jcoa x1mpyi22 xxymvpz xlup9mm x1kky2od\"><img loading=\"lazy\" decoding=\"async\" class=\"xz74otr x15mokao x1ga7v0g x16uus16 xbiv7yw\" src=\"https:\/\/static.xx.fbcdn.net\/images\/emoji.php\/v9\/t34\/1\/16\/23f0.png\" alt=\"\u23f0\" width=\"16\" height=\"16\" \/><\/span> De lunes a viernes, de 8 a 20 hs.<\/div>\n<div dir=\"auto\"><span class=\"html-span xexx8yu xyri2b x18d9i69 x1c1uobl x1hl2dhg x16tdsg8 x1vvkbs x3nfvp2 x1j61x8r x1fcty0u xdj266r xat24cr xm2jcoa x1mpyi22 xxymvpz xlup9mm x1kky2od\"><img loading=\"lazy\" decoding=\"async\" class=\"xz74otr x15mokao x1ga7v0g x16uus16 xbiv7yw\" src=\"https:\/\/static.xx.fbcdn.net\/images\/emoji.php\/v9\/td8\/1\/16\/1f39f.png\" alt=\"\ud83c\udf9f\ufe0f\" width=\"16\" height=\"16\" \/><\/span> Entrada libre y gratuita.<\/div>\n<\/div>\n<div class=\"x14z9mp xat24cr x1lziwak x1vvkbs xtlvy1s x126k92a\">\n<div dir=\"auto\">Esta exhibici\u00f3n forma parte del proyecto de extensi\u00f3n Hall Abierto, realizada en articulaci\u00f3n con la Comisi\u00f3n Provincial por la Memoria, el Museo de Arte y Memoria, y la Federaci\u00f3n de Centros de Estudiantes de Tandil.<\/div>\n<\/div>\n","protected":false},"excerpt":{"rendered":"<p>Del 4 de septiembre al 13 de octubre: muestra fotogr\u00e1fica &#8220;R\u00e1fagas de aire. Formas de habitar los sitios de memoria&#8221; en el hall de la Facultad de Arte. De lunes a viernes, de 8 a 20 hs. Entrada libre y gratuita. Esta exhibici\u00f3n forma parte del proyecto de extensi\u00f3n Hall Abierto, realizada en articulaci\u00f3n con la Comisi\u00f3n Provincial por la Memoria, el Museo de Arte y Memoria, y la Federaci\u00f3n de Centros de Estudiantes de Tandil.<\/p>\n","protected":false},"author":5,"featured_media":12287,"comment_status":"closed","ping_status":"closed","template":"","meta":{"_tribe_events_status":"","_tribe_events_status_reason":""},"tags":[],"tribe_events_cat":[],"_links":{"self":[{"href":"https:\/\/www.arte.unicen.edu.ar\/entodas\/index.php?rest_route=\/wp\/v2\/tribe_events\/12351"}],"collection":[{"href":"https:\/\/www.arte.unicen.edu.ar\/entodas\/index.php?rest_route=\/wp\/v2\/tribe_events"}],"about":[{"href":"https:\/\/www.arte.unicen.edu.ar\/entodas\/index.php?rest_route=\/wp\/v2\/types\/tribe_events"}],"author":[{"embeddable":true,"href":"https:\/\/www.arte.unicen.edu.ar\/entodas\/index.php?rest_route=\/wp\/v2\/users\/5"}],"replies":[{"embeddable":true,"href":"https:\/\/www.arte.unicen.edu.ar\/entodas\/index.php?rest_route=%2Fwp%2Fv2%2Fcomments&post=12351"}],"version-history":[{"count":1,"href":"https:\/\/www.arte.unicen.edu.ar\/entodas\/index.php?rest_route=\/wp\/v2\/tribe_events\/12351\/revisions"}],"predecessor-version":[{"id":12352,"href":"https:\/\/www.arte.unicen.edu.ar\/entodas\/index.php?rest_route=\/wp\/v2\/tribe_events\/12351\/revisions\/12352"}],"wp:featuredmedia":[{"embeddable":true,"href":"https:\/\/www.arte.unicen.edu.ar\/entodas\/index.php?rest_route=\/wp\/v2\/media\/12287"}],"wp:attachment":[{"href":"https:\/\/www.arte.unicen.edu.ar\/entodas\/index.php?rest_route=%2Fwp%2Fv2%2Fmedia&parent=12351"}],"wp:term":[{"taxonomy":"post_tag","embeddable":true,"href":"https:\/\/www.arte.unicen.edu.ar\/entodas\/index.php?rest_route=%2Fwp%2Fv2%2Ftags&post=12351"},{"taxonomy":"tribe_events_cat","embeddable":true,"href":"https:\/\/www.arte.unicen.edu.ar\/entodas\/index.php?rest_route=%2Fwp%2Fv2%2Ftribe_events_cat&post=12351"}],"curies":[{"name":"wp","href":"https:\/\/api.w.org\/{rel}","templated":true}]}}

RÁFAGAS DE AIRE &#8211; Muestra artística

<p><img loading="lazy" decoding="async" class="size-medium wp-image-12287 aligncenter" src="https://www.arte.unicen.edu.ar/entodas/wp-content/uploads/2025/09/WhatsApp-Image-2025-09-26-at-10.26.59-240x300.jpeg" alt="" width="240" height="300" srcset="https://www.arte.unicen.edu.ar/entodas/wp-content/uploads/2025/09/WhatsApp-Image-2025-09-26-at-10.26.59-240x300.jpeg 240w, https://www.arte.unicen.edu.ar/entodas/wp-content/uploads/2025/09/WhatsApp-Image-2025-09-26-at-10.26.59-640x800.jpeg 640w, https://www.arte.unicen.edu.ar/entodas/wp-content/uploads/2025/09/WhatsApp-Image-2025-09-26-at-10.26.59-768x960.jpeg 768w, https://www.arte.unicen.edu.ar/entodas/wp-content/uploads/2025/09/WhatsApp-Image-2025-09-26-at-10.26.59.jpeg 1080w" sizes="(max-width: 240px) 100vw, 240px" /></p>
<div class="xdj266r x14z9mp xat24cr x1lziwak x1vvkbs x126k92a">
<div dir="auto">Del 4 de septiembre al 13 de octubre: muestra fotográfica &#8220;Ráfagas de aire. Formas de habitar los sitios de memoria&#8221; en el hall de la Facultad de Arte.</div>
<div dir="auto"><span class="html-span xexx8yu xyri2b x18d9i69 x1c1uobl x1hl2dhg x16tdsg8 x1vvkbs x3nfvp2 x1j61x8r x1fcty0u xdj266r xat24cr xm2jcoa x1mpyi22 xxymvpz xlup9mm x1kky2od"><img loading="lazy" decoding="async" class="xz74otr x15mokao x1ga7v0g x16uus16 xbiv7yw" src="https://static.xx.fbcdn.net/images/emoji.php/v9/t34/1/16/23f0.png" alt="⏰" width="16" height="16" /></span> De lunes a viernes, de 8 a 20 hs.</div>
<div dir="auto"><span class="html-span xexx8yu xyri2b x18d9i69 x1c1uobl x1hl2dhg x16tdsg8 x1vvkbs x3nfvp2 x1j61x8r x1fcty0u xdj266r xat24cr xm2jcoa x1mpyi22 xxymvpz xlup9mm x1kky2od"><img loading="lazy" decoding="async" class="xz74otr x15mokao x1ga7v0g x16uus16 xbiv7yw" src="https://static.xx.fbcdn.net/images/emoji.php/v9/td8/1/16/1f39f.png" alt="🎟️" width="16" height="16" /></span> Entrada libre y gratuita.</div>
</div>
<div class="x14z9mp xat24cr x1lziwak x1vvkbs xtlvy1s x126k92a">
<div dir="auto">Esta exhibición forma parte del proyecto de extensión Hall Abierto, realizada en articulación con la Comisión Provincial por la Memoria, el Museo de Arte y Memoria, y la Federación de Centros de Estudiantes de Tandil.</div>
</div>

<p>Del 4 de septiembre al 13 de octubre: muestra fotográfica &#8220;Ráfagas de aire. Formas de habitar los sitios de memoria&#8221; en el hall de la Facultad de Arte. De lunes a viernes, de 8 a 20 hs. Entrada libre y gratuita. Esta exhibición forma parte del proyecto de extensión Hall Abierto, realizada en articulación con la Comisión Provincial por la Memoria, el Museo de Arte y Memoria, y la Federación de Centros de Estudiantes de Tandil.</p>
