{"id":12337,"date":"2025-10-03T11:42:26","date_gmt":"2025-10-03T14:42:26","guid":{"rendered":"https:\/\/www.arte.unicen.edu.ar\/entodas\/?post_type=tribe_events&#038;p=12337"},"modified":"2025-10-03T11:42:26","modified_gmt":"2025-10-03T14:42:26","slug":"la-mujer-de-la-fila-cine-2","status":"publish","type":"tribe_events","link":"https:\/\/www.arte.unicen.edu.ar\/entodas\/?tribe_events=la-mujer-de-la-fila-cine-2","title":{"rendered":"LA MUJER DE LA FILA &#8211; Cine"},"content":{"rendered":"<p><img loading=\"lazy\" decoding=\"async\" class=\"size-medium wp-image-12333 aligncenter\" src=\"https:\/\/www.arte.unicen.edu.ar\/entodas\/wp-content\/uploads\/2025\/10\/WhatsApp-Image-2025-10-03-at-11.35.17-AM-224x300.jpeg\" alt=\"\" width=\"224\" height=\"300\" srcset=\"https:\/\/www.arte.unicen.edu.ar\/entodas\/wp-content\/uploads\/2025\/10\/WhatsApp-Image-2025-10-03-at-11.35.17-AM-224x300.jpeg 224w, https:\/\/www.arte.unicen.edu.ar\/entodas\/wp-content\/uploads\/2025\/10\/WhatsApp-Image-2025-10-03-at-11.35.17-AM-596x800.jpeg 596w, https:\/\/www.arte.unicen.edu.ar\/entodas\/wp-content\/uploads\/2025\/10\/WhatsApp-Image-2025-10-03-at-11.35.17-AM-768x1030.jpeg 768w, https:\/\/www.arte.unicen.edu.ar\/entodas\/wp-content\/uploads\/2025\/10\/WhatsApp-Image-2025-10-03-at-11.35.17-AM.jpeg 805w\" sizes=\"(max-width: 224px) 100vw, 224px\" \/><\/p>\n<div dir=\"auto\">La mujer de la fila<\/div>\n<div dir=\"auto\">Dir: Benjam\u00edn \u00c1vila<\/div>\n<div dir=\"auto\">Drama &#8211; SAM13 &#8211; 105min<\/div>\n<div dir=\"auto\">Con: Natalia Oreiro, Amparo Noguera, Alberto Ammann, Federico Heinrich, Natalia Santiago<\/div>\n<div dir=\"auto\">S\u00e1bado 4 octubre 20:30h<\/div>\n<div dir=\"auto\">Domingo 5 octubre 20h<\/div>\n<div dir=\"auto\">Lunes 6 octubre 20h<\/div>\n<div dir=\"auto\">Martes 7 octubre 20h<\/div>\n<div dir=\"auto\">Entrada Gral: $3000 &#8211; Est., jub: $1500<\/div>\n<div dir=\"auto\"><\/div>\n<div dir=\"auto\">El amor de una madre no conoce l\u00edmites\u2026 El hijo de Andrea (Natalia Oreiro) es encarcelado sin muchas explicaciones. Decidida a verlo, enfrenta por primera vez la experiencia de visitar una prisi\u00f3n. All\u00ed conoce a otras \u201cmujeres de la fila\u201d, que al principio se muestran hostiles y distantes, pero con el tiempo ser\u00e1n quienes le brindan la fuerza necesaria para enfrentar su batalla y buscar la verdad. Basada en hechos reales, LA MUJER DE LA FILA cuenta la historia de Andrea Casamento, quien fund\u00f3 una red latinoamericana de familiares de personas detenidas y se transform\u00f3 en una de las diez representantes, a nivel internacional, ante el Comit\u00e9 de Prevenci\u00f3n de la Tortura de la ONU.<\/div>\n<div dir=\"auto\"><\/div>\n<div dir=\"auto\">\n<div class=\"x14z9mp xat24cr x1lziwak x1vvkbs xtlvy1s x126k92a\">\n<div dir=\"auto\">Las entradas para las funciones Espacios INCAA pueden adquirirse en la boleter\u00eda de la sala el pr\u00f3ximo s\u00e1bado 4 y domingo 5 de octubre de 19 a 20h, tambi\u00e9n pueden ser adquiridas el lunes 6 y martes 7 de octubre de 17 a 20h.<\/div>\n<\/div>\n<div class=\"x14z9mp xat24cr x1lziwak x1vvkbs xtlvy1s x126k92a\">\n<div dir=\"auto\">Se acepta pago con d\u00e9bito o Qr.<\/div>\n<div dir=\"auto\"><\/div>\n<\/div>\n<div class=\"x14z9mp xat24cr x1lziwak x1vvkbs xtlvy1s x126k92a\">\n<div dir=\"auto\">El Espacio INCAA UNICEN depende del \u00c1rea de Cultura de la UNCPBA y funciona en el Auditorium del Centro Cultural Universitario (Yrigoyen 662\/Tandil).<\/div>\n<\/div>\n<\/div>\n","protected":false},"excerpt":{"rendered":"<p>La mujer de la fila Dir: Benjam\u00edn \u00c1vila Drama &#8211; SAM13 &#8211; 105min Con: Natalia Oreiro, Amparo Noguera, Alberto Ammann, Federico Heinrich, Natalia Santiago S\u00e1bado 4 octubre 20:30h Domingo 5 octubre 20h Lunes 6 octubre 20h Martes 7 octubre 20h Entrada Gral: $3000 &#8211; Est., jub: $1500 El amor de una madre no conoce l\u00edmites\u2026 El hijo de Andrea (Natalia Oreiro) es encarcelado sin muchas explicaciones. Decidida a verlo, enfrenta por primera vez la experiencia de visitar una prisi\u00f3n. All\u00ed conoce a otras \u201cmujeres de la fila\u201d, que al principio se muestran hostiles y distantes, pero con el tiempo ser\u00e1n quienes le brindan la fuerza necesaria para enfrentar su batalla y buscar la verdad. Basada en hechos reales, LA MUJER DE LA FILA cuenta la historia de Andrea Casamento, quien fund\u00f3 una red latinoamericana de familiares de personas detenidas y se transform\u00f3 en una de las diez representantes, a nivel&hellip;<\/p>\n<p> <a class=\"more-link\" href=\"https:\/\/www.arte.unicen.edu.ar\/entodas\/?tribe_events=la-mujer-de-la-fila-cine-2\">Read more<\/a><\/p>\n","protected":false},"author":5,"featured_media":12333,"comment_status":"closed","ping_status":"closed","template":"","meta":{"_tribe_events_status":"","_tribe_events_status_reason":""},"tags":[],"tribe_events_cat":[],"_links":{"self":[{"href":"https:\/\/www.arte.unicen.edu.ar\/entodas\/index.php?rest_route=\/wp\/v2\/tribe_events\/12337"}],"collection":[{"href":"https:\/\/www.arte.unicen.edu.ar\/entodas\/index.php?rest_route=\/wp\/v2\/tribe_events"}],"about":[{"href":"https:\/\/www.arte.unicen.edu.ar\/entodas\/index.php?rest_route=\/wp\/v2\/types\/tribe_events"}],"author":[{"embeddable":true,"href":"https:\/\/www.arte.unicen.edu.ar\/entodas\/index.php?rest_route=\/wp\/v2\/users\/5"}],"replies":[{"embeddable":true,"href":"https:\/\/www.arte.unicen.edu.ar\/entodas\/index.php?rest_route=%2Fwp%2Fv2%2Fcomments&post=12337"}],"version-history":[{"count":1,"href":"https:\/\/www.arte.unicen.edu.ar\/entodas\/index.php?rest_route=\/wp\/v2\/tribe_events\/12337\/revisions"}],"predecessor-version":[{"id":12338,"href":"https:\/\/www.arte.unicen.edu.ar\/entodas\/index.php?rest_route=\/wp\/v2\/tribe_events\/12337\/revisions\/12338"}],"wp:featuredmedia":[{"embeddable":true,"href":"https:\/\/www.arte.unicen.edu.ar\/entodas\/index.php?rest_route=\/wp\/v2\/media\/12333"}],"wp:attachment":[{"href":"https:\/\/www.arte.unicen.edu.ar\/entodas\/index.php?rest_route=%2Fwp%2Fv2%2Fmedia&parent=12337"}],"wp:term":[{"taxonomy":"post_tag","embeddable":true,"href":"https:\/\/www.arte.unicen.edu.ar\/entodas\/index.php?rest_route=%2Fwp%2Fv2%2Ftags&post=12337"},{"taxonomy":"tribe_events_cat","embeddable":true,"href":"https:\/\/www.arte.unicen.edu.ar\/entodas\/index.php?rest_route=%2Fwp%2Fv2%2Ftribe_events_cat&post=12337"}],"curies":[{"name":"wp","href":"https:\/\/api.w.org\/{rel}","templated":true}]}}

<p><img loading="lazy" decoding="async" class="size-medium wp-image-12333 aligncenter" src="https://www.arte.unicen.edu.ar/entodas/wp-content/uploads/2025/10/WhatsApp-Image-2025-10-03-at-11.35.17-AM-224x300.jpeg" alt="" width="224" height="300" srcset="https://www.arte.unicen.edu.ar/entodas/wp-content/uploads/2025/10/WhatsApp-Image-2025-10-03-at-11.35.17-AM-224x300.jpeg 224w, https://www.arte.unicen.edu.ar/entodas/wp-content/uploads/2025/10/WhatsApp-Image-2025-10-03-at-11.35.17-AM-596x800.jpeg 596w, https://www.arte.unicen.edu.ar/entodas/wp-content/uploads/2025/10/WhatsApp-Image-2025-10-03-at-11.35.17-AM-768x1030.jpeg 768w, https://www.arte.unicen.edu.ar/entodas/wp-content/uploads/2025/10/WhatsApp-Image-2025-10-03-at-11.35.17-AM.jpeg 805w" sizes="(max-width: 224px) 100vw, 224px" /></p>
<div dir="auto">La mujer de la fila</div>
<div dir="auto">Dir: Benjamín Ávila</div>
<div dir="auto">Drama &#8211; SAM13 &#8211; 105min</div>
<div dir="auto">Con: Natalia Oreiro, Amparo Noguera, Alberto Ammann, Federico Heinrich, Natalia Santiago</div>
<div dir="auto">Sábado 4 octubre 20:30h</div>
<div dir="auto">Domingo 5 octubre 20h</div>
<div dir="auto">Lunes 6 octubre 20h</div>
<div dir="auto">Martes 7 octubre 20h</div>
<div dir="auto">Entrada Gral: $3000 &#8211; Est., jub: $1500</div>
<div dir="auto"></div>
<div dir="auto">El amor de una madre no conoce límites… El hijo de Andrea (Natalia Oreiro) es encarcelado sin muchas explicaciones. Decidida a verlo, enfrenta por primera vez la experiencia de visitar una prisión. Allí conoce a otras “mujeres de la fila”, que al principio se muestran hostiles y distantes, pero con el tiempo serán quienes le brindan la fuerza necesaria para enfrentar su batalla y buscar la verdad. Basada en hechos reales, LA MUJER DE LA FILA cuenta la historia de Andrea Casamento, quien fundó una red latinoamericana de familiares de personas detenidas y se transformó en una de las diez representantes, a nivel internacional, ante el Comité de Prevención de la Tortura de la ONU.</div>
<div dir="auto"></div>
<div dir="auto">
<div class="x14z9mp xat24cr x1lziwak x1vvkbs xtlvy1s x126k92a">
<div dir="auto">Las entradas para las funciones Espacios INCAA pueden adquirirse en la boletería de la sala el próximo sábado 4 y domingo 5 de octubre de 19 a 20h, también pueden ser adquiridas el lunes 6 y martes 7 de octubre de 17 a 20h.</div>
</div>
<div class="x14z9mp xat24cr x1lziwak x1vvkbs xtlvy1s x126k92a">
<div dir="auto">Se acepta pago con débito o Qr.</div>
<div dir="auto"></div>
</div>
<div class="x14z9mp xat24cr x1lziwak x1vvkbs xtlvy1s x126k92a">
<div dir="auto">El Espacio INCAA UNICEN depende del Área de Cultura de la UNCPBA y funciona en el Auditorium del Centro Cultural Universitario (Yrigoyen 662/Tandil).</div>
</div>
</div>

<p>La mujer de la fila Dir: Benjamín Ávila Drama &#8211; SAM13 &#8211; 105min Con: Natalia Oreiro, Amparo Noguera, Alberto Ammann, Federico Heinrich, Natalia Santiago Sábado 4 octubre 20:30h Domingo 5 octubre 20h Lunes 6 octubre 20h Martes 7 octubre 20h Entrada Gral: $3000 &#8211; Est., jub: $1500 El amor de una madre no conoce límites… El hijo de Andrea (Natalia Oreiro) es encarcelado sin muchas explicaciones. Decidida a verlo, enfrenta por primera vez la experiencia de visitar una prisión. Allí conoce a otras “mujeres de la fila”, que al principio se muestran hostiles y distantes, pero con el tiempo serán quienes le brindan la fuerza necesaria para enfrentar su batalla y buscar la verdad. Basada en hechos reales, LA MUJER DE LA FILA cuenta la historia de Andrea Casamento, quien fundó una red latinoamericana de familiares de personas detenidas y se transformó en una de las diez representantes, a nivel&hellip;</p>
<p> <a class="more-link" href="https://www.arte.unicen.edu.ar/entodas/?tribe_events=la-mujer-de-la-fila-cine-2">Read more</a></p>
