{"id":12312,"date":"2025-10-03T10:40:47","date_gmt":"2025-10-03T13:40:47","guid":{"rendered":"https:\/\/www.arte.unicen.edu.ar\/entodas\/?post_type=tribe_events&#038;p=12312"},"modified":"2025-10-03T10:40:47","modified_gmt":"2025-10-03T13:40:47","slug":"angelica-comedia-teatral","status":"publish","type":"tribe_events","link":"https:\/\/www.arte.unicen.edu.ar\/entodas\/?tribe_events=angelica-comedia-teatral","title":{"rendered":"ANG\u00c9LICA &#8211; Comedia Teatral"},"content":{"rendered":"<p><img loading=\"lazy\" decoding=\"async\" class=\"size-medium wp-image-12313 aligncenter\" src=\"https:\/\/www.arte.unicen.edu.ar\/entodas\/wp-content\/uploads\/2025\/10\/558358041_18054175088561810_5413679597704805731_n-240x300.webp\" alt=\"\" width=\"240\" height=\"300\" srcset=\"https:\/\/www.arte.unicen.edu.ar\/entodas\/wp-content\/uploads\/2025\/10\/558358041_18054175088561810_5413679597704805731_n-240x300.webp 240w, https:\/\/www.arte.unicen.edu.ar\/entodas\/wp-content\/uploads\/2025\/10\/558358041_18054175088561810_5413679597704805731_n-640x800.webp 640w, https:\/\/www.arte.unicen.edu.ar\/entodas\/wp-content\/uploads\/2025\/10\/558358041_18054175088561810_5413679597704805731_n-768x960.webp 768w, https:\/\/www.arte.unicen.edu.ar\/entodas\/wp-content\/uploads\/2025\/10\/558358041_18054175088561810_5413679597704805731_n-1229x1536.webp 1229w, https:\/\/www.arte.unicen.edu.ar\/entodas\/wp-content\/uploads\/2025\/10\/558358041_18054175088561810_5413679597704805731_n.webp 1440w\" sizes=\"(max-width: 240px) 100vw, 240px\" \/><\/p>\n<p>\ud83d\udc7d\ud83d\udc98 Ang\u00e9lica<br \/>\nZamba rom\u00e1ntica con alien\u00edgena<br \/>\nAreco y Merino habitantes del campo argentino reciben una visita inesperada en el medio de una sequ\u00eda interminable qu\u00e9 pondr\u00e1 en juego su existencia y su identidad !!!<br \/>\nUna comedia con todas las letra A N G \u00c9 L I C A .<br \/>\n\ud83d\udcc5 S\u00e1bado 04 \u2013 20:00 hs<br \/>\n\ud83d\udccd Teatro Bajosuelo<br \/>\n\ud83c\udfad De Pablo Albarello \u2013 Compa\u00f1\u00eda Murall\u00f3n Teatro<br \/>\n\ud83c\udfad Con Pepo Sanzano y Gustavo Lazarte<br \/>\n\ud83c\udfad Direcci\u00f3n: Nazareno Di Biasse<\/p>\n<p>\ud83d\udca1 Obra destacada de la programaci\u00f3n de verano en el Complejo Paseo La Plaza (Calle Corrientes).<\/p>\n","protected":false},"excerpt":{"rendered":"<p>\ud83d\udc7d\ud83d\udc98 Ang\u00e9lica Zamba rom\u00e1ntica con alien\u00edgena Areco y Merino habitantes del campo argentino reciben una visita inesperada en el medio de una sequ\u00eda interminable qu\u00e9 pondr\u00e1 en juego su existencia y su identidad !!! Una comedia con todas las letra A N G \u00c9 L I C A . \ud83d\udcc5 S\u00e1bado 04 \u2013 20:00 hs \ud83d\udccd Teatro Bajosuelo \ud83c\udfad De Pablo Albarello \u2013 Compa\u00f1\u00eda Murall\u00f3n Teatro \ud83c\udfad Con Pepo Sanzano y Gustavo Lazarte \ud83c\udfad Direcci\u00f3n: Nazareno Di Biasse \ud83d\udca1 Obra destacada de la programaci\u00f3n de verano en el Complejo Paseo La Plaza (Calle Corrientes).<\/p>\n","protected":false},"author":5,"featured_media":12313,"comment_status":"closed","ping_status":"closed","template":"","meta":{"_tribe_events_status":"","_tribe_events_status_reason":""},"tags":[],"tribe_events_cat":[],"_links":{"self":[{"href":"https:\/\/www.arte.unicen.edu.ar\/entodas\/index.php?rest_route=\/wp\/v2\/tribe_events\/12312"}],"collection":[{"href":"https:\/\/www.arte.unicen.edu.ar\/entodas\/index.php?rest_route=\/wp\/v2\/tribe_events"}],"about":[{"href":"https:\/\/www.arte.unicen.edu.ar\/entodas\/index.php?rest_route=\/wp\/v2\/types\/tribe_events"}],"author":[{"embeddable":true,"href":"https:\/\/www.arte.unicen.edu.ar\/entodas\/index.php?rest_route=\/wp\/v2\/users\/5"}],"replies":[{"embeddable":true,"href":"https:\/\/www.arte.unicen.edu.ar\/entodas\/index.php?rest_route=%2Fwp%2Fv2%2Fcomments&post=12312"}],"version-history":[{"count":1,"href":"https:\/\/www.arte.unicen.edu.ar\/entodas\/index.php?rest_route=\/wp\/v2\/tribe_events\/12312\/revisions"}],"predecessor-version":[{"id":12314,"href":"https:\/\/www.arte.unicen.edu.ar\/entodas\/index.php?rest_route=\/wp\/v2\/tribe_events\/12312\/revisions\/12314"}],"wp:featuredmedia":[{"embeddable":true,"href":"https:\/\/www.arte.unicen.edu.ar\/entodas\/index.php?rest_route=\/wp\/v2\/media\/12313"}],"wp:attachment":[{"href":"https:\/\/www.arte.unicen.edu.ar\/entodas\/index.php?rest_route=%2Fwp%2Fv2%2Fmedia&parent=12312"}],"wp:term":[{"taxonomy":"post_tag","embeddable":true,"href":"https:\/\/www.arte.unicen.edu.ar\/entodas\/index.php?rest_route=%2Fwp%2Fv2%2Ftags&post=12312"},{"taxonomy":"tribe_events_cat","embeddable":true,"href":"https:\/\/www.arte.unicen.edu.ar\/entodas\/index.php?rest_route=%2Fwp%2Fv2%2Ftribe_events_cat&post=12312"}],"curies":[{"name":"wp","href":"https:\/\/api.w.org\/{rel}","templated":true}]}}

ANGÉLICA &#8211; Comedia Teatral

<p><img loading="lazy" decoding="async" class="size-medium wp-image-12313 aligncenter" src="https://www.arte.unicen.edu.ar/entodas/wp-content/uploads/2025/10/558358041_18054175088561810_5413679597704805731_n-240x300.webp" alt="" width="240" height="300" srcset="https://www.arte.unicen.edu.ar/entodas/wp-content/uploads/2025/10/558358041_18054175088561810_5413679597704805731_n-240x300.webp 240w, https://www.arte.unicen.edu.ar/entodas/wp-content/uploads/2025/10/558358041_18054175088561810_5413679597704805731_n-640x800.webp 640w, https://www.arte.unicen.edu.ar/entodas/wp-content/uploads/2025/10/558358041_18054175088561810_5413679597704805731_n-768x960.webp 768w, https://www.arte.unicen.edu.ar/entodas/wp-content/uploads/2025/10/558358041_18054175088561810_5413679597704805731_n-1229x1536.webp 1229w, https://www.arte.unicen.edu.ar/entodas/wp-content/uploads/2025/10/558358041_18054175088561810_5413679597704805731_n.webp 1440w" sizes="(max-width: 240px) 100vw, 240px" /></p>
<p>👽💘 Angélica<br />
Zamba romántica con alienígena<br />
Areco y Merino habitantes del campo argentino reciben una visita inesperada en el medio de una sequía interminable qué pondrá en juego su existencia y su identidad !!!<br />
Una comedia con todas las letra A N G É L I C A .<br />
📅 Sábado 04 – 20:00 hs<br />
📍 Teatro Bajosuelo<br />
🎭 De Pablo Albarello – Compañía Murallón Teatro<br />
🎭 Con Pepo Sanzano y Gustavo Lazarte<br />
🎭 Dirección: Nazareno Di Biasse</p>
<p>💡 Obra destacada de la programación de verano en el Complejo Paseo La Plaza (Calle Corrientes).</p>

<p>👽💘 Angélica Zamba romántica con alienígena Areco y Merino habitantes del campo argentino reciben una visita inesperada en el medio de una sequía interminable qué pondrá en juego su existencia y su identidad !!! Una comedia con todas las letra A N G É L I C A . 📅 Sábado 04 – 20:00 hs 📍 Teatro Bajosuelo 🎭 De Pablo Albarello – Compañía Murallón Teatro 🎭 Con Pepo Sanzano y Gustavo Lazarte 🎭 Dirección: Nazareno Di Biasse 💡 Obra destacada de la programación de verano en el Complejo Paseo La Plaza (Calle Corrientes).</p>
