{"id":12309,"date":"2025-10-03T10:32:24","date_gmt":"2025-10-03T13:32:24","guid":{"rendered":"https:\/\/www.arte.unicen.edu.ar\/entodas\/?post_type=tribe_events&#038;p=12309"},"modified":"2025-10-03T10:32:24","modified_gmt":"2025-10-03T13:32:24","slug":"los-viajeros-del-tiempo-y-la-historia-elemental-teatro","status":"publish","type":"tribe_events","link":"https:\/\/www.arte.unicen.edu.ar\/entodas\/?tribe_events=los-viajeros-del-tiempo-y-la-historia-elemental-teatro","title":{"rendered":"LOS VIAJEROS DEL TIEMPO Y LA HISTORIA ELEMENTAL &#8211; Teatro"},"content":{"rendered":"<p><img loading=\"lazy\" decoding=\"async\" class=\"size-medium wp-image-12310 aligncenter\" src=\"https:\/\/www.arte.unicen.edu.ar\/entodas\/wp-content\/uploads\/2025\/10\/f26f71a6-b67e-4fbf-918d-5c434083440b-240x300.jpg\" alt=\"\" width=\"240\" height=\"300\" srcset=\"https:\/\/www.arte.unicen.edu.ar\/entodas\/wp-content\/uploads\/2025\/10\/f26f71a6-b67e-4fbf-918d-5c434083440b-240x300.jpg 240w, https:\/\/www.arte.unicen.edu.ar\/entodas\/wp-content\/uploads\/2025\/10\/f26f71a6-b67e-4fbf-918d-5c434083440b-640x800.jpg 640w, https:\/\/www.arte.unicen.edu.ar\/entodas\/wp-content\/uploads\/2025\/10\/f26f71a6-b67e-4fbf-918d-5c434083440b-768x960.jpg 768w, https:\/\/www.arte.unicen.edu.ar\/entodas\/wp-content\/uploads\/2025\/10\/f26f71a6-b67e-4fbf-918d-5c434083440b.jpg 1024w\" sizes=\"(max-width: 240px) 100vw, 240px\" \/><\/p>\n<p>\ud83d\udca5\ud83d\udca5\ud83d\udca5Llega una nueva producci\u00f3n de Compa\u00f1\u00eda Trif\u00e1sica para toda la familia!<\/p>\n<p>Reservas y anticipadas al 2494027194<br \/>\nCupos limitados.<\/p>\n<p>\ud83d\udca1 Los viajeros del tiempo llegan a nuestro plano con urgencia!<br \/>\nLas bestias de la oscuridad se han instalado entre nosotros generando caos y divisi\u00f3n.<br \/>\nLa misi\u00f3n: restaurar las emociones y la uni\u00f3n<br \/>\nLas herramientas: la palabra y la escucha.<br \/>\nTe necesitamos! \ud83d\udca5\ud83d\ude80\u2665\ufe0f<\/p>\n<p>Act\u00faan: Belen tocino, Ezequiel alvarez<br \/>\nDirije: Tito Lanfranqui<br \/>\nDise\u00f1o y confecci\u00f3n de vestuario: Walter Vicente.<\/p>\n","protected":false},"excerpt":{"rendered":"<p>\ud83d\udca5\ud83d\udca5\ud83d\udca5Llega una nueva producci\u00f3n de Compa\u00f1\u00eda Trif\u00e1sica para toda la familia! Reservas y anticipadas al 2494027194 Cupos limitados. \ud83d\udca1 Los viajeros del tiempo llegan a nuestro plano con urgencia! Las bestias de la oscuridad se han instalado entre nosotros generando caos y divisi\u00f3n. La misi\u00f3n: restaurar las emociones y la uni\u00f3n Las herramientas: la palabra y la escucha. Te necesitamos! \ud83d\udca5\ud83d\ude80\u2665\ufe0f Act\u00faan: Belen tocino, Ezequiel alvarez Dirije: Tito Lanfranqui Dise\u00f1o y confecci\u00f3n de vestuario: Walter Vicente.<\/p>\n","protected":false},"author":5,"featured_media":12310,"comment_status":"closed","ping_status":"closed","template":"","meta":{"_tribe_events_status":"","_tribe_events_status_reason":""},"tags":[],"tribe_events_cat":[],"_links":{"self":[{"href":"https:\/\/www.arte.unicen.edu.ar\/entodas\/index.php?rest_route=\/wp\/v2\/tribe_events\/12309"}],"collection":[{"href":"https:\/\/www.arte.unicen.edu.ar\/entodas\/index.php?rest_route=\/wp\/v2\/tribe_events"}],"about":[{"href":"https:\/\/www.arte.unicen.edu.ar\/entodas\/index.php?rest_route=\/wp\/v2\/types\/tribe_events"}],"author":[{"embeddable":true,"href":"https:\/\/www.arte.unicen.edu.ar\/entodas\/index.php?rest_route=\/wp\/v2\/users\/5"}],"replies":[{"embeddable":true,"href":"https:\/\/www.arte.unicen.edu.ar\/entodas\/index.php?rest_route=%2Fwp%2Fv2%2Fcomments&post=12309"}],"version-history":[{"count":1,"href":"https:\/\/www.arte.unicen.edu.ar\/entodas\/index.php?rest_route=\/wp\/v2\/tribe_events\/12309\/revisions"}],"predecessor-version":[{"id":12311,"href":"https:\/\/www.arte.unicen.edu.ar\/entodas\/index.php?rest_route=\/wp\/v2\/tribe_events\/12309\/revisions\/12311"}],"wp:featuredmedia":[{"embeddable":true,"href":"https:\/\/www.arte.unicen.edu.ar\/entodas\/index.php?rest_route=\/wp\/v2\/media\/12310"}],"wp:attachment":[{"href":"https:\/\/www.arte.unicen.edu.ar\/entodas\/index.php?rest_route=%2Fwp%2Fv2%2Fmedia&parent=12309"}],"wp:term":[{"taxonomy":"post_tag","embeddable":true,"href":"https:\/\/www.arte.unicen.edu.ar\/entodas\/index.php?rest_route=%2Fwp%2Fv2%2Ftags&post=12309"},{"taxonomy":"tribe_events_cat","embeddable":true,"href":"https:\/\/www.arte.unicen.edu.ar\/entodas\/index.php?rest_route=%2Fwp%2Fv2%2Ftribe_events_cat&post=12309"}],"curies":[{"name":"wp","href":"https:\/\/api.w.org\/{rel}","templated":true}]}}

<p><img loading="lazy" decoding="async" class="size-medium wp-image-12310 aligncenter" src="https://www.arte.unicen.edu.ar/entodas/wp-content/uploads/2025/10/f26f71a6-b67e-4fbf-918d-5c434083440b-240x300.jpg" alt="" width="240" height="300" srcset="https://www.arte.unicen.edu.ar/entodas/wp-content/uploads/2025/10/f26f71a6-b67e-4fbf-918d-5c434083440b-240x300.jpg 240w, https://www.arte.unicen.edu.ar/entodas/wp-content/uploads/2025/10/f26f71a6-b67e-4fbf-918d-5c434083440b-640x800.jpg 640w, https://www.arte.unicen.edu.ar/entodas/wp-content/uploads/2025/10/f26f71a6-b67e-4fbf-918d-5c434083440b-768x960.jpg 768w, https://www.arte.unicen.edu.ar/entodas/wp-content/uploads/2025/10/f26f71a6-b67e-4fbf-918d-5c434083440b.jpg 1024w" sizes="(max-width: 240px) 100vw, 240px" /></p>
<p>💥💥💥Llega una nueva producción de Compañía Trifásica para toda la familia!</p>
<p>Reservas y anticipadas al 2494027194<br />
Cupos limitados.</p>
<p>💡 Los viajeros del tiempo llegan a nuestro plano con urgencia!<br />
Las bestias de la oscuridad se han instalado entre nosotros generando caos y división.<br />
La misión: restaurar las emociones y la unión<br />
Las herramientas: la palabra y la escucha.<br />
Te necesitamos! 💥🚀♥️</p>
<p>Actúan: Belen tocino, Ezequiel alvarez<br />
Dirije: Tito Lanfranqui<br />
Diseño y confección de vestuario: Walter Vicente.</p>

<p>💥💥💥Llega una nueva producción de Compañía Trifásica para toda la familia! Reservas y anticipadas al 2494027194 Cupos limitados. 💡 Los viajeros del tiempo llegan a nuestro plano con urgencia! Las bestias de la oscuridad se han instalado entre nosotros generando caos y división. La misión: restaurar las emociones y la unión Las herramientas: la palabra y la escucha. Te necesitamos! 💥🚀♥️ Actúan: Belen tocino, Ezequiel alvarez Dirije: Tito Lanfranqui Diseño y confección de vestuario: Walter Vicente.</p>
