{"id":12291,"date":"2025-09-26T12:41:02","date_gmt":"2025-09-26T15:41:02","guid":{"rendered":"https:\/\/www.arte.unicen.edu.ar\/entodas\/?post_type=tribe_events&#038;p=12291"},"modified":"2025-09-26T12:49:17","modified_gmt":"2025-09-26T15:49:17","slug":"el-mar-de-las-pecideas-teatro-infantil-3","status":"publish","type":"tribe_events","link":"https:\/\/www.arte.unicen.edu.ar\/entodas\/?tribe_events=el-mar-de-las-pecideas-teatro-infantil-3","title":{"rendered":"EL MAR DE LAS PECIDEAS &#8211; Teatro infantil"},"content":{"rendered":"<p><img loading=\"lazy\" decoding=\"async\" class=\"size-medium wp-image-12292 aligncenter\" src=\"https:\/\/www.arte.unicen.edu.ar\/entodas\/wp-content\/uploads\/2025\/09\/553185717_1400905735372573_1681102374832795708_n-240x300.jpg\" alt=\"\" width=\"240\" height=\"300\" srcset=\"https:\/\/www.arte.unicen.edu.ar\/entodas\/wp-content\/uploads\/2025\/09\/553185717_1400905735372573_1681102374832795708_n-240x300.jpg 240w, https:\/\/www.arte.unicen.edu.ar\/entodas\/wp-content\/uploads\/2025\/09\/553185717_1400905735372573_1681102374832795708_n-640x800.jpg 640w, https:\/\/www.arte.unicen.edu.ar\/entodas\/wp-content\/uploads\/2025\/09\/553185717_1400905735372573_1681102374832795708_n-768x960.jpg 768w, https:\/\/www.arte.unicen.edu.ar\/entodas\/wp-content\/uploads\/2025\/09\/553185717_1400905735372573_1681102374832795708_n.jpg 1081w\" sizes=\"(max-width: 240px) 100vw, 240px\" \/><\/p>\n<div class=\"xdj266r x14z9mp xat24cr x1lziwak x1vvkbs x126k92a\">\n<div dir=\"auto\">EL MAR DE LAS PECIDEAS se presentar\u00e1 el Mi\u00e9rcoles 8 de Octubre a las 10 hs. en el Centro Social y Cultural La V\u00eda (Av. del Valle 965)<\/div>\n<div dir=\"auto\">XVI Jornadas Internacionales\/Nacionales de Historia, Arte y Pol\u00edtica, organizadas por el Departamento de Historia y Teor\u00eda del Arte.<\/div>\n<div dir=\"auto\"><span class=\"html-span xexx8yu xyri2b x18d9i69 x1c1uobl x1hl2dhg x16tdsg8 x1vvkbs x3nfvp2 x1j61x8r x1fcty0u xdj266r xat24cr xm2jcoa x1mpyi22 xxymvpz xlup9mm x1kky2od\"><img loading=\"lazy\" decoding=\"async\" class=\"xz74otr x15mokao x1ga7v0g x16uus16 xbiv7yw\" src=\"https:\/\/static.xx.fbcdn.net\/images\/emoji.php\/v9\/t5c\/1\/16\/1f5d3.png\" alt=\"\ud83d\uddd3\ufe0f\" width=\"16\" height=\"16\" \/><\/span> 7, 8 y 9 de octubre de 2025<\/div>\n<div dir=\"auto\"><span class=\"html-span xexx8yu xyri2b x18d9i69 x1c1uobl x1hl2dhg x16tdsg8 x1vvkbs x3nfvp2 x1j61x8r x1fcty0u xdj266r xat24cr xm2jcoa x1mpyi22 xxymvpz xlup9mm x1kky2od\"><img loading=\"lazy\" decoding=\"async\" class=\"xz74otr x15mokao x1ga7v0g x16uus16 xbiv7yw\" src=\"https:\/\/static.xx.fbcdn.net\/images\/emoji.php\/v9\/t2d\/1\/16\/1f4cd.png\" alt=\"\ud83d\udccd\" width=\"16\" height=\"16\" \/><\/span> Tandil. Presencial y virtual<\/div>\n<\/div>\n<div class=\"x14z9mp xat24cr x1lziwak x1vvkbs xtlvy1s x126k92a\">\n<div dir=\"auto\"><span class=\"html-span xexx8yu xyri2b x18d9i69 x1c1uobl x1hl2dhg x16tdsg8 x1vvkbs x3nfvp2 x1j61x8r x1fcty0u xdj266r xat24cr xm2jcoa x1mpyi22 xxymvpz xlup9mm x1kky2od\"><img loading=\"lazy\" decoding=\"async\" class=\"xz74otr x15mokao x1ga7v0g x16uus16 xbiv7yw\" src=\"https:\/\/static.xx.fbcdn.net\/images\/emoji.php\/v9\/tfb\/1\/16\/1f5e3.png\" alt=\"\ud83d\udde3\ufe0f\" width=\"16\" height=\"16\" \/><\/span> Un espacio para el intercambio interdisciplinario y el debate en torno a las tensiones, cruces y posibilidades que emergen entre la historia, el arte y la pol\u00edtica.<\/div>\n<\/div>\n","protected":false},"excerpt":{"rendered":"<p>EL MAR DE LAS PECIDEAS se presentar\u00e1 el Mi\u00e9rcoles 8 de Octubre a las 10 hs. en el Centro Social y Cultural La V\u00eda (Av. del Valle 965) XVI Jornadas Internacionales\/Nacionales de Historia, Arte y Pol\u00edtica, organizadas por el Departamento de Historia y Teor\u00eda del Arte. 7, 8 y 9 de octubre de 2025 Tandil. Presencial y virtual Un espacio para el intercambio interdisciplinario y el debate en torno a las tensiones, cruces y posibilidades que emergen entre la historia, el arte y la pol\u00edtica.<\/p>\n","protected":false},"author":5,"featured_media":12292,"comment_status":"closed","ping_status":"closed","template":"","meta":{"_tribe_events_status":"","_tribe_events_status_reason":""},"tags":[],"tribe_events_cat":[],"_links":{"self":[{"href":"https:\/\/www.arte.unicen.edu.ar\/entodas\/index.php?rest_route=\/wp\/v2\/tribe_events\/12291"}],"collection":[{"href":"https:\/\/www.arte.unicen.edu.ar\/entodas\/index.php?rest_route=\/wp\/v2\/tribe_events"}],"about":[{"href":"https:\/\/www.arte.unicen.edu.ar\/entodas\/index.php?rest_route=\/wp\/v2\/types\/tribe_events"}],"author":[{"embeddable":true,"href":"https:\/\/www.arte.unicen.edu.ar\/entodas\/index.php?rest_route=\/wp\/v2\/users\/5"}],"replies":[{"embeddable":true,"href":"https:\/\/www.arte.unicen.edu.ar\/entodas\/index.php?rest_route=%2Fwp%2Fv2%2Fcomments&post=12291"}],"version-history":[{"count":1,"href":"https:\/\/www.arte.unicen.edu.ar\/entodas\/index.php?rest_route=\/wp\/v2\/tribe_events\/12291\/revisions"}],"predecessor-version":[{"id":12293,"href":"https:\/\/www.arte.unicen.edu.ar\/entodas\/index.php?rest_route=\/wp\/v2\/tribe_events\/12291\/revisions\/12293"}],"wp:featuredmedia":[{"embeddable":true,"href":"https:\/\/www.arte.unicen.edu.ar\/entodas\/index.php?rest_route=\/wp\/v2\/media\/12292"}],"wp:attachment":[{"href":"https:\/\/www.arte.unicen.edu.ar\/entodas\/index.php?rest_route=%2Fwp%2Fv2%2Fmedia&parent=12291"}],"wp:term":[{"taxonomy":"post_tag","embeddable":true,"href":"https:\/\/www.arte.unicen.edu.ar\/entodas\/index.php?rest_route=%2Fwp%2Fv2%2Ftags&post=12291"},{"taxonomy":"tribe_events_cat","embeddable":true,"href":"https:\/\/www.arte.unicen.edu.ar\/entodas\/index.php?rest_route=%2Fwp%2Fv2%2Ftribe_events_cat&post=12291"}],"curies":[{"name":"wp","href":"https:\/\/api.w.org\/{rel}","templated":true}]}}

<p><img loading="lazy" decoding="async" class="size-medium wp-image-12292 aligncenter" src="https://www.arte.unicen.edu.ar/entodas/wp-content/uploads/2025/09/553185717_1400905735372573_1681102374832795708_n-240x300.jpg" alt="" width="240" height="300" srcset="https://www.arte.unicen.edu.ar/entodas/wp-content/uploads/2025/09/553185717_1400905735372573_1681102374832795708_n-240x300.jpg 240w, https://www.arte.unicen.edu.ar/entodas/wp-content/uploads/2025/09/553185717_1400905735372573_1681102374832795708_n-640x800.jpg 640w, https://www.arte.unicen.edu.ar/entodas/wp-content/uploads/2025/09/553185717_1400905735372573_1681102374832795708_n-768x960.jpg 768w, https://www.arte.unicen.edu.ar/entodas/wp-content/uploads/2025/09/553185717_1400905735372573_1681102374832795708_n.jpg 1081w" sizes="(max-width: 240px) 100vw, 240px" /></p>
<div class="xdj266r x14z9mp xat24cr x1lziwak x1vvkbs x126k92a">
<div dir="auto">EL MAR DE LAS PECIDEAS se presentará el Miércoles 8 de Octubre a las 10 hs. en el Centro Social y Cultural La Vía (Av. del Valle 965)</div>
<div dir="auto">XVI Jornadas Internacionales/Nacionales de Historia, Arte y Política, organizadas por el Departamento de Historia y Teoría del Arte.</div>
<div dir="auto"><span class="html-span xexx8yu xyri2b x18d9i69 x1c1uobl x1hl2dhg x16tdsg8 x1vvkbs x3nfvp2 x1j61x8r x1fcty0u xdj266r xat24cr xm2jcoa x1mpyi22 xxymvpz xlup9mm x1kky2od"><img loading="lazy" decoding="async" class="xz74otr x15mokao x1ga7v0g x16uus16 xbiv7yw" src="https://static.xx.fbcdn.net/images/emoji.php/v9/t5c/1/16/1f5d3.png" alt="🗓️" width="16" height="16" /></span> 7, 8 y 9 de octubre de 2025</div>
<div dir="auto"><span class="html-span xexx8yu xyri2b x18d9i69 x1c1uobl x1hl2dhg x16tdsg8 x1vvkbs x3nfvp2 x1j61x8r x1fcty0u xdj266r xat24cr xm2jcoa x1mpyi22 xxymvpz xlup9mm x1kky2od"><img loading="lazy" decoding="async" class="xz74otr x15mokao x1ga7v0g x16uus16 xbiv7yw" src="https://static.xx.fbcdn.net/images/emoji.php/v9/t2d/1/16/1f4cd.png" alt="📍" width="16" height="16" /></span> Tandil. Presencial y virtual</div>
</div>
<div class="x14z9mp xat24cr x1lziwak x1vvkbs xtlvy1s x126k92a">
<div dir="auto"><span class="html-span xexx8yu xyri2b x18d9i69 x1c1uobl x1hl2dhg x16tdsg8 x1vvkbs x3nfvp2 x1j61x8r x1fcty0u xdj266r xat24cr xm2jcoa x1mpyi22 xxymvpz xlup9mm x1kky2od"><img loading="lazy" decoding="async" class="xz74otr x15mokao x1ga7v0g x16uus16 xbiv7yw" src="https://static.xx.fbcdn.net/images/emoji.php/v9/tfb/1/16/1f5e3.png" alt="🗣️" width="16" height="16" /></span> Un espacio para el intercambio interdisciplinario y el debate en torno a las tensiones, cruces y posibilidades que emergen entre la historia, el arte y la política.</div>
</div>

<p>EL MAR DE LAS PECIDEAS se presentará el Miércoles 8 de Octubre a las 10 hs. en el Centro Social y Cultural La Vía (Av. del Valle 965) XVI Jornadas Internacionales/Nacionales de Historia, Arte y Política, organizadas por el Departamento de Historia y Teoría del Arte. 7, 8 y 9 de octubre de 2025 Tandil. Presencial y virtual Un espacio para el intercambio interdisciplinario y el debate en torno a las tensiones, cruces y posibilidades que emergen entre la historia, el arte y la política.</p>
