{"id":11679,"date":"2025-07-15T12:09:48","date_gmt":"2025-07-15T15:09:48","guid":{"rendered":"https:\/\/www.arte.unicen.edu.ar\/entodas\/?post_type=tribe_events&#038;p=11679"},"modified":"2025-07-15T12:13:23","modified_gmt":"2025-07-15T15:13:23","slug":"radio-catastrofe-teatro-clown-cuentos-radioteatro","status":"publish","type":"tribe_events","link":"https:\/\/www.arte.unicen.edu.ar\/entodas\/?tribe_events=radio-catastrofe-teatro-clown-cuentos-radioteatro","title":{"rendered":"RADIO CAT\u00c1STROFE &#8211; Teatro &#8211; clown &#8211; cuentos &#8211; radioteatro"},"content":{"rendered":"<p><img loading=\"lazy\" decoding=\"async\" class=\"size-medium wp-image-11665 aligncenter\" src=\"https:\/\/www.arte.unicen.edu.ar\/entodas\/wp-content\/uploads\/2025\/07\/WhatsApp-Image-2025-07-14-at-12.51.05-300x300.jpeg\" alt=\"\" width=\"300\" height=\"300\" srcset=\"https:\/\/www.arte.unicen.edu.ar\/entodas\/wp-content\/uploads\/2025\/07\/WhatsApp-Image-2025-07-14-at-12.51.05-300x300.jpeg 300w, https:\/\/www.arte.unicen.edu.ar\/entodas\/wp-content\/uploads\/2025\/07\/WhatsApp-Image-2025-07-14-at-12.51.05-800x800.jpeg 800w, https:\/\/www.arte.unicen.edu.ar\/entodas\/wp-content\/uploads\/2025\/07\/WhatsApp-Image-2025-07-14-at-12.51.05-768x768.jpeg 768w, https:\/\/www.arte.unicen.edu.ar\/entodas\/wp-content\/uploads\/2025\/07\/WhatsApp-Image-2025-07-14-at-12.51.05.jpeg 1080w\" sizes=\"(max-width: 300px) 100vw, 300px\" \/><\/p>\n<p>Recibimos desde Mar Azul a la Compa\u00f1\u00eda Radiocuentos, con su espect\u00e1culo Radio Cat\u00e1strofe.<\/p>\n<p>Una obra de clown que combina el teatro y la radio en un universo desopilante a trav\u00e9s de sus radionovelas delirantes.<\/p>\n<p>Espectaculo para toda la familia.<\/p>\n<p>Sabado 19 de julio<br \/>\n16 hs.<br \/>\nEntrada: $ 5000.<\/p>\n<p>La compa\u00f1\u00eda Radiocuentos realiza desde hace cinco a\u00f1os temporada en los anfiteatros de Villa Gesell y Mar de las Pampas.<br \/>\nTenemos una alegr\u00eda enorme de recibirlxs en nuestra ciudad.<\/p>\n<p>Reservas al 2494348603.<\/p>\n<p>Irigoyen 990.<br \/>\nTe esperamos!<\/p>\n","protected":false},"excerpt":{"rendered":"<p>Recibimos desde Mar Azul a la Compa\u00f1\u00eda Radiocuentos, con su espect\u00e1culo Radio Cat\u00e1strofe. Una obra de clown que combina el teatro y la radio en un universo desopilante a trav\u00e9s de sus radionovelas delirantes. Espectaculo para toda la familia. Sabado 19 de julio 16 hs. Entrada: $ 5000. La compa\u00f1\u00eda Radiocuentos realiza desde hace cinco a\u00f1os temporada en los anfiteatros de Villa Gesell y Mar de las Pampas. Tenemos una alegr\u00eda enorme de recibirlxs en nuestra ciudad. Reservas al 2494348603. Irigoyen 990. Te esperamos!<\/p>\n","protected":false},"author":5,"featured_media":11665,"comment_status":"closed","ping_status":"closed","template":"","meta":{"_tribe_events_status":"","_tribe_events_status_reason":""},"tags":[],"tribe_events_cat":[],"_links":{"self":[{"href":"https:\/\/www.arte.unicen.edu.ar\/entodas\/index.php?rest_route=\/wp\/v2\/tribe_events\/11679"}],"collection":[{"href":"https:\/\/www.arte.unicen.edu.ar\/entodas\/index.php?rest_route=\/wp\/v2\/tribe_events"}],"about":[{"href":"https:\/\/www.arte.unicen.edu.ar\/entodas\/index.php?rest_route=\/wp\/v2\/types\/tribe_events"}],"author":[{"embeddable":true,"href":"https:\/\/www.arte.unicen.edu.ar\/entodas\/index.php?rest_route=\/wp\/v2\/users\/5"}],"replies":[{"embeddable":true,"href":"https:\/\/www.arte.unicen.edu.ar\/entodas\/index.php?rest_route=%2Fwp%2Fv2%2Fcomments&post=11679"}],"version-history":[{"count":1,"href":"https:\/\/www.arte.unicen.edu.ar\/entodas\/index.php?rest_route=\/wp\/v2\/tribe_events\/11679\/revisions"}],"predecessor-version":[{"id":11680,"href":"https:\/\/www.arte.unicen.edu.ar\/entodas\/index.php?rest_route=\/wp\/v2\/tribe_events\/11679\/revisions\/11680"}],"wp:featuredmedia":[{"embeddable":true,"href":"https:\/\/www.arte.unicen.edu.ar\/entodas\/index.php?rest_route=\/wp\/v2\/media\/11665"}],"wp:attachment":[{"href":"https:\/\/www.arte.unicen.edu.ar\/entodas\/index.php?rest_route=%2Fwp%2Fv2%2Fmedia&parent=11679"}],"wp:term":[{"taxonomy":"post_tag","embeddable":true,"href":"https:\/\/www.arte.unicen.edu.ar\/entodas\/index.php?rest_route=%2Fwp%2Fv2%2Ftags&post=11679"},{"taxonomy":"tribe_events_cat","embeddable":true,"href":"https:\/\/www.arte.unicen.edu.ar\/entodas\/index.php?rest_route=%2Fwp%2Fv2%2Ftribe_events_cat&post=11679"}],"curies":[{"name":"wp","href":"https:\/\/api.w.org\/{rel}","templated":true}]}}

RADIO CATÁSTROFE &#8211; Teatro &#8211; clown &#8211; cuentos &#8211; radioteatro

<p><img loading="lazy" decoding="async" class="size-medium wp-image-11665 aligncenter" src="https://www.arte.unicen.edu.ar/entodas/wp-content/uploads/2025/07/WhatsApp-Image-2025-07-14-at-12.51.05-300x300.jpeg" alt="" width="300" height="300" srcset="https://www.arte.unicen.edu.ar/entodas/wp-content/uploads/2025/07/WhatsApp-Image-2025-07-14-at-12.51.05-300x300.jpeg 300w, https://www.arte.unicen.edu.ar/entodas/wp-content/uploads/2025/07/WhatsApp-Image-2025-07-14-at-12.51.05-800x800.jpeg 800w, https://www.arte.unicen.edu.ar/entodas/wp-content/uploads/2025/07/WhatsApp-Image-2025-07-14-at-12.51.05-768x768.jpeg 768w, https://www.arte.unicen.edu.ar/entodas/wp-content/uploads/2025/07/WhatsApp-Image-2025-07-14-at-12.51.05.jpeg 1080w" sizes="(max-width: 300px) 100vw, 300px" /></p>
<p>Recibimos desde Mar Azul a la Compañía Radiocuentos, con su espectáculo Radio Catástrofe.</p>
<p>Una obra de clown que combina el teatro y la radio en un universo desopilante a través de sus radionovelas delirantes.</p>
<p>Espectaculo para toda la familia.</p>
<p>Sabado 19 de julio<br />
16 hs.<br />
Entrada: $ 5000.</p>
<p>La compañía Radiocuentos realiza desde hace cinco años temporada en los anfiteatros de Villa Gesell y Mar de las Pampas.<br />
Tenemos una alegría enorme de recibirlxs en nuestra ciudad.</p>
<p>Reservas al 2494348603.</p>
<p>Irigoyen 990.<br />
Te esperamos!</p>

<p>Recibimos desde Mar Azul a la Compañía Radiocuentos, con su espectáculo Radio Catástrofe. Una obra de clown que combina el teatro y la radio en un universo desopilante a través de sus radionovelas delirantes. Espectaculo para toda la familia. Sabado 19 de julio 16 hs. Entrada: $ 5000. La compañía Radiocuentos realiza desde hace cinco años temporada en los anfiteatros de Villa Gesell y Mar de las Pampas. Tenemos una alegría enorme de recibirlxs en nuestra ciudad. Reservas al 2494348603. Irigoyen 990. Te esperamos!</p>
