{"id":11608,"date":"2025-07-11T12:28:51","date_gmt":"2025-07-11T15:28:51","guid":{"rendered":"https:\/\/www.arte.unicen.edu.ar\/entodas\/?post_type=tribe_events&#038;p=11608"},"modified":"2025-07-11T12:28:51","modified_gmt":"2025-07-11T15:28:51","slug":"surtido-violeta-teatro-poesia-musica-tango","status":"publish","type":"tribe_events","link":"https:\/\/www.arte.unicen.edu.ar\/entodas\/?tribe_events=surtido-violeta-teatro-poesia-musica-tango","title":{"rendered":"SURTIDO VIOLETA &#8211; Teatro -Poes\u00eda &#8211; M\u00fasica &#8211; Tango"},"content":{"rendered":"<p><img loading=\"lazy\" decoding=\"async\" class=\"size-medium wp-image-11609 aligncenter\" src=\"https:\/\/www.arte.unicen.edu.ar\/entodas\/wp-content\/uploads\/2025\/07\/WhatsApp-Image-2025-07-11-at-12.22.32-247x300.jpeg\" alt=\"\" width=\"247\" height=\"300\" srcset=\"https:\/\/www.arte.unicen.edu.ar\/entodas\/wp-content\/uploads\/2025\/07\/WhatsApp-Image-2025-07-11-at-12.22.32-247x300.jpeg 247w, https:\/\/www.arte.unicen.edu.ar\/entodas\/wp-content\/uploads\/2025\/07\/WhatsApp-Image-2025-07-11-at-12.22.32-660x800.jpeg 660w, https:\/\/www.arte.unicen.edu.ar\/entodas\/wp-content\/uploads\/2025\/07\/WhatsApp-Image-2025-07-11-at-12.22.32-768x932.jpeg 768w, https:\/\/www.arte.unicen.edu.ar\/entodas\/wp-content\/uploads\/2025\/07\/WhatsApp-Image-2025-07-11-at-12.22.32.jpeg 1080w\" sizes=\"(max-width: 247px) 100vw, 247px\" \/><\/p>\n<p>SURTIDO VIOLETA se presentar\u00e1 el s\u00e1bado 12 de julio\u00a0 a las 20 hs. en Casa Violeta (Esquina Constituci\u00f3n y 14 de julio)<\/p>\n<p>Porque desde casa violeta sostenemos que la salida es colectiva, y sabemos que la mejor forma de contenernos ante tanta crueldad, es encontrarnos&#8230; Este s\u00e1bado les ofrecemos un hermoso surtido de artistas para disfrutar juntes y abrazarnos.<\/p>\n<p>@vero_garcia_canta @gabrielagallese @mariuhernet (Tango)<br \/>\n@marianellavallazza @dubini.gaston (Teatro)<br \/>\n@laranicolebuena (M\u00fasica)<br \/>\n@rola.liebana (Poes\u00eda)<br \/>\n@florazaffora (Mon\u00f3logo)<br \/>\n@frutatandil (M\u00fasica)<br \/>\n@cia.donamobile (Cortometraje)<br \/>\n@matiasmadrid79 (Lambe Lambe)<br \/>\n@yaninagargiulo1<\/p>\n<p>Nos encontramos 20:00hs (puntual\u00edsimo) en la esquina de 14 de julio y constituci\u00f3n para ir juntes hasta la casa<\/p>\n<p>No se olviden de traes auriculares!! \ud83c\udfa7<\/p>\n<p>\ud83e\udde2 La entrada es la gorra, a beneficio de Casa Violeta \ud83e\udde2<\/p>\n","protected":false},"excerpt":{"rendered":"<p>SURTIDO VIOLETA se presentar\u00e1 el s\u00e1bado 12 de julio\u00a0 a las 20 hs. en Casa Violeta (Esquina Constituci\u00f3n y 14 de julio) Porque desde casa violeta sostenemos que la salida es colectiva, y sabemos que la mejor forma de contenernos ante tanta crueldad, es encontrarnos&#8230; Este s\u00e1bado les ofrecemos un hermoso surtido de artistas para disfrutar juntes y abrazarnos. @vero_garcia_canta @gabrielagallese @mariuhernet (Tango) @marianellavallazza @dubini.gaston (Teatro) @laranicolebuena (M\u00fasica) @rola.liebana (Poes\u00eda) @florazaffora (Mon\u00f3logo) @frutatandil (M\u00fasica) @cia.donamobile (Cortometraje) @matiasmadrid79 (Lambe Lambe) @yaninagargiulo1 Nos encontramos 20:00hs (puntual\u00edsimo) en la esquina de 14 de julio y constituci\u00f3n para ir juntes hasta la casa No se olviden de traes auriculares!! \ud83c\udfa7 \ud83e\udde2 La entrada es la gorra, a beneficio de Casa Violeta \ud83e\udde2<\/p>\n","protected":false},"author":5,"featured_media":11609,"comment_status":"closed","ping_status":"closed","template":"","meta":{"_tribe_events_status":"","_tribe_events_status_reason":""},"tags":[],"tribe_events_cat":[],"_links":{"self":[{"href":"https:\/\/www.arte.unicen.edu.ar\/entodas\/index.php?rest_route=\/wp\/v2\/tribe_events\/11608"}],"collection":[{"href":"https:\/\/www.arte.unicen.edu.ar\/entodas\/index.php?rest_route=\/wp\/v2\/tribe_events"}],"about":[{"href":"https:\/\/www.arte.unicen.edu.ar\/entodas\/index.php?rest_route=\/wp\/v2\/types\/tribe_events"}],"author":[{"embeddable":true,"href":"https:\/\/www.arte.unicen.edu.ar\/entodas\/index.php?rest_route=\/wp\/v2\/users\/5"}],"replies":[{"embeddable":true,"href":"https:\/\/www.arte.unicen.edu.ar\/entodas\/index.php?rest_route=%2Fwp%2Fv2%2Fcomments&post=11608"}],"version-history":[{"count":1,"href":"https:\/\/www.arte.unicen.edu.ar\/entodas\/index.php?rest_route=\/wp\/v2\/tribe_events\/11608\/revisions"}],"predecessor-version":[{"id":11625,"href":"https:\/\/www.arte.unicen.edu.ar\/entodas\/index.php?rest_route=\/wp\/v2\/tribe_events\/11608\/revisions\/11625"}],"wp:featuredmedia":[{"embeddable":true,"href":"https:\/\/www.arte.unicen.edu.ar\/entodas\/index.php?rest_route=\/wp\/v2\/media\/11609"}],"wp:attachment":[{"href":"https:\/\/www.arte.unicen.edu.ar\/entodas\/index.php?rest_route=%2Fwp%2Fv2%2Fmedia&parent=11608"}],"wp:term":[{"taxonomy":"post_tag","embeddable":true,"href":"https:\/\/www.arte.unicen.edu.ar\/entodas\/index.php?rest_route=%2Fwp%2Fv2%2Ftags&post=11608"},{"taxonomy":"tribe_events_cat","embeddable":true,"href":"https:\/\/www.arte.unicen.edu.ar\/entodas\/index.php?rest_route=%2Fwp%2Fv2%2Ftribe_events_cat&post=11608"}],"curies":[{"name":"wp","href":"https:\/\/api.w.org\/{rel}","templated":true}]}}

SURTIDO VIOLETA &#8211; Teatro -Poesía &#8211; Música &#8211; Tango

<p><img loading="lazy" decoding="async" class="size-medium wp-image-11609 aligncenter" src="https://www.arte.unicen.edu.ar/entodas/wp-content/uploads/2025/07/WhatsApp-Image-2025-07-11-at-12.22.32-247x300.jpeg" alt="" width="247" height="300" srcset="https://www.arte.unicen.edu.ar/entodas/wp-content/uploads/2025/07/WhatsApp-Image-2025-07-11-at-12.22.32-247x300.jpeg 247w, https://www.arte.unicen.edu.ar/entodas/wp-content/uploads/2025/07/WhatsApp-Image-2025-07-11-at-12.22.32-660x800.jpeg 660w, https://www.arte.unicen.edu.ar/entodas/wp-content/uploads/2025/07/WhatsApp-Image-2025-07-11-at-12.22.32-768x932.jpeg 768w, https://www.arte.unicen.edu.ar/entodas/wp-content/uploads/2025/07/WhatsApp-Image-2025-07-11-at-12.22.32.jpeg 1080w" sizes="(max-width: 247px) 100vw, 247px" /></p>
<p>SURTIDO VIOLETA se presentará el sábado 12 de julio  a las 20 hs. en Casa Violeta (Esquina Constitución y 14 de julio)</p>
<p>Porque desde casa violeta sostenemos que la salida es colectiva, y sabemos que la mejor forma de contenernos ante tanta crueldad, es encontrarnos&#8230; Este sábado les ofrecemos un hermoso surtido de artistas para disfrutar juntes y abrazarnos.</p>
<p>@vero_garcia_canta @gabrielagallese @mariuhernet (Tango)<br />
@marianellavallazza @dubini.gaston (Teatro)<br />
@laranicolebuena (Música)<br />
@rola.liebana (Poesía)<br />
@florazaffora (Monólogo)<br />
@frutatandil (Música)<br />
@cia.donamobile (Cortometraje)<br />
@matiasmadrid79 (Lambe Lambe)<br />
@yaninagargiulo1</p>
<p>Nos encontramos 20:00hs (puntualísimo) en la esquina de 14 de julio y constitución para ir juntes hasta la casa</p>
<p>No se olviden de traes auriculares!! 🎧</p>
<p>🧢 La entrada es la gorra, a beneficio de Casa Violeta 🧢</p>

<p>SURTIDO VIOLETA se presentará el sábado 12 de julio  a las 20 hs. en Casa Violeta (Esquina Constitución y 14 de julio) Porque desde casa violeta sostenemos que la salida es colectiva, y sabemos que la mejor forma de contenernos ante tanta crueldad, es encontrarnos&#8230; Este sábado les ofrecemos un hermoso surtido de artistas para disfrutar juntes y abrazarnos. @vero_garcia_canta @gabrielagallese @mariuhernet (Tango) @marianellavallazza @dubini.gaston (Teatro) @laranicolebuena (Música) @rola.liebana (Poesía) @florazaffora (Monólogo) @frutatandil (Música) @cia.donamobile (Cortometraje) @matiasmadrid79 (Lambe Lambe) @yaninagargiulo1 Nos encontramos 20:00hs (puntualísimo) en la esquina de 14 de julio y constitución para ir juntes hasta la casa No se olviden de traes auriculares!! 🎧 🧢 La entrada es la gorra, a beneficio de Casa Violeta 🧢</p>
