{"id":11602,"date":"2025-07-04T11:00:35","date_gmt":"2025-07-04T14:00:35","guid":{"rendered":"https:\/\/www.arte.unicen.edu.ar\/entodas\/?post_type=tribe_events&#038;p=11602"},"modified":"2025-07-04T11:01:11","modified_gmt":"2025-07-04T14:01:11","slug":"encuentro-por-el-dia-internacional-del-cooperativismo-conversatorio","status":"publish","type":"tribe_events","link":"https:\/\/www.arte.unicen.edu.ar\/entodas\/?tribe_events=encuentro-por-el-dia-internacional-del-cooperativismo-conversatorio","title":{"rendered":"ENCUENTRO POR EL D\u00cdA INTERNACIONAL DEL COOPERATIVISMO &#8211; Conversatorio"},"content":{"rendered":"<p><img loading=\"lazy\" decoding=\"async\" class=\"size-medium wp-image-11559 aligncenter\" src=\"https:\/\/www.arte.unicen.edu.ar\/entodas\/wp-content\/uploads\/2025\/07\/WhatsApp-Image-2025-07-03-at-13.24.51-240x300.jpeg\" alt=\"\" width=\"240\" height=\"300\" \/><\/p>\n<div class=\"xdj266r x14z9mp xat24cr x1lziwak x1vvkbs x126k92a\">\n<div dir=\"auto\">En el marco del D\u00eda Internacional del Cooperativismo, se propone un espacio de encuentro y di\u00e1logo <span class=\"html-span xexx8yu xyri2b x18d9i69 x1c1uobl x1hl2dhg x16tdsg8 x1vvkbs x3nfvp2 x1j61x8r x1fcty0u xdj266r xat24cr xm2jcoa x1mpyi22 xxymvpz xlup9mm x1kky2od\"><img loading=\"lazy\" decoding=\"async\" class=\"xz74otr x15mokao x1ga7v0g x16uus16 xbiv7yw\" src=\"https:\/\/static.xx.fbcdn.net\/images\/emoji.php\/v9\/tfb\/1\/16\/1f5e3.png\" alt=\"\ud83d\udde3\ufe0f\" width=\"16\" height=\"16\" \/><\/span> Conversatorio: \u201cCooperativas en la econom\u00eda actual: redes, problem\u00e1ticas y desaf\u00edos comunes\u201d<\/div>\n<div dir=\"auto\"><span class=\"html-span xexx8yu xyri2b x18d9i69 x1c1uobl x1hl2dhg x16tdsg8 x1vvkbs x3nfvp2 x1j61x8r x1fcty0u xdj266r xat24cr xm2jcoa x1mpyi22 xxymvpz xlup9mm x1kky2od\"><img loading=\"lazy\" decoding=\"async\" class=\"xz74otr x15mokao x1ga7v0g x16uus16 xbiv7yw\" src=\"https:\/\/static.xx.fbcdn.net\/images\/emoji.php\/v9\/t7e\/1\/16\/1f4c5.png\" alt=\"\ud83d\udcc5\" width=\"16\" height=\"16\" \/><\/span> S\u00e1bado 5 de julio<\/div>\n<div dir=\"auto\"><span class=\"html-span xexx8yu xyri2b x18d9i69 x1c1uobl x1hl2dhg x16tdsg8 x1vvkbs x3nfvp2 x1j61x8r x1fcty0u xdj266r xat24cr xm2jcoa x1mpyi22 xxymvpz xlup9mm x1kky2od\"><img loading=\"lazy\" decoding=\"async\" class=\"xz74otr x15mokao x1ga7v0g x16uus16 xbiv7yw\" src=\"https:\/\/static.xx.fbcdn.net\/images\/emoji.php\/v9\/t2b\/1\/16\/1f553.png\" alt=\"\ud83d\udd53\" width=\"16\" height=\"16\" \/><\/span> 16 hs<\/div>\n<div dir=\"auto\"><span class=\"html-span xexx8yu xyri2b x18d9i69 x1c1uobl x1hl2dhg x16tdsg8 x1vvkbs x3nfvp2 x1j61x8r x1fcty0u xdj266r xat24cr xm2jcoa x1mpyi22 xxymvpz xlup9mm x1kky2od\"><img loading=\"lazy\" decoding=\"async\" class=\"xz74otr x15mokao x1ga7v0g x16uus16 xbiv7yw\" src=\"https:\/\/static.xx.fbcdn.net\/images\/emoji.php\/v9\/t2d\/1\/16\/1f4cd.png\" alt=\"\ud83d\udccd\" width=\"16\" height=\"16\" \/><\/span> Hall de la Facultad de Arte (9 de Julio 430)<\/div>\n<\/div>\n<div class=\"x14z9mp xat24cr x1lziwak x1vvkbs xtlvy1s x126k92a\">\n<div dir=\"auto\">Un encuentro abierto con cooperativas culturales de la ciudad para compartir experiencias y pensar juntas los desaf\u00edos del presente<\/div>\n<div dir=\"auto\"><span class=\"html-span xdj266r x14z9mp xat24cr x1lziwak xexx8yu xyri2b x18d9i69 x1c1uobl x1hl2dhg x16tdsg8 x1vvkbs\"><a class=\"x1i10hfl xjbqb8w x1ejq31n x18oe1m7 x1sy0etr xstzfhl x972fbf x10w94by x1qhh985 x14e42zd x9f619 x1ypdohk xt0psk2 xe8uvvx xdj266r x14z9mp xat24cr x1lziwak xexx8yu xyri2b x18d9i69 x1c1uobl x16tdsg8 x1hl2dhg xggy1nq x1a2a7pz xkrqix3 x1sur9pj x1fey0fg x1s688f\" role=\"link\" href=\"https:\/\/www.instagram.com\/_u\/recoopartecooperativa?fbclid=IwZXh0bgNhZW0CMTAAYnJpZBExamVEaHJpeXlYWjQ0bFVPegEe6__P8uWEVjeiETErHm7adrwuYY3FULF7BdBco_R9fzmS0bYJ0-LQhNSgF3g_aem_tcFED1l2kqlKtMycCh4ang\" target=\"_blank\" rel=\"nofollow noopener noreferrer\">@recoopartecooperativa<\/a><\/span><\/div>\n<div dir=\"auto\"><span class=\"html-span xdj266r x14z9mp xat24cr x1lziwak xexx8yu xyri2b x18d9i69 x1c1uobl x1hl2dhg x16tdsg8 x1vvkbs\"><a class=\"x1i10hfl xjbqb8w x1ejq31n x18oe1m7 x1sy0etr xstzfhl x972fbf x10w94by x1qhh985 x14e42zd x9f619 x1ypdohk xt0psk2 xe8uvvx xdj266r x14z9mp xat24cr x1lziwak xexx8yu xyri2b x18d9i69 x1c1uobl x16tdsg8 x1hl2dhg xggy1nq x1a2a7pz xkrqix3 x1sur9pj x1fey0fg x1s688f\" role=\"link\" href=\"https:\/\/www.instagram.com\/_u\/drusa.coop?fbclid=IwZXh0bgNhZW0CMTAAYnJpZBExamVEaHJpeXlYWjQ0bFVPegEe6__P8uWEVjeiETErHm7adrwuYY3FULF7BdBco_R9fzmS0bYJ0-LQhNSgF3g_aem_tcFED1l2kqlKtMycCh4ang\" target=\"_blank\" rel=\"nofollow noopener noreferrer\">@drusa.coop<\/a><\/span><\/div>\n<div dir=\"auto\"><span class=\"html-span xdj266r x14z9mp xat24cr x1lziwak xexx8yu xyri2b x18d9i69 x1c1uobl x1hl2dhg x16tdsg8 x1vvkbs\"><a class=\"x1i10hfl xjbqb8w x1ejq31n x18oe1m7 x1sy0etr xstzfhl x972fbf x10w94by x1qhh985 x14e42zd x9f619 x1ypdohk xt0psk2 xe8uvvx xdj266r x14z9mp xat24cr x1lziwak xexx8yu xyri2b x18d9i69 x1c1uobl x16tdsg8 x1hl2dhg xggy1nq x1a2a7pz xkrqix3 x1sur9pj x1fey0fg x1s688f\" role=\"link\" href=\"https:\/\/www.instagram.com\/_u\/coope.minimovitalymovil?fbclid=IwZXh0bgNhZW0CMTAAYnJpZBExamVEaHJpeXlYWjQ0bFVPegEe6__P8uWEVjeiETErHm7adrwuYY3FULF7BdBco_R9fzmS0bYJ0-LQhNSgF3g_aem_tcFED1l2kqlKtMycCh4ang\" target=\"_blank\" rel=\"nofollow noopener noreferrer\">@coope.minimovitalymovil<\/a><\/span><\/div>\n<div dir=\"auto\">@cooperativa.cuco<\/div>\n<div dir=\"auto\"><span class=\"html-span xdj266r x14z9mp xat24cr x1lziwak xexx8yu xyri2b x18d9i69 x1c1uobl x1hl2dhg x16tdsg8 x1vvkbs\"><a class=\"x1i10hfl xjbqb8w x1ejq31n x18oe1m7 x1sy0etr xstzfhl x972fbf x10w94by x1qhh985 x14e42zd x9f619 x1ypdohk xt0psk2 xe8uvvx xdj266r x14z9mp xat24cr x1lziwak xexx8yu xyri2b x18d9i69 x1c1uobl x16tdsg8 x1hl2dhg xggy1nq x1a2a7pz xkrqix3 x1sur9pj x1fey0fg x1s688f\" role=\"link\" href=\"https:\/\/www.instagram.com\/_u\/990.espaciocultural?fbclid=IwZXh0bgNhZW0CMTAAYnJpZBExamVEaHJpeXlYWjQ0bFVPegEeY10kJgImY6HDnFtNT5007jhXmd8vn1pUkDTnkYG_eMD193dez1u1gcx5m_8_aem_CoRMd1mZhgJOy-7fWprkNQ\" target=\"_blank\" rel=\"nofollow noopener noreferrer\">@990.espaciocultural<\/a><\/span><\/div>\n<\/div>\n<div class=\"x14z9mp xat24cr x1lziwak x1vvkbs xtlvy1s x126k92a\">\n<div dir=\"auto\">Organizado por:<\/div>\n<div dir=\"auto\">Proyecto de Extensi\u00f3n \u201cFortalecimiento de Cooperativas del Sector Cultural\u201d <span class=\"html-span xdj266r x14z9mp xat24cr x1lziwak xexx8yu xyri2b x18d9i69 x1c1uobl x1hl2dhg x16tdsg8 x1vvkbs\"><a class=\"x1i10hfl xjbqb8w x1ejq31n x18oe1m7 x1sy0etr xstzfhl x972fbf x10w94by x1qhh985 x14e42zd x9f619 x1ypdohk xt0psk2 xe8uvvx xdj266r x14z9mp xat24cr x1lziwak xexx8yu xyri2b x18d9i69 x1c1uobl x16tdsg8 x1hl2dhg xggy1nq x1a2a7pz xkrqix3 x1sur9pj x1fey0fg x1s688f\" role=\"link\" href=\"https:\/\/l.facebook.com\/l.php?u=https%3A%2F%2Fwww.instagram.com%2F_u%2Fextensionunicen%3Ffbclid%3DIwZXh0bgNhZW0CMTAAYnJpZBExamVEaHJpeXlYWjQ0bFVPegEe8LX7gKqqtzLov9JkOUez5wuWmjxk-uym_L9ZvTI8dJdAMHPg9-tkIJBj0dA_aem_R5SKJmgumTAkLU62C4Jfmw&amp;h=AT0BiVgHgKmtmEE_BVedvtJGM_GZX7fjXRUgxBIW2vT4xB2PhrjixrViRA2DQooVr0SiNCDPfxC3YOk5YYJvhb_vAyQNDyyRAPhanIEo-nwL_uGalm89WINUAXf_DX2uhg&amp;__tn__=-UK-y-R&amp;c[0]=AT2ktFWB2G2g2GD0OOJuJWixj7pIAAsM0x6YZ_GgnoOSNG6i528PfYs5druMJz3gkez1h-x1ZeIjixofxMIz80aYCwRE-FjDHcZ4EhVyVxqHWnscyLkTt7AiV_4H4HdFapem_9Lo0gsT_RSzJUtfpp_-tCbrDTTKwhE9nnm7rA-HHFku_wuy4QVrLyW3tjOdZa3l40v5zL9uq7sfCHGmjlyZw6df-GXbzRuDVuvHVpQSEMLCwLqi\" target=\"_blank\" rel=\"nofollow noopener noreferrer\">@extensionunicen<\/a><\/span><\/div>\n<div dir=\"auto\">Secretar\u00eda de Extensi\u00f3n de la Facultad de Arte<\/div>\n<\/div>\n","protected":false},"excerpt":{"rendered":"<p>En el marco del D\u00eda Internacional del Cooperativismo, se propone un espacio de encuentro y di\u00e1logo Conversatorio: \u201cCooperativas en la econom\u00eda actual: redes, problem\u00e1ticas y desaf\u00edos comunes\u201d S\u00e1bado 5 de julio 16 hs Hall de la Facultad de Arte (9 de Julio 430) Un encuentro abierto con cooperativas culturales de la ciudad para compartir experiencias y pensar juntas los desaf\u00edos del presente @recoopartecooperativa @drusa.coop @coope.minimovitalymovil @cooperativa.cuco @990.espaciocultural Organizado por: Proyecto de Extensi\u00f3n \u201cFortalecimiento de Cooperativas del Sector Cultural\u201d @extensionunicen Secretar\u00eda de Extensi\u00f3n de la Facultad de Arte<\/p>\n","protected":false},"author":5,"featured_media":0,"comment_status":"closed","ping_status":"closed","template":"","meta":{"_tribe_events_status":"","_tribe_events_status_reason":""},"tags":[],"tribe_events_cat":[],"_links":{"self":[{"href":"https:\/\/www.arte.unicen.edu.ar\/entodas\/index.php?rest_route=\/wp\/v2\/tribe_events\/11602"}],"collection":[{"href":"https:\/\/www.arte.unicen.edu.ar\/entodas\/index.php?rest_route=\/wp\/v2\/tribe_events"}],"about":[{"href":"https:\/\/www.arte.unicen.edu.ar\/entodas\/index.php?rest_route=\/wp\/v2\/types\/tribe_events"}],"author":[{"embeddable":true,"href":"https:\/\/www.arte.unicen.edu.ar\/entodas\/index.php?rest_route=\/wp\/v2\/users\/5"}],"replies":[{"embeddable":true,"href":"https:\/\/www.arte.unicen.edu.ar\/entodas\/index.php?rest_route=%2Fwp%2Fv2%2Fcomments&post=11602"}],"version-history":[{"count":1,"href":"https:\/\/www.arte.unicen.edu.ar\/entodas\/index.php?rest_route=\/wp\/v2\/tribe_events\/11602\/revisions"}],"predecessor-version":[{"id":11603,"href":"https:\/\/www.arte.unicen.edu.ar\/entodas\/index.php?rest_route=\/wp\/v2\/tribe_events\/11602\/revisions\/11603"}],"wp:attachment":[{"href":"https:\/\/www.arte.unicen.edu.ar\/entodas\/index.php?rest_route=%2Fwp%2Fv2%2Fmedia&parent=11602"}],"wp:term":[{"taxonomy":"post_tag","embeddable":true,"href":"https:\/\/www.arte.unicen.edu.ar\/entodas\/index.php?rest_route=%2Fwp%2Fv2%2Ftags&post=11602"},{"taxonomy":"tribe_events_cat","embeddable":true,"href":"https:\/\/www.arte.unicen.edu.ar\/entodas\/index.php?rest_route=%2Fwp%2Fv2%2Ftribe_events_cat&post=11602"}],"curies":[{"name":"wp","href":"https:\/\/api.w.org\/{rel}","templated":true}]}}

ENCUENTRO POR EL DÍA INTERNACIONAL DEL COOPERATIVISMO &#8211; Conversatorio

<p><img loading="lazy" decoding="async" class="size-medium wp-image-11559 aligncenter" src="https://www.arte.unicen.edu.ar/entodas/wp-content/uploads/2025/07/WhatsApp-Image-2025-07-03-at-13.24.51-240x300.jpeg" alt="" width="240" height="300" /></p>
<div class="xdj266r x14z9mp xat24cr x1lziwak x1vvkbs x126k92a">
<div dir="auto">En el marco del Día Internacional del Cooperativismo, se propone un espacio de encuentro y diálogo <span class="html-span xexx8yu xyri2b x18d9i69 x1c1uobl x1hl2dhg x16tdsg8 x1vvkbs x3nfvp2 x1j61x8r x1fcty0u xdj266r xat24cr xm2jcoa x1mpyi22 xxymvpz xlup9mm x1kky2od"><img loading="lazy" decoding="async" class="xz74otr x15mokao x1ga7v0g x16uus16 xbiv7yw" src="https://static.xx.fbcdn.net/images/emoji.php/v9/tfb/1/16/1f5e3.png" alt="🗣️" width="16" height="16" /></span> Conversatorio: “Cooperativas en la economía actual: redes, problemáticas y desafíos comunes”</div>
<div dir="auto"><span class="html-span xexx8yu xyri2b x18d9i69 x1c1uobl x1hl2dhg x16tdsg8 x1vvkbs x3nfvp2 x1j61x8r x1fcty0u xdj266r xat24cr xm2jcoa x1mpyi22 xxymvpz xlup9mm x1kky2od"><img loading="lazy" decoding="async" class="xz74otr x15mokao x1ga7v0g x16uus16 xbiv7yw" src="https://static.xx.fbcdn.net/images/emoji.php/v9/t7e/1/16/1f4c5.png" alt="📅" width="16" height="16" /></span> Sábado 5 de julio</div>
<div dir="auto"><span class="html-span xexx8yu xyri2b x18d9i69 x1c1uobl x1hl2dhg x16tdsg8 x1vvkbs x3nfvp2 x1j61x8r x1fcty0u xdj266r xat24cr xm2jcoa x1mpyi22 xxymvpz xlup9mm x1kky2od"><img loading="lazy" decoding="async" class="xz74otr x15mokao x1ga7v0g x16uus16 xbiv7yw" src="https://static.xx.fbcdn.net/images/emoji.php/v9/t2b/1/16/1f553.png" alt="🕓" width="16" height="16" /></span> 16 hs</div>
<div dir="auto"><span class="html-span xexx8yu xyri2b x18d9i69 x1c1uobl x1hl2dhg x16tdsg8 x1vvkbs x3nfvp2 x1j61x8r x1fcty0u xdj266r xat24cr xm2jcoa x1mpyi22 xxymvpz xlup9mm x1kky2od"><img loading="lazy" decoding="async" class="xz74otr x15mokao x1ga7v0g x16uus16 xbiv7yw" src="https://static.xx.fbcdn.net/images/emoji.php/v9/t2d/1/16/1f4cd.png" alt="📍" width="16" height="16" /></span> Hall de la Facultad de Arte (9 de Julio 430)</div>
</div>
<div class="x14z9mp xat24cr x1lziwak x1vvkbs xtlvy1s x126k92a">
<div dir="auto">Un encuentro abierto con cooperativas culturales de la ciudad para compartir experiencias y pensar juntas los desafíos del presente</div>
<div dir="auto"><span class="html-span xdj266r x14z9mp xat24cr x1lziwak xexx8yu xyri2b x18d9i69 x1c1uobl x1hl2dhg x16tdsg8 x1vvkbs"><a class="x1i10hfl xjbqb8w x1ejq31n x18oe1m7 x1sy0etr xstzfhl x972fbf x10w94by x1qhh985 x14e42zd x9f619 x1ypdohk xt0psk2 xe8uvvx xdj266r x14z9mp xat24cr x1lziwak xexx8yu xyri2b x18d9i69 x1c1uobl x16tdsg8 x1hl2dhg xggy1nq x1a2a7pz xkrqix3 x1sur9pj x1fey0fg x1s688f" role="link" href="https://www.instagram.com/_u/recoopartecooperativa?fbclid=IwZXh0bgNhZW0CMTAAYnJpZBExamVEaHJpeXlYWjQ0bFVPegEe6__P8uWEVjeiETErHm7adrwuYY3FULF7BdBco_R9fzmS0bYJ0-LQhNSgF3g_aem_tcFED1l2kqlKtMycCh4ang" target="_blank" rel="nofollow noopener noreferrer">@recoopartecooperativa</a></span></div>
<div dir="auto"><span class="html-span xdj266r x14z9mp xat24cr x1lziwak xexx8yu xyri2b x18d9i69 x1c1uobl x1hl2dhg x16tdsg8 x1vvkbs"><a class="x1i10hfl xjbqb8w x1ejq31n x18oe1m7 x1sy0etr xstzfhl x972fbf x10w94by x1qhh985 x14e42zd x9f619 x1ypdohk xt0psk2 xe8uvvx xdj266r x14z9mp xat24cr x1lziwak xexx8yu xyri2b x18d9i69 x1c1uobl x16tdsg8 x1hl2dhg xggy1nq x1a2a7pz xkrqix3 x1sur9pj x1fey0fg x1s688f" role="link" href="https://www.instagram.com/_u/drusa.coop?fbclid=IwZXh0bgNhZW0CMTAAYnJpZBExamVEaHJpeXlYWjQ0bFVPegEe6__P8uWEVjeiETErHm7adrwuYY3FULF7BdBco_R9fzmS0bYJ0-LQhNSgF3g_aem_tcFED1l2kqlKtMycCh4ang" target="_blank" rel="nofollow noopener noreferrer">@drusa.coop</a></span></div>
<div dir="auto"><span class="html-span xdj266r x14z9mp xat24cr x1lziwak xexx8yu xyri2b x18d9i69 x1c1uobl x1hl2dhg x16tdsg8 x1vvkbs"><a class="x1i10hfl xjbqb8w x1ejq31n x18oe1m7 x1sy0etr xstzfhl x972fbf x10w94by x1qhh985 x14e42zd x9f619 x1ypdohk xt0psk2 xe8uvvx xdj266r x14z9mp xat24cr x1lziwak xexx8yu xyri2b x18d9i69 x1c1uobl x16tdsg8 x1hl2dhg xggy1nq x1a2a7pz xkrqix3 x1sur9pj x1fey0fg x1s688f" role="link" href="https://www.instagram.com/_u/coope.minimovitalymovil?fbclid=IwZXh0bgNhZW0CMTAAYnJpZBExamVEaHJpeXlYWjQ0bFVPegEe6__P8uWEVjeiETErHm7adrwuYY3FULF7BdBco_R9fzmS0bYJ0-LQhNSgF3g_aem_tcFED1l2kqlKtMycCh4ang" target="_blank" rel="nofollow noopener noreferrer">@coope.minimovitalymovil</a></span></div>
<div dir="auto">@cooperativa.cuco</div>
<div dir="auto"><span class="html-span xdj266r x14z9mp xat24cr x1lziwak xexx8yu xyri2b x18d9i69 x1c1uobl x1hl2dhg x16tdsg8 x1vvkbs"><a class="x1i10hfl xjbqb8w x1ejq31n x18oe1m7 x1sy0etr xstzfhl x972fbf x10w94by x1qhh985 x14e42zd x9f619 x1ypdohk xt0psk2 xe8uvvx xdj266r x14z9mp xat24cr x1lziwak xexx8yu xyri2b x18d9i69 x1c1uobl x16tdsg8 x1hl2dhg xggy1nq x1a2a7pz xkrqix3 x1sur9pj x1fey0fg x1s688f" role="link" href="https://www.instagram.com/_u/990.espaciocultural?fbclid=IwZXh0bgNhZW0CMTAAYnJpZBExamVEaHJpeXlYWjQ0bFVPegEeY10kJgImY6HDnFtNT5007jhXmd8vn1pUkDTnkYG_eMD193dez1u1gcx5m_8_aem_CoRMd1mZhgJOy-7fWprkNQ" target="_blank" rel="nofollow noopener noreferrer">@990.espaciocultural</a></span></div>
</div>
<div class="x14z9mp xat24cr x1lziwak x1vvkbs xtlvy1s x126k92a">
<div dir="auto">Organizado por:</div>
<div dir="auto">Proyecto de Extensión “Fortalecimiento de Cooperativas del Sector Cultural” <span class="html-span xdj266r x14z9mp xat24cr x1lziwak xexx8yu xyri2b x18d9i69 x1c1uobl x1hl2dhg x16tdsg8 x1vvkbs"><a class="x1i10hfl xjbqb8w x1ejq31n x18oe1m7 x1sy0etr xstzfhl x972fbf x10w94by x1qhh985 x14e42zd x9f619 x1ypdohk xt0psk2 xe8uvvx xdj266r x14z9mp xat24cr x1lziwak xexx8yu xyri2b x18d9i69 x1c1uobl x16tdsg8 x1hl2dhg xggy1nq x1a2a7pz xkrqix3 x1sur9pj x1fey0fg x1s688f" role="link" href="https://l.facebook.com/l.php?u=https%3A%2F%2Fwww.instagram.com%2F_u%2Fextensionunicen%3Ffbclid%3DIwZXh0bgNhZW0CMTAAYnJpZBExamVEaHJpeXlYWjQ0bFVPegEe8LX7gKqqtzLov9JkOUez5wuWmjxk-uym_L9ZvTI8dJdAMHPg9-tkIJBj0dA_aem_R5SKJmgumTAkLU62C4Jfmw&amp;h=AT0BiVgHgKmtmEE_BVedvtJGM_GZX7fjXRUgxBIW2vT4xB2PhrjixrViRA2DQooVr0SiNCDPfxC3YOk5YYJvhb_vAyQNDyyRAPhanIEo-nwL_uGalm89WINUAXf_DX2uhg&amp;__tn__=-UK-y-R&amp;c[0]=AT2ktFWB2G2g2GD0OOJuJWixj7pIAAsM0x6YZ_GgnoOSNG6i528PfYs5druMJz3gkez1h-x1ZeIjixofxMIz80aYCwRE-FjDHcZ4EhVyVxqHWnscyLkTt7AiV_4H4HdFapem_9Lo0gsT_RSzJUtfpp_-tCbrDTTKwhE9nnm7rA-HHFku_wuy4QVrLyW3tjOdZa3l40v5zL9uq7sfCHGmjlyZw6df-GXbzRuDVuvHVpQSEMLCwLqi" target="_blank" rel="nofollow noopener noreferrer">@extensionunicen</a></span></div>
<div dir="auto">Secretaría de Extensión de la Facultad de Arte</div>
</div>

<p>En el marco del Día Internacional del Cooperativismo, se propone un espacio de encuentro y diálogo Conversatorio: “Cooperativas en la economía actual: redes, problemáticas y desafíos comunes” Sábado 5 de julio 16 hs Hall de la Facultad de Arte (9 de Julio 430) Un encuentro abierto con cooperativas culturales de la ciudad para compartir experiencias y pensar juntas los desafíos del presente @recoopartecooperativa @drusa.coop @coope.minimovitalymovil @cooperativa.cuco @990.espaciocultural Organizado por: Proyecto de Extensión “Fortalecimiento de Cooperativas del Sector Cultural” @extensionunicen Secretaría de Extensión de la Facultad de Arte</p>
