{"id":11543,"date":"2025-07-03T13:39:57","date_gmt":"2025-07-03T16:39:57","guid":{"rendered":"https:\/\/www.arte.unicen.edu.ar\/entodas\/?post_type=tribe_events&#038;p=11543"},"modified":"2025-07-03T13:39:57","modified_gmt":"2025-07-03T16:39:57","slug":"hijo-del-campo-teatro-3","status":"publish","type":"tribe_events","link":"https:\/\/www.arte.unicen.edu.ar\/entodas\/?tribe_events=hijo-del-campo-teatro-3","title":{"rendered":"HIJO DEL CAMPO &#8211; Teatro"},"content":{"rendered":"<p><img loading=\"lazy\" decoding=\"async\" class=\"size-medium wp-image-11544 aligncenter\" src=\"https:\/\/www.arte.unicen.edu.ar\/entodas\/wp-content\/uploads\/2025\/07\/WhatsApp-Image-2025-06-30-at-08.31.23-300x300.jpeg\" alt=\"\" width=\"300\" height=\"300\" srcset=\"https:\/\/www.arte.unicen.edu.ar\/entodas\/wp-content\/uploads\/2025\/07\/WhatsApp-Image-2025-06-30-at-08.31.23-300x300.jpeg 300w, https:\/\/www.arte.unicen.edu.ar\/entodas\/wp-content\/uploads\/2025\/07\/WhatsApp-Image-2025-06-30-at-08.31.23-800x800.jpeg 800w, https:\/\/www.arte.unicen.edu.ar\/entodas\/wp-content\/uploads\/2025\/07\/WhatsApp-Image-2025-06-30-at-08.31.23-768x768.jpeg 768w, https:\/\/www.arte.unicen.edu.ar\/entodas\/wp-content\/uploads\/2025\/07\/WhatsApp-Image-2025-06-30-at-08.31.23-1536x1536.jpeg 1536w, https:\/\/www.arte.unicen.edu.ar\/entodas\/wp-content\/uploads\/2025\/07\/WhatsApp-Image-2025-06-30-at-08.31.23-2048x2048.jpeg 2048w\" sizes=\"(max-width: 300px) 100vw, 300px\" \/><\/p>\n<p>El viernes 4 a las 21 hs se presenta la obra de Martin Marcou HIJO DEL CAMPO en una \u00fanica funci\u00f3n en el Teatro Bajosuelo antes de iniciar una Gira por las Provincias de Salta y Jujuy.<br \/>\nEl prop\u00f3sito es compartir esta versi\u00f3n de Hijo del campo en formato Unipersonal preparada especialmente para Festivales o Giras,como fue el caso de Mon\u00f3logos al viento en la pcia de Santa Cruz donde la obra fue reconocida con el premio a Mejor espect\u00e1culo.<br \/>\nLa obra esta protagonizada por Adrian Polich con Asistencia de Nazareno Di Biasse y la Direcci\u00f3n de Gustavo Lazarte.<br \/>\nTe esperamos para disfrutar de esta emocionante historia y con la compra de tu entrada colaboras con la Gira que llevara a la obra hasta la extrema ciudad de Humahuaca.<br \/>\nReservas al 2494270833<\/p>\n","protected":false},"excerpt":{"rendered":"<p>El viernes 4 a las 21 hs se presenta la obra de Martin Marcou HIJO DEL CAMPO en una \u00fanica funci\u00f3n en el Teatro Bajosuelo antes de iniciar una Gira por las Provincias de Salta y Jujuy. El prop\u00f3sito es compartir esta versi\u00f3n de Hijo del campo en formato Unipersonal preparada especialmente para Festivales o Giras,como fue el caso de Mon\u00f3logos al viento en la pcia de Santa Cruz donde la obra fue reconocida con el premio a Mejor espect\u00e1culo. La obra esta protagonizada por Adrian Polich con Asistencia de Nazareno Di Biasse y la Direcci\u00f3n de Gustavo Lazarte. Te esperamos para disfrutar de esta emocionante historia y con la compra de tu entrada colaboras con la Gira que llevara a la obra hasta la extrema ciudad de Humahuaca. Reservas al 2494270833<\/p>\n","protected":false},"author":5,"featured_media":11544,"comment_status":"closed","ping_status":"closed","template":"","meta":{"_tribe_events_status":"","_tribe_events_status_reason":""},"tags":[],"tribe_events_cat":[],"_links":{"self":[{"href":"https:\/\/www.arte.unicen.edu.ar\/entodas\/index.php?rest_route=\/wp\/v2\/tribe_events\/11543"}],"collection":[{"href":"https:\/\/www.arte.unicen.edu.ar\/entodas\/index.php?rest_route=\/wp\/v2\/tribe_events"}],"about":[{"href":"https:\/\/www.arte.unicen.edu.ar\/entodas\/index.php?rest_route=\/wp\/v2\/types\/tribe_events"}],"author":[{"embeddable":true,"href":"https:\/\/www.arte.unicen.edu.ar\/entodas\/index.php?rest_route=\/wp\/v2\/users\/5"}],"replies":[{"embeddable":true,"href":"https:\/\/www.arte.unicen.edu.ar\/entodas\/index.php?rest_route=%2Fwp%2Fv2%2Fcomments&post=11543"}],"version-history":[{"count":1,"href":"https:\/\/www.arte.unicen.edu.ar\/entodas\/index.php?rest_route=\/wp\/v2\/tribe_events\/11543\/revisions"}],"predecessor-version":[{"id":11561,"href":"https:\/\/www.arte.unicen.edu.ar\/entodas\/index.php?rest_route=\/wp\/v2\/tribe_events\/11543\/revisions\/11561"}],"wp:featuredmedia":[{"embeddable":true,"href":"https:\/\/www.arte.unicen.edu.ar\/entodas\/index.php?rest_route=\/wp\/v2\/media\/11544"}],"wp:attachment":[{"href":"https:\/\/www.arte.unicen.edu.ar\/entodas\/index.php?rest_route=%2Fwp%2Fv2%2Fmedia&parent=11543"}],"wp:term":[{"taxonomy":"post_tag","embeddable":true,"href":"https:\/\/www.arte.unicen.edu.ar\/entodas\/index.php?rest_route=%2Fwp%2Fv2%2Ftags&post=11543"},{"taxonomy":"tribe_events_cat","embeddable":true,"href":"https:\/\/www.arte.unicen.edu.ar\/entodas\/index.php?rest_route=%2Fwp%2Fv2%2Ftribe_events_cat&post=11543"}],"curies":[{"name":"wp","href":"https:\/\/api.w.org\/{rel}","templated":true}]}}

<p><img loading="lazy" decoding="async" class="size-medium wp-image-11544 aligncenter" src="https://www.arte.unicen.edu.ar/entodas/wp-content/uploads/2025/07/WhatsApp-Image-2025-06-30-at-08.31.23-300x300.jpeg" alt="" width="300" height="300" srcset="https://www.arte.unicen.edu.ar/entodas/wp-content/uploads/2025/07/WhatsApp-Image-2025-06-30-at-08.31.23-300x300.jpeg 300w, https://www.arte.unicen.edu.ar/entodas/wp-content/uploads/2025/07/WhatsApp-Image-2025-06-30-at-08.31.23-800x800.jpeg 800w, https://www.arte.unicen.edu.ar/entodas/wp-content/uploads/2025/07/WhatsApp-Image-2025-06-30-at-08.31.23-768x768.jpeg 768w, https://www.arte.unicen.edu.ar/entodas/wp-content/uploads/2025/07/WhatsApp-Image-2025-06-30-at-08.31.23-1536x1536.jpeg 1536w, https://www.arte.unicen.edu.ar/entodas/wp-content/uploads/2025/07/WhatsApp-Image-2025-06-30-at-08.31.23-2048x2048.jpeg 2048w" sizes="(max-width: 300px) 100vw, 300px" /></p>
<p>El viernes 4 a las 21 hs se presenta la obra de Martin Marcou HIJO DEL CAMPO en una única función en el Teatro Bajosuelo antes de iniciar una Gira por las Provincias de Salta y Jujuy.<br />
El propósito es compartir esta versión de Hijo del campo en formato Unipersonal preparada especialmente para Festivales o Giras,como fue el caso de Monólogos al viento en la pcia de Santa Cruz donde la obra fue reconocida con el premio a Mejor espectáculo.<br />
La obra esta protagonizada por Adrian Polich con Asistencia de Nazareno Di Biasse y la Dirección de Gustavo Lazarte.<br />
Te esperamos para disfrutar de esta emocionante historia y con la compra de tu entrada colaboras con la Gira que llevara a la obra hasta la extrema ciudad de Humahuaca.<br />
Reservas al 2494270833</p>

<p>El viernes 4 a las 21 hs se presenta la obra de Martin Marcou HIJO DEL CAMPO en una única función en el Teatro Bajosuelo antes de iniciar una Gira por las Provincias de Salta y Jujuy. El propósito es compartir esta versión de Hijo del campo en formato Unipersonal preparada especialmente para Festivales o Giras,como fue el caso de Monólogos al viento en la pcia de Santa Cruz donde la obra fue reconocida con el premio a Mejor espectáculo. La obra esta protagonizada por Adrian Polich con Asistencia de Nazareno Di Biasse y la Dirección de Gustavo Lazarte. Te esperamos para disfrutar de esta emocionante historia y con la compra de tu entrada colaboras con la Gira que llevara a la obra hasta la extrema ciudad de Humahuaca. Reservas al 2494270833</p>
