{"id":11537,"date":"2025-06-26T12:58:14","date_gmt":"2025-06-26T15:58:14","guid":{"rendered":"https:\/\/www.arte.unicen.edu.ar\/entodas\/?post_type=tribe_events&#038;p=11537"},"modified":"2025-06-26T12:58:14","modified_gmt":"2025-06-26T15:58:14","slug":"1925-el-ano-del-cine-proyeccion-de-cine-club-tandil","status":"publish","type":"tribe_events","link":"https:\/\/www.arte.unicen.edu.ar\/entodas\/?tribe_events=1925-el-ano-del-cine-proyeccion-de-cine-club-tandil","title":{"rendered":"1925 EL A\u00d1O DEL CINE &#8211; Proyecci\u00f3n de Cine Club Tandil"},"content":{"rendered":"<p><img loading=\"lazy\" decoding=\"async\" class=\"size-medium wp-image-11510 aligncenter\" src=\"https:\/\/www.arte.unicen.edu.ar\/entodas\/wp-content\/uploads\/2025\/06\/WhatsApp-Image-2025-06-26-at-10.58.41-252x300.jpeg\" alt=\"\" width=\"252\" height=\"300\" srcset=\"https:\/\/www.arte.unicen.edu.ar\/entodas\/wp-content\/uploads\/2025\/06\/WhatsApp-Image-2025-06-26-at-10.58.41-252x300.jpeg 252w, https:\/\/www.arte.unicen.edu.ar\/entodas\/wp-content\/uploads\/2025\/06\/WhatsApp-Image-2025-06-26-at-10.58.41-673x800.jpeg 673w, https:\/\/www.arte.unicen.edu.ar\/entodas\/wp-content\/uploads\/2025\/06\/WhatsApp-Image-2025-06-26-at-10.58.41-768x914.jpeg 768w, https:\/\/www.arte.unicen.edu.ar\/entodas\/wp-content\/uploads\/2025\/06\/WhatsApp-Image-2025-06-26-at-10.58.41.jpeg 807w\" sizes=\"(max-width: 252px) 100vw, 252px\" \/><\/p>\n<p>\ud83c\udfac\u2728 \u00a1VIAJE EN EL TIEMPO AL NACIMIENTO DEL CINE! \u2728\ud83c\udfac<\/p>\n<p>Este viernes 27 de junio (\u00a1agendalo ya!), el Cine Club Tandil te invita a una experiencia \u00fanica: &#8220;1925, El A\u00f1o del Cine&#8221;. \ud83c\udf9e\ufe0f\ud83c\udf7f<\/p>\n<p>Descubr\u00ed por qu\u00e9 1925 fue clave, con obras maestras de Chaplin, Hitchcock, Eisenstein, Greta Garbo y muchos m\u00e1s. Un encuentro para revivir el arte que cambi\u00f3 el mundo.<\/p>\n<p>\ud83d\udccd Sala Multicultural (Chacabuco 517)<br \/>\n\u23f0 19 HS<br \/>\n\ud83d\udcb2 \u00a1Entrada LIBRE y GRATUITA!<\/p>\n<p>No te pierdas esta joya del s\u00e9ptimo arte. \u00a1Ideal para amantes del cine cl\u00e1sico y curiosos de la historia!<\/p>\n","protected":false},"excerpt":{"rendered":"<p>\ud83c\udfac\u2728 \u00a1VIAJE EN EL TIEMPO AL NACIMIENTO DEL CINE! \u2728\ud83c\udfac Este viernes 27 de junio (\u00a1agendalo ya!), el Cine Club Tandil te invita a una experiencia \u00fanica: &#8220;1925, El A\u00f1o del Cine&#8221;. \ud83c\udf9e\ufe0f\ud83c\udf7f Descubr\u00ed por qu\u00e9 1925 fue clave, con obras maestras de Chaplin, Hitchcock, Eisenstein, Greta Garbo y muchos m\u00e1s. Un encuentro para revivir el arte que cambi\u00f3 el mundo. \ud83d\udccd Sala Multicultural (Chacabuco 517) \u23f0 19 HS \ud83d\udcb2 \u00a1Entrada LIBRE y GRATUITA! No te pierdas esta joya del s\u00e9ptimo arte. \u00a1Ideal para amantes del cine cl\u00e1sico y curiosos de la historia!<\/p>\n","protected":false},"author":5,"featured_media":11510,"comment_status":"closed","ping_status":"closed","template":"","meta":{"_tribe_events_status":"","_tribe_events_status_reason":""},"tags":[],"tribe_events_cat":[],"_links":{"self":[{"href":"https:\/\/www.arte.unicen.edu.ar\/entodas\/index.php?rest_route=\/wp\/v2\/tribe_events\/11537"}],"collection":[{"href":"https:\/\/www.arte.unicen.edu.ar\/entodas\/index.php?rest_route=\/wp\/v2\/tribe_events"}],"about":[{"href":"https:\/\/www.arte.unicen.edu.ar\/entodas\/index.php?rest_route=\/wp\/v2\/types\/tribe_events"}],"author":[{"embeddable":true,"href":"https:\/\/www.arte.unicen.edu.ar\/entodas\/index.php?rest_route=\/wp\/v2\/users\/5"}],"replies":[{"embeddable":true,"href":"https:\/\/www.arte.unicen.edu.ar\/entodas\/index.php?rest_route=%2Fwp%2Fv2%2Fcomments&post=11537"}],"version-history":[{"count":1,"href":"https:\/\/www.arte.unicen.edu.ar\/entodas\/index.php?rest_route=\/wp\/v2\/tribe_events\/11537\/revisions"}],"predecessor-version":[{"id":11538,"href":"https:\/\/www.arte.unicen.edu.ar\/entodas\/index.php?rest_route=\/wp\/v2\/tribe_events\/11537\/revisions\/11538"}],"wp:featuredmedia":[{"embeddable":true,"href":"https:\/\/www.arte.unicen.edu.ar\/entodas\/index.php?rest_route=\/wp\/v2\/media\/11510"}],"wp:attachment":[{"href":"https:\/\/www.arte.unicen.edu.ar\/entodas\/index.php?rest_route=%2Fwp%2Fv2%2Fmedia&parent=11537"}],"wp:term":[{"taxonomy":"post_tag","embeddable":true,"href":"https:\/\/www.arte.unicen.edu.ar\/entodas\/index.php?rest_route=%2Fwp%2Fv2%2Ftags&post=11537"},{"taxonomy":"tribe_events_cat","embeddable":true,"href":"https:\/\/www.arte.unicen.edu.ar\/entodas\/index.php?rest_route=%2Fwp%2Fv2%2Ftribe_events_cat&post=11537"}],"curies":[{"name":"wp","href":"https:\/\/api.w.org\/{rel}","templated":true}]}}

1925 EL AÑO DEL CINE &#8211; Proyección de Cine Club Tandil

<p><img loading="lazy" decoding="async" class="size-medium wp-image-11510 aligncenter" src="https://www.arte.unicen.edu.ar/entodas/wp-content/uploads/2025/06/WhatsApp-Image-2025-06-26-at-10.58.41-252x300.jpeg" alt="" width="252" height="300" srcset="https://www.arte.unicen.edu.ar/entodas/wp-content/uploads/2025/06/WhatsApp-Image-2025-06-26-at-10.58.41-252x300.jpeg 252w, https://www.arte.unicen.edu.ar/entodas/wp-content/uploads/2025/06/WhatsApp-Image-2025-06-26-at-10.58.41-673x800.jpeg 673w, https://www.arte.unicen.edu.ar/entodas/wp-content/uploads/2025/06/WhatsApp-Image-2025-06-26-at-10.58.41-768x914.jpeg 768w, https://www.arte.unicen.edu.ar/entodas/wp-content/uploads/2025/06/WhatsApp-Image-2025-06-26-at-10.58.41.jpeg 807w" sizes="(max-width: 252px) 100vw, 252px" /></p>
<p>🎬✨ ¡VIAJE EN EL TIEMPO AL NACIMIENTO DEL CINE! ✨🎬</p>
<p>Este viernes 27 de junio (¡agendalo ya!), el Cine Club Tandil te invita a una experiencia única: &#8220;1925, El Año del Cine&#8221;. 🎞️🍿</p>
<p>Descubrí por qué 1925 fue clave, con obras maestras de Chaplin, Hitchcock, Eisenstein, Greta Garbo y muchos más. Un encuentro para revivir el arte que cambió el mundo.</p>
<p>📍 Sala Multicultural (Chacabuco 517)<br />
⏰ 19 HS<br />
💲 ¡Entrada LIBRE y GRATUITA!</p>
<p>No te pierdas esta joya del séptimo arte. ¡Ideal para amantes del cine clásico y curiosos de la historia!</p>

<p>🎬✨ ¡VIAJE EN EL TIEMPO AL NACIMIENTO DEL CINE! ✨🎬 Este viernes 27 de junio (¡agendalo ya!), el Cine Club Tandil te invita a una experiencia única: &#8220;1925, El Año del Cine&#8221;. 🎞️🍿 Descubrí por qué 1925 fue clave, con obras maestras de Chaplin, Hitchcock, Eisenstein, Greta Garbo y muchos más. Un encuentro para revivir el arte que cambió el mundo. 📍 Sala Multicultural (Chacabuco 517) ⏰ 19 HS 💲 ¡Entrada LIBRE y GRATUITA! No te pierdas esta joya del séptimo arte. ¡Ideal para amantes del cine clásico y curiosos de la historia!</p>
