{"id":11481,"date":"2025-06-19T13:45:52","date_gmt":"2025-06-19T16:45:52","guid":{"rendered":"https:\/\/www.arte.unicen.edu.ar\/entodas\/?post_type=tribe_events&#038;p=11481"},"modified":"2025-06-19T13:45:52","modified_gmt":"2025-06-19T16:45:52","slug":"el-silencio-de-los-hombres-cine-debate","status":"publish","type":"tribe_events","link":"https:\/\/www.arte.unicen.edu.ar\/entodas\/?tribe_events=el-silencio-de-los-hombres-cine-debate","title":{"rendered":"EL SILENCIO DE LOS HOMBRES &#8211; Cine debate"},"content":{"rendered":"<p><img loading=\"lazy\" decoding=\"async\" class=\"size-medium wp-image-11462 aligncenter\" src=\"https:\/\/www.arte.unicen.edu.ar\/entodas\/wp-content\/uploads\/2025\/06\/WhatsApp-Image-2025-06-19-at-11.38.07-293x300.jpeg\" alt=\"\" width=\"293\" height=\"300\" srcset=\"https:\/\/www.arte.unicen.edu.ar\/entodas\/wp-content\/uploads\/2025\/06\/WhatsApp-Image-2025-06-19-at-11.38.07-293x300.jpeg 293w, https:\/\/www.arte.unicen.edu.ar\/entodas\/wp-content\/uploads\/2025\/06\/WhatsApp-Image-2025-06-19-at-11.38.07-783x800.jpeg 783w, https:\/\/www.arte.unicen.edu.ar\/entodas\/wp-content\/uploads\/2025\/06\/WhatsApp-Image-2025-06-19-at-11.38.07-768x785.jpeg 768w, https:\/\/www.arte.unicen.edu.ar\/entodas\/wp-content\/uploads\/2025\/06\/WhatsApp-Image-2025-06-19-at-11.38.07.jpeg 948w\" sizes=\"(max-width: 293px) 100vw, 293px\" \/><\/p>\n<p>&nbsp;<\/p>\n<p>Este s\u00e1bado en Tandil: cine y charla<br \/>\nSe proyecta El silencio de los hombres, de Luc\u00eda Lubarsky, con la presencia de la directora.<br \/>\nUna pel\u00edcula profunda y necesaria sobre masculinidades, mandatos, silencios y emociones.<\/p>\n<p>\ud83d\uddd3\ufe0f S\u00e1bado 21 de junio \u2013 18:00 h<br \/>\n\ud83d\udccd Centro Cultural La Compa\u00f1\u00eda (Alsina 1242)<br \/>\n\ud83d\ude4c Invitan: Biblioteca Popular de las Mujeres y La Compa\u00f1\u00eda<br \/>\n\ud83e\udec2 Colabora: Direcci\u00f3n de Pol\u00edticas de G\u00e9nero del Municipio de Tandil<br \/>\nApta +13<\/p>\n","protected":false},"excerpt":{"rendered":"<p>&nbsp; Este s\u00e1bado en Tandil: cine y charla Se proyecta El silencio de los hombres, de Luc\u00eda Lubarsky, con la presencia de la directora. Una pel\u00edcula profunda y necesaria sobre masculinidades, mandatos, silencios y emociones. \ud83d\uddd3\ufe0f S\u00e1bado 21 de junio \u2013 18:00 h \ud83d\udccd Centro Cultural La Compa\u00f1\u00eda (Alsina 1242) \ud83d\ude4c Invitan: Biblioteca Popular de las Mujeres y La Compa\u00f1\u00eda \ud83e\udec2 Colabora: Direcci\u00f3n de Pol\u00edticas de G\u00e9nero del Municipio de Tandil Apta +13<\/p>\n","protected":false},"author":5,"featured_media":11462,"comment_status":"closed","ping_status":"closed","template":"","meta":{"_tribe_events_status":"","_tribe_events_status_reason":""},"tags":[],"tribe_events_cat":[],"_links":{"self":[{"href":"https:\/\/www.arte.unicen.edu.ar\/entodas\/index.php?rest_route=\/wp\/v2\/tribe_events\/11481"}],"collection":[{"href":"https:\/\/www.arte.unicen.edu.ar\/entodas\/index.php?rest_route=\/wp\/v2\/tribe_events"}],"about":[{"href":"https:\/\/www.arte.unicen.edu.ar\/entodas\/index.php?rest_route=\/wp\/v2\/types\/tribe_events"}],"author":[{"embeddable":true,"href":"https:\/\/www.arte.unicen.edu.ar\/entodas\/index.php?rest_route=\/wp\/v2\/users\/5"}],"replies":[{"embeddable":true,"href":"https:\/\/www.arte.unicen.edu.ar\/entodas\/index.php?rest_route=%2Fwp%2Fv2%2Fcomments&post=11481"}],"version-history":[{"count":1,"href":"https:\/\/www.arte.unicen.edu.ar\/entodas\/index.php?rest_route=\/wp\/v2\/tribe_events\/11481\/revisions"}],"predecessor-version":[{"id":11482,"href":"https:\/\/www.arte.unicen.edu.ar\/entodas\/index.php?rest_route=\/wp\/v2\/tribe_events\/11481\/revisions\/11482"}],"wp:featuredmedia":[{"embeddable":true,"href":"https:\/\/www.arte.unicen.edu.ar\/entodas\/index.php?rest_route=\/wp\/v2\/media\/11462"}],"wp:attachment":[{"href":"https:\/\/www.arte.unicen.edu.ar\/entodas\/index.php?rest_route=%2Fwp%2Fv2%2Fmedia&parent=11481"}],"wp:term":[{"taxonomy":"post_tag","embeddable":true,"href":"https:\/\/www.arte.unicen.edu.ar\/entodas\/index.php?rest_route=%2Fwp%2Fv2%2Ftags&post=11481"},{"taxonomy":"tribe_events_cat","embeddable":true,"href":"https:\/\/www.arte.unicen.edu.ar\/entodas\/index.php?rest_route=%2Fwp%2Fv2%2Ftribe_events_cat&post=11481"}],"curies":[{"name":"wp","href":"https:\/\/api.w.org\/{rel}","templated":true}]}}

<p><img loading="lazy" decoding="async" class="size-medium wp-image-11462 aligncenter" src="https://www.arte.unicen.edu.ar/entodas/wp-content/uploads/2025/06/WhatsApp-Image-2025-06-19-at-11.38.07-293x300.jpeg" alt="" width="293" height="300" srcset="https://www.arte.unicen.edu.ar/entodas/wp-content/uploads/2025/06/WhatsApp-Image-2025-06-19-at-11.38.07-293x300.jpeg 293w, https://www.arte.unicen.edu.ar/entodas/wp-content/uploads/2025/06/WhatsApp-Image-2025-06-19-at-11.38.07-783x800.jpeg 783w, https://www.arte.unicen.edu.ar/entodas/wp-content/uploads/2025/06/WhatsApp-Image-2025-06-19-at-11.38.07-768x785.jpeg 768w, https://www.arte.unicen.edu.ar/entodas/wp-content/uploads/2025/06/WhatsApp-Image-2025-06-19-at-11.38.07.jpeg 948w" sizes="(max-width: 293px) 100vw, 293px" /></p>
<p>&nbsp;</p>
<p>Este sábado en Tandil: cine y charla<br />
Se proyecta El silencio de los hombres, de Lucía Lubarsky, con la presencia de la directora.<br />
Una película profunda y necesaria sobre masculinidades, mandatos, silencios y emociones.</p>
<p>🗓️ Sábado 21 de junio – 18:00 h<br />
📍 Centro Cultural La Compañía (Alsina 1242)<br />
🙌 Invitan: Biblioteca Popular de las Mujeres y La Compañía<br />
🫂 Colabora: Dirección de Políticas de Género del Municipio de Tandil<br />
Apta +13</p>

<p>&nbsp; Este sábado en Tandil: cine y charla Se proyecta El silencio de los hombres, de Lucía Lubarsky, con la presencia de la directora. Una película profunda y necesaria sobre masculinidades, mandatos, silencios y emociones. 🗓️ Sábado 21 de junio – 18:00 h 📍 Centro Cultural La Compañía (Alsina 1242) 🙌 Invitan: Biblioteca Popular de las Mujeres y La Compañía 🫂 Colabora: Dirección de Políticas de Género del Municipio de Tandil Apta +13</p>
