{"id":11477,"date":"2025-06-19T13:34:53","date_gmt":"2025-06-19T16:34:53","guid":{"rendered":"https:\/\/www.arte.unicen.edu.ar\/entodas\/?post_type=tribe_events&#038;p=11477"},"modified":"2025-06-19T13:34:53","modified_gmt":"2025-06-19T16:34:53","slug":"el-sonido-de-antes-cine","status":"publish","type":"tribe_events","link":"https:\/\/www.arte.unicen.edu.ar\/entodas\/?tribe_events=el-sonido-de-antes-cine","title":{"rendered":"EL SONIDO DE ANTES &#8211; Cine"},"content":{"rendered":"<p><img loading=\"lazy\" decoding=\"async\" class=\"size-medium wp-image-11460 aligncenter\" src=\"https:\/\/www.arte.unicen.edu.ar\/entodas\/wp-content\/uploads\/2025\/06\/WhatsApp-Image-2025-06-19-at-11.26.29-1-148x300.jpeg\" alt=\"\" width=\"148\" height=\"300\" srcset=\"https:\/\/www.arte.unicen.edu.ar\/entodas\/wp-content\/uploads\/2025\/06\/WhatsApp-Image-2025-06-19-at-11.26.29-1-148x300.jpeg 148w, https:\/\/www.arte.unicen.edu.ar\/entodas\/wp-content\/uploads\/2025\/06\/WhatsApp-Image-2025-06-19-at-11.26.29-1-393x800.jpeg 393w, https:\/\/www.arte.unicen.edu.ar\/entodas\/wp-content\/uploads\/2025\/06\/WhatsApp-Image-2025-06-19-at-11.26.29-1.jpeg 531w\" sizes=\"(max-width: 148px) 100vw, 148px\" \/><\/p>\n<p>&nbsp;<\/p>\n<div dir=\"auto\">El sonido<\/div>\n<div dir=\"auto\">de antes<\/div>\n<div dir=\"auto\">Dir. Yael Szmulewicz<\/div>\n<div dir=\"auto\">Documental &#8211; ATP &#8211; 76min<\/div>\n<div dir=\"auto\">Lunes 23 junio 20h<\/div>\n<div dir=\"auto\">Martes 24 junio 20h<\/div>\n<div dir=\"auto\">Entrada Gral: $2000 &#8211; Est., jub: $1000<\/div>\n<div dir=\"auto\">Funci\u00f3n Espacios INCAA<\/div>\n<div dir=\"auto\">**En la funci\u00f3n de lunes 23\/6 contaremos con la presencia de la directora Yael Szmulewicz y el protagonista Patricio Crom.<\/div>\n<div dir=\"auto\">Sinopsis: Patricio Crom, un coleccionista de guitarras se encuentra con una guitarra boca de estrella -como la que usaba Gardel- y de la mano de guitarristas, especialistas en sistemas de grabaci\u00f3n ac\u00fastica y luther\u00eda, se propone recuperar su sonido original.<\/div>\n<div dir=\"auto\">\n<div class=\"x14z9mp xat24cr x1lziwak x1vvkbs xtlvy1s x126k92a\">\n<div dir=\"auto\">Las entradas pueden adquirirse en la boleter\u00eda de la sala a partir del pr\u00f3ximo s\u00e1bado en los horarios de boleter\u00eda. S\u00e1bado 21, domingo 22, lunes 23 y martes 24 de junio de 17 a 20hSe acepta pago con d\u00e9bito o Qr.<\/div>\n<div dir=\"auto\">El Espacio INCAA UNICEN depende del \u00c1rea de Cultura de la UNCPBA y funciona en el Auditorium del Centro Cultural Universitario (Yrigoyen 662\/Tandil).<\/div>\n<\/div>\n<div class=\"x14z9mp xat24cr x1lziwak x1vvkbs xtlvy1s x126k92a\">\n<div dir=\"auto\">\u00a1El Cine de la Universidad!<\/div>\n<\/div>\n<\/div>\n","protected":false},"excerpt":{"rendered":"<p>&nbsp; El sonido de antes Dir. Yael Szmulewicz Documental &#8211; ATP &#8211; 76min Lunes 23 junio 20h Martes 24 junio 20h Entrada Gral: $2000 &#8211; Est., jub: $1000 Funci\u00f3n Espacios INCAA **En la funci\u00f3n de lunes 23\/6 contaremos con la presencia de la directora Yael Szmulewicz y el protagonista Patricio Crom. Sinopsis: Patricio Crom, un coleccionista de guitarras se encuentra con una guitarra boca de estrella -como la que usaba Gardel- y de la mano de guitarristas, especialistas en sistemas de grabaci\u00f3n ac\u00fastica y luther\u00eda, se propone recuperar su sonido original. Las entradas pueden adquirirse en la boleter\u00eda de la sala a partir del pr\u00f3ximo s\u00e1bado en los horarios de boleter\u00eda. S\u00e1bado 21, domingo 22, lunes 23 y martes 24 de junio de 17 a 20hSe acepta pago con d\u00e9bito o Qr. El Espacio INCAA UNICEN depende del \u00c1rea de Cultura de la UNCPBA y funciona en el Auditorium del&hellip;<\/p>\n<p> <a class=\"more-link\" href=\"https:\/\/www.arte.unicen.edu.ar\/entodas\/?tribe_events=el-sonido-de-antes-cine\">Read more<\/a><\/p>\n","protected":false},"author":5,"featured_media":11460,"comment_status":"closed","ping_status":"closed","template":"","meta":{"_tribe_events_status":"","_tribe_events_status_reason":""},"tags":[],"tribe_events_cat":[],"_links":{"self":[{"href":"https:\/\/www.arte.unicen.edu.ar\/entodas\/index.php?rest_route=\/wp\/v2\/tribe_events\/11477"}],"collection":[{"href":"https:\/\/www.arte.unicen.edu.ar\/entodas\/index.php?rest_route=\/wp\/v2\/tribe_events"}],"about":[{"href":"https:\/\/www.arte.unicen.edu.ar\/entodas\/index.php?rest_route=\/wp\/v2\/types\/tribe_events"}],"author":[{"embeddable":true,"href":"https:\/\/www.arte.unicen.edu.ar\/entodas\/index.php?rest_route=\/wp\/v2\/users\/5"}],"replies":[{"embeddable":true,"href":"https:\/\/www.arte.unicen.edu.ar\/entodas\/index.php?rest_route=%2Fwp%2Fv2%2Fcomments&post=11477"}],"version-history":[{"count":1,"href":"https:\/\/www.arte.unicen.edu.ar\/entodas\/index.php?rest_route=\/wp\/v2\/tribe_events\/11477\/revisions"}],"predecessor-version":[{"id":11478,"href":"https:\/\/www.arte.unicen.edu.ar\/entodas\/index.php?rest_route=\/wp\/v2\/tribe_events\/11477\/revisions\/11478"}],"wp:featuredmedia":[{"embeddable":true,"href":"https:\/\/www.arte.unicen.edu.ar\/entodas\/index.php?rest_route=\/wp\/v2\/media\/11460"}],"wp:attachment":[{"href":"https:\/\/www.arte.unicen.edu.ar\/entodas\/index.php?rest_route=%2Fwp%2Fv2%2Fmedia&parent=11477"}],"wp:term":[{"taxonomy":"post_tag","embeddable":true,"href":"https:\/\/www.arte.unicen.edu.ar\/entodas\/index.php?rest_route=%2Fwp%2Fv2%2Ftags&post=11477"},{"taxonomy":"tribe_events_cat","embeddable":true,"href":"https:\/\/www.arte.unicen.edu.ar\/entodas\/index.php?rest_route=%2Fwp%2Fv2%2Ftribe_events_cat&post=11477"}],"curies":[{"name":"wp","href":"https:\/\/api.w.org\/{rel}","templated":true}]}}

<p><img loading="lazy" decoding="async" class="size-medium wp-image-11460 aligncenter" src="https://www.arte.unicen.edu.ar/entodas/wp-content/uploads/2025/06/WhatsApp-Image-2025-06-19-at-11.26.29-1-148x300.jpeg" alt="" width="148" height="300" srcset="https://www.arte.unicen.edu.ar/entodas/wp-content/uploads/2025/06/WhatsApp-Image-2025-06-19-at-11.26.29-1-148x300.jpeg 148w, https://www.arte.unicen.edu.ar/entodas/wp-content/uploads/2025/06/WhatsApp-Image-2025-06-19-at-11.26.29-1-393x800.jpeg 393w, https://www.arte.unicen.edu.ar/entodas/wp-content/uploads/2025/06/WhatsApp-Image-2025-06-19-at-11.26.29-1.jpeg 531w" sizes="(max-width: 148px) 100vw, 148px" /></p>
<p>&nbsp;</p>
<div dir="auto">El sonido</div>
<div dir="auto">de antes</div>
<div dir="auto">Dir. Yael Szmulewicz</div>
<div dir="auto">Documental &#8211; ATP &#8211; 76min</div>
<div dir="auto">Lunes 23 junio 20h</div>
<div dir="auto">Martes 24 junio 20h</div>
<div dir="auto">Entrada Gral: $2000 &#8211; Est., jub: $1000</div>
<div dir="auto">Función Espacios INCAA</div>
<div dir="auto">**En la función de lunes 23/6 contaremos con la presencia de la directora Yael Szmulewicz y el protagonista Patricio Crom.</div>
<div dir="auto">Sinopsis: Patricio Crom, un coleccionista de guitarras se encuentra con una guitarra boca de estrella -como la que usaba Gardel- y de la mano de guitarristas, especialistas en sistemas de grabación acústica y luthería, se propone recuperar su sonido original.</div>
<div dir="auto">
<div class="x14z9mp xat24cr x1lziwak x1vvkbs xtlvy1s x126k92a">
<div dir="auto">Las entradas pueden adquirirse en la boletería de la sala a partir del próximo sábado en los horarios de boletería. Sábado 21, domingo 22, lunes 23 y martes 24 de junio de 17 a 20hSe acepta pago con débito o Qr.</div>
<div dir="auto">El Espacio INCAA UNICEN depende del Área de Cultura de la UNCPBA y funciona en el Auditorium del Centro Cultural Universitario (Yrigoyen 662/Tandil).</div>
</div>
<div class="x14z9mp xat24cr x1lziwak x1vvkbs xtlvy1s x126k92a">
<div dir="auto">¡El Cine de la Universidad!</div>
</div>
</div>

<p>&nbsp; El sonido de antes Dir. Yael Szmulewicz Documental &#8211; ATP &#8211; 76min Lunes 23 junio 20h Martes 24 junio 20h Entrada Gral: $2000 &#8211; Est., jub: $1000 Función Espacios INCAA **En la función de lunes 23/6 contaremos con la presencia de la directora Yael Szmulewicz y el protagonista Patricio Crom. Sinopsis: Patricio Crom, un coleccionista de guitarras se encuentra con una guitarra boca de estrella -como la que usaba Gardel- y de la mano de guitarristas, especialistas en sistemas de grabación acústica y luthería, se propone recuperar su sonido original. Las entradas pueden adquirirse en la boletería de la sala a partir del próximo sábado en los horarios de boletería. Sábado 21, domingo 22, lunes 23 y martes 24 de junio de 17 a 20hSe acepta pago con débito o Qr. El Espacio INCAA UNICEN depende del Área de Cultura de la UNCPBA y funciona en el Auditorium del&hellip;</p>
<p> <a class="more-link" href="https://www.arte.unicen.edu.ar/entodas/?tribe_events=el-sonido-de-antes-cine">Read more</a></p>
