{"id":11436,"date":"2025-06-13T11:26:38","date_gmt":"2025-06-13T14:26:38","guid":{"rendered":"https:\/\/www.arte.unicen.edu.ar\/entodas\/?post_type=tribe_events&#038;p=11436"},"modified":"2025-06-13T11:26:38","modified_gmt":"2025-06-13T14:26:38","slug":"diego-cepeda-en-bajosuelo-stand-up","status":"publish","type":"tribe_events","link":"https:\/\/www.arte.unicen.edu.ar\/entodas\/?tribe_events=diego-cepeda-en-bajosuelo-stand-up","title":{"rendered":"DIEGO CEPEDA EN BAJOSUELO  &#8211; Stand up"},"content":{"rendered":"<p><img loading=\"lazy\" decoding=\"async\" class=\"size-medium wp-image-11420 aligncenter\" src=\"https:\/\/www.arte.unicen.edu.ar\/entodas\/wp-content\/uploads\/2025\/06\/WhatsApp-Image-2025-06-12-at-11.05.29-250x300.jpeg\" alt=\"\" width=\"250\" height=\"300\" srcset=\"https:\/\/www.arte.unicen.edu.ar\/entodas\/wp-content\/uploads\/2025\/06\/WhatsApp-Image-2025-06-12-at-11.05.29-250x300.jpeg 250w, https:\/\/www.arte.unicen.edu.ar\/entodas\/wp-content\/uploads\/2025\/06\/WhatsApp-Image-2025-06-12-at-11.05.29-666x800.jpeg 666w, https:\/\/www.arte.unicen.edu.ar\/entodas\/wp-content\/uploads\/2025\/06\/WhatsApp-Image-2025-06-12-at-11.05.29-768x922.jpeg 768w, https:\/\/www.arte.unicen.edu.ar\/entodas\/wp-content\/uploads\/2025\/06\/WhatsApp-Image-2025-06-12-at-11.05.29.jpeg 878w\" sizes=\"(max-width: 250px) 100vw, 250px\" \/><\/p>\n<p>\ud83c\udfa4 Diego Cepeda en Bajosuelo<br \/>\nLlega con su unipersonal de stand up: humor filoso, observaciones cotidianas y la vida de un porte\u00f1o en Tandil.<br \/>\nRe\u00edte una hora\u2026 y tambi\u00e9n los d\u00edas despu\u00e9s.<\/p>\n<p>\ud83d\uddd3\ufe0f Viernes 13 | 21 hs<br \/>\n\ud83d\udccdTeatro Bajosuelo \u2013 Rodr\u00edguez 457<br \/>\n\ud83d\udcf2 Reservas: 2494 4270833<\/p>\n","protected":false},"excerpt":{"rendered":"<p>\ud83c\udfa4 Diego Cepeda en Bajosuelo Llega con su unipersonal de stand up: humor filoso, observaciones cotidianas y la vida de un porte\u00f1o en Tandil. Re\u00edte una hora\u2026 y tambi\u00e9n los d\u00edas despu\u00e9s. \ud83d\uddd3\ufe0f Viernes 13 | 21 hs \ud83d\udccdTeatro Bajosuelo \u2013 Rodr\u00edguez 457 \ud83d\udcf2 Reservas: 2494 4270833<\/p>\n","protected":false},"author":5,"featured_media":11420,"comment_status":"closed","ping_status":"closed","template":"","meta":{"_tribe_events_status":"","_tribe_events_status_reason":""},"tags":[],"tribe_events_cat":[],"_links":{"self":[{"href":"https:\/\/www.arte.unicen.edu.ar\/entodas\/index.php?rest_route=\/wp\/v2\/tribe_events\/11436"}],"collection":[{"href":"https:\/\/www.arte.unicen.edu.ar\/entodas\/index.php?rest_route=\/wp\/v2\/tribe_events"}],"about":[{"href":"https:\/\/www.arte.unicen.edu.ar\/entodas\/index.php?rest_route=\/wp\/v2\/types\/tribe_events"}],"author":[{"embeddable":true,"href":"https:\/\/www.arte.unicen.edu.ar\/entodas\/index.php?rest_route=\/wp\/v2\/users\/5"}],"replies":[{"embeddable":true,"href":"https:\/\/www.arte.unicen.edu.ar\/entodas\/index.php?rest_route=%2Fwp%2Fv2%2Fcomments&post=11436"}],"version-history":[{"count":1,"href":"https:\/\/www.arte.unicen.edu.ar\/entodas\/index.php?rest_route=\/wp\/v2\/tribe_events\/11436\/revisions"}],"predecessor-version":[{"id":11437,"href":"https:\/\/www.arte.unicen.edu.ar\/entodas\/index.php?rest_route=\/wp\/v2\/tribe_events\/11436\/revisions\/11437"}],"wp:featuredmedia":[{"embeddable":true,"href":"https:\/\/www.arte.unicen.edu.ar\/entodas\/index.php?rest_route=\/wp\/v2\/media\/11420"}],"wp:attachment":[{"href":"https:\/\/www.arte.unicen.edu.ar\/entodas\/index.php?rest_route=%2Fwp%2Fv2%2Fmedia&parent=11436"}],"wp:term":[{"taxonomy":"post_tag","embeddable":true,"href":"https:\/\/www.arte.unicen.edu.ar\/entodas\/index.php?rest_route=%2Fwp%2Fv2%2Ftags&post=11436"},{"taxonomy":"tribe_events_cat","embeddable":true,"href":"https:\/\/www.arte.unicen.edu.ar\/entodas\/index.php?rest_route=%2Fwp%2Fv2%2Ftribe_events_cat&post=11436"}],"curies":[{"name":"wp","href":"https:\/\/api.w.org\/{rel}","templated":true}]}}

<p><img loading="lazy" decoding="async" class="size-medium wp-image-11420 aligncenter" src="https://www.arte.unicen.edu.ar/entodas/wp-content/uploads/2025/06/WhatsApp-Image-2025-06-12-at-11.05.29-250x300.jpeg" alt="" width="250" height="300" srcset="https://www.arte.unicen.edu.ar/entodas/wp-content/uploads/2025/06/WhatsApp-Image-2025-06-12-at-11.05.29-250x300.jpeg 250w, https://www.arte.unicen.edu.ar/entodas/wp-content/uploads/2025/06/WhatsApp-Image-2025-06-12-at-11.05.29-666x800.jpeg 666w, https://www.arte.unicen.edu.ar/entodas/wp-content/uploads/2025/06/WhatsApp-Image-2025-06-12-at-11.05.29-768x922.jpeg 768w, https://www.arte.unicen.edu.ar/entodas/wp-content/uploads/2025/06/WhatsApp-Image-2025-06-12-at-11.05.29.jpeg 878w" sizes="(max-width: 250px) 100vw, 250px" /></p>
<p>🎤 Diego Cepeda en Bajosuelo<br />
Llega con su unipersonal de stand up: humor filoso, observaciones cotidianas y la vida de un porteño en Tandil.<br />
Reíte una hora… y también los días después.</p>
<p>🗓️ Viernes 13 | 21 hs<br />
📍Teatro Bajosuelo – Rodríguez 457<br />
📲 Reservas: 2494 4270833</p>

<p>🎤 Diego Cepeda en Bajosuelo Llega con su unipersonal de stand up: humor filoso, observaciones cotidianas y la vida de un porteño en Tandil. Reíte una hora… y también los días después. 🗓️ Viernes 13 | 21 hs 📍Teatro Bajosuelo – Rodríguez 457 📲 Reservas: 2494 4270833</p>
