{"id":11402,"date":"2025-05-30T12:06:53","date_gmt":"2025-05-30T15:06:53","guid":{"rendered":"https:\/\/www.arte.unicen.edu.ar\/entodas\/?post_type=tribe_events&#038;p=11402"},"modified":"2025-05-30T12:06:53","modified_gmt":"2025-05-30T15:06:53","slug":"yo-filme-a-osvaldo-bayer-cine","status":"publish","type":"tribe_events","link":"https:\/\/www.arte.unicen.edu.ar\/entodas\/?tribe_events=yo-filme-a-osvaldo-bayer-cine","title":{"rendered":"YO FILM\u00c9 A OSVALDO BAYER &#8211; Cine"},"content":{"rendered":"<p><img loading=\"lazy\" decoding=\"async\" class=\"size-medium wp-image-11382 aligncenter\" src=\"https:\/\/www.arte.unicen.edu.ar\/entodas\/wp-content\/uploads\/2025\/05\/WhatsApp-Image-2025-05-30-at-10.51.18-160x300.jpeg\" alt=\"\" width=\"160\" height=\"300\" srcset=\"https:\/\/www.arte.unicen.edu.ar\/entodas\/wp-content\/uploads\/2025\/05\/WhatsApp-Image-2025-05-30-at-10.51.18-160x300.jpeg 160w, https:\/\/www.arte.unicen.edu.ar\/entodas\/wp-content\/uploads\/2025\/05\/WhatsApp-Image-2025-05-30-at-10.51.18-426x800.jpeg 426w, https:\/\/www.arte.unicen.edu.ar\/entodas\/wp-content\/uploads\/2025\/05\/WhatsApp-Image-2025-05-30-at-10.51.18.jpeg 722w\" sizes=\"(max-width: 160px) 100vw, 160px\" \/><\/p>\n<div dir=\"auto\">Yo film\u00e9 a Osvaldo Bayer<\/div>\n<div dir=\"auto\">Dir. Fabio Zurita<\/div>\n<div dir=\"auto\">Documental &#8211; ATP &#8211; 75min<\/div>\n<div dir=\"auto\">Narraci\u00f3n: Diego Capusotto<\/div>\n<div dir=\"auto\">Lunes 2 junio 18h<\/div>\n<div dir=\"auto\">Martes 3 junio 18h<\/div>\n<div dir=\"auto\">Entrada Gral: $2000 &#8211; Est., jub: $1000<\/div>\n<div dir=\"auto\">Funci\u00f3n Espacios INCAA<\/div>\n<div dir=\"auto\">Fabio Zurita sigui\u00f3 con su c\u00e1mara a Osvaldo Bayer durante 30 a\u00f1os. La voz en off (narrada por Diego Capusotto) relata las varias historias que el director hubiese querido contar de su vida y su lucha.<\/div>\n<div dir=\"auto\">\n<div class=\"x11i5rnm xat24cr x1mh8g0r x1vvkbs xtlvy1s x126k92a\">\n<div dir=\"auto\">Las entradas pueden adquirirse en la boleter\u00eda de la sala el pr\u00f3ximo lunes en los horarios de boleter\u00eda. Lunes 2 junio de 17 a 20h y Martes 3 junio de 17 a 20h.<\/div>\n<div dir=\"auto\">Se acepta pago con d\u00e9bito o Qr.<\/div>\n<div dir=\"auto\">El Espacio INCAA UNICEN depende del \u00c1rea de Cultura de la UNCPBA y funciona en el Auditorium del Centro Cultural Universitario (Yrigoyen 662\/Tandil).<\/div>\n<\/div>\n<div class=\"x11i5rnm xat24cr x1mh8g0r x1vvkbs xtlvy1s x126k92a\">\n<div dir=\"auto\">\u00a1El Cine de la Universidad!<\/div>\n<\/div>\n<\/div>\n","protected":false},"excerpt":{"rendered":"<p>Yo film\u00e9 a Osvaldo Bayer Dir. Fabio Zurita Documental &#8211; ATP &#8211; 75min Narraci\u00f3n: Diego Capusotto Lunes 2 junio 18h Martes 3 junio 18h Entrada Gral: $2000 &#8211; Est., jub: $1000 Funci\u00f3n Espacios INCAA Fabio Zurita sigui\u00f3 con su c\u00e1mara a Osvaldo Bayer durante 30 a\u00f1os. La voz en off (narrada por Diego Capusotto) relata las varias historias que el director hubiese querido contar de su vida y su lucha. Las entradas pueden adquirirse en la boleter\u00eda de la sala el pr\u00f3ximo lunes en los horarios de boleter\u00eda. Lunes 2 junio de 17 a 20h y Martes 3 junio de 17 a 20h. Se acepta pago con d\u00e9bito o Qr. El Espacio INCAA UNICEN depende del \u00c1rea de Cultura de la UNCPBA y funciona en el Auditorium del Centro Cultural Universitario (Yrigoyen 662\/Tandil). \u00a1El Cine de la Universidad!<\/p>\n","protected":false},"author":5,"featured_media":11382,"comment_status":"closed","ping_status":"closed","template":"","meta":{"_tribe_events_status":"","_tribe_events_status_reason":""},"tags":[],"tribe_events_cat":[],"_links":{"self":[{"href":"https:\/\/www.arte.unicen.edu.ar\/entodas\/index.php?rest_route=\/wp\/v2\/tribe_events\/11402"}],"collection":[{"href":"https:\/\/www.arte.unicen.edu.ar\/entodas\/index.php?rest_route=\/wp\/v2\/tribe_events"}],"about":[{"href":"https:\/\/www.arte.unicen.edu.ar\/entodas\/index.php?rest_route=\/wp\/v2\/types\/tribe_events"}],"author":[{"embeddable":true,"href":"https:\/\/www.arte.unicen.edu.ar\/entodas\/index.php?rest_route=\/wp\/v2\/users\/5"}],"replies":[{"embeddable":true,"href":"https:\/\/www.arte.unicen.edu.ar\/entodas\/index.php?rest_route=%2Fwp%2Fv2%2Fcomments&post=11402"}],"version-history":[{"count":1,"href":"https:\/\/www.arte.unicen.edu.ar\/entodas\/index.php?rest_route=\/wp\/v2\/tribe_events\/11402\/revisions"}],"predecessor-version":[{"id":11403,"href":"https:\/\/www.arte.unicen.edu.ar\/entodas\/index.php?rest_route=\/wp\/v2\/tribe_events\/11402\/revisions\/11403"}],"wp:featuredmedia":[{"embeddable":true,"href":"https:\/\/www.arte.unicen.edu.ar\/entodas\/index.php?rest_route=\/wp\/v2\/media\/11382"}],"wp:attachment":[{"href":"https:\/\/www.arte.unicen.edu.ar\/entodas\/index.php?rest_route=%2Fwp%2Fv2%2Fmedia&parent=11402"}],"wp:term":[{"taxonomy":"post_tag","embeddable":true,"href":"https:\/\/www.arte.unicen.edu.ar\/entodas\/index.php?rest_route=%2Fwp%2Fv2%2Ftags&post=11402"},{"taxonomy":"tribe_events_cat","embeddable":true,"href":"https:\/\/www.arte.unicen.edu.ar\/entodas\/index.php?rest_route=%2Fwp%2Fv2%2Ftribe_events_cat&post=11402"}],"curies":[{"name":"wp","href":"https:\/\/api.w.org\/{rel}","templated":true}]}}

YO FILMÉ A OSVALDO BAYER &#8211; Cine

<p><img loading="lazy" decoding="async" class="size-medium wp-image-11382 aligncenter" src="https://www.arte.unicen.edu.ar/entodas/wp-content/uploads/2025/05/WhatsApp-Image-2025-05-30-at-10.51.18-160x300.jpeg" alt="" width="160" height="300" srcset="https://www.arte.unicen.edu.ar/entodas/wp-content/uploads/2025/05/WhatsApp-Image-2025-05-30-at-10.51.18-160x300.jpeg 160w, https://www.arte.unicen.edu.ar/entodas/wp-content/uploads/2025/05/WhatsApp-Image-2025-05-30-at-10.51.18-426x800.jpeg 426w, https://www.arte.unicen.edu.ar/entodas/wp-content/uploads/2025/05/WhatsApp-Image-2025-05-30-at-10.51.18.jpeg 722w" sizes="(max-width: 160px) 100vw, 160px" /></p>
<div dir="auto">Yo filmé a Osvaldo Bayer</div>
<div dir="auto">Dir. Fabio Zurita</div>
<div dir="auto">Documental &#8211; ATP &#8211; 75min</div>
<div dir="auto">Narración: Diego Capusotto</div>
<div dir="auto">Lunes 2 junio 18h</div>
<div dir="auto">Martes 3 junio 18h</div>
<div dir="auto">Entrada Gral: $2000 &#8211; Est., jub: $1000</div>
<div dir="auto">Función Espacios INCAA</div>
<div dir="auto">Fabio Zurita siguió con su cámara a Osvaldo Bayer durante 30 años. La voz en off (narrada por Diego Capusotto) relata las varias historias que el director hubiese querido contar de su vida y su lucha.</div>
<div dir="auto">
<div class="x11i5rnm xat24cr x1mh8g0r x1vvkbs xtlvy1s x126k92a">
<div dir="auto">Las entradas pueden adquirirse en la boletería de la sala el próximo lunes en los horarios de boletería. Lunes 2 junio de 17 a 20h y Martes 3 junio de 17 a 20h.</div>
<div dir="auto">Se acepta pago con débito o Qr.</div>
<div dir="auto">El Espacio INCAA UNICEN depende del Área de Cultura de la UNCPBA y funciona en el Auditorium del Centro Cultural Universitario (Yrigoyen 662/Tandil).</div>
</div>
<div class="x11i5rnm xat24cr x1mh8g0r x1vvkbs xtlvy1s x126k92a">
<div dir="auto">¡El Cine de la Universidad!</div>
</div>
</div>

<p>Yo filmé a Osvaldo Bayer Dir. Fabio Zurita Documental &#8211; ATP &#8211; 75min Narración: Diego Capusotto Lunes 2 junio 18h Martes 3 junio 18h Entrada Gral: $2000 &#8211; Est., jub: $1000 Función Espacios INCAA Fabio Zurita siguió con su cámara a Osvaldo Bayer durante 30 años. La voz en off (narrada por Diego Capusotto) relata las varias historias que el director hubiese querido contar de su vida y su lucha. Las entradas pueden adquirirse en la boletería de la sala el próximo lunes en los horarios de boletería. Lunes 2 junio de 17 a 20h y Martes 3 junio de 17 a 20h. Se acepta pago con débito o Qr. El Espacio INCAA UNICEN depende del Área de Cultura de la UNCPBA y funciona en el Auditorium del Centro Cultural Universitario (Yrigoyen 662/Tandil). ¡El Cine de la Universidad!</p>
