{"id":951,"date":"2026-02-26T11:55:36","date_gmt":"2026-02-26T14:55:36","guid":{"rendered":"https:\/\/www.arte.unicen.edu.ar\/congreso_artes\/?page_id=951"},"modified":"2026-02-26T11:56:50","modified_gmt":"2026-02-26T14:56:50","slug":"gt-16-gestionar-cultura-hoy-articulaciones-entre-politicas-practicas-y-territorios","status":"publish","type":"page","link":"https:\/\/www.arte.unicen.edu.ar\/congreso_artes\/index.php\/gt-16-gestionar-cultura-hoy-articulaciones-entre-politicas-practicas-y-territorios\/","title":{"rendered":"GT 16: Gestionar cultura hoy: articulaciones entre pol\u00edticas, pr\u00e1cticas y territorios"},"content":{"rendered":"\t\t<div data-elementor-type=\"wp-page\" data-elementor-id=\"951\" class=\"elementor elementor-951\">\n\t\t\t\t\t\t\t\t\t<section class=\"elementor-section elementor-top-section elementor-element elementor-element-563642d elementor-section-full_width elementor-section-stretched elementor-section-height-default elementor-section-height-default\" data-id=\"563642d\" data-element_type=\"section\" data-settings=\"{&quot;stretch_section&quot;:&quot;section-stretched&quot;}\">\n\t\t\t\t\t\t<div class=\"elementor-container elementor-column-gap-default\">\n\t\t\t\t\t<div class=\"elementor-column elementor-col-100 elementor-top-column elementor-element elementor-element-964b0c4\" data-id=\"964b0c4\" data-element_type=\"column\">\n\t\t\t<div class=\"elementor-widget-wrap elementor-element-populated\">\n\t\t\t\t\t\t\t\t<div class=\"elementor-element elementor-element-3f80f3f elementor-widget elementor-widget-image\" data-id=\"3f80f3f\" data-element_type=\"widget\" data-widget_type=\"image.default\">\n\t\t\t\t<div class=\"elementor-widget-container\">\n\t\t\t<style>\/*! elementor - v3.17.0 - 01-11-2023 *\/\n.elementor-widget-image{text-align:center}.elementor-widget-image a{display:inline-block}.elementor-widget-image a img[src$=\".svg\"]{width:48px}.elementor-widget-image img{vertical-align:middle;display:inline-block}<\/style>\t\t\t\t\t\t\t\t\t\t\t\t<img decoding=\"async\" width=\"3500\" height=\"644\" src=\"https:\/\/www.arte.unicen.edu.ar\/congreso_artes\/wp-content\/uploads\/2026\/02\/Congreso-Internacional-en-Artes1-2026.png\" class=\"attachment-full size-full wp-image-724\" alt=\"\" loading=\"lazy\" srcset=\"https:\/\/www.arte.unicen.edu.ar\/congreso_artes\/wp-content\/uploads\/2026\/02\/Congreso-Internacional-en-Artes1-2026.png 3500w, https:\/\/www.arte.unicen.edu.ar\/congreso_artes\/wp-content\/uploads\/2026\/02\/Congreso-Internacional-en-Artes1-2026-300x55.png 300w, https:\/\/www.arte.unicen.edu.ar\/congreso_artes\/wp-content\/uploads\/2026\/02\/Congreso-Internacional-en-Artes1-2026-1024x188.png 1024w, https:\/\/www.arte.unicen.edu.ar\/congreso_artes\/wp-content\/uploads\/2026\/02\/Congreso-Internacional-en-Artes1-2026-768x141.png 768w, https:\/\/www.arte.unicen.edu.ar\/congreso_artes\/wp-content\/uploads\/2026\/02\/Congreso-Internacional-en-Artes1-2026-1536x283.png 1536w, https:\/\/www.arte.unicen.edu.ar\/congreso_artes\/wp-content\/uploads\/2026\/02\/Congreso-Internacional-en-Artes1-2026-2048x377.png 2048w\" sizes=\"(max-width: 3500px) 100vw, 3500px\" \/>\t\t\t\t\t\t\t\t\t\t\t\t\t\t\t<\/div>\n\t\t\t\t<\/div>\n\t\t\t\t\t<\/div>\n\t\t<\/div>\n\t\t\t\t\t\t\t<\/div>\n\t\t<\/section>\n\t\t\t\t<section class=\"elementor-section elementor-top-section elementor-element elementor-element-7c42a1cc elementor-section-boxed elementor-section-height-default elementor-section-height-default\" data-id=\"7c42a1cc\" data-element_type=\"section\">\n\t\t\t\t\t\t<div class=\"elementor-container elementor-column-gap-default\">\n\t\t\t\t\t<div class=\"elementor-column elementor-col-100 elementor-top-column elementor-element elementor-element-4ef38d6\" data-id=\"4ef38d6\" data-element_type=\"column\">\n\t\t\t<div class=\"elementor-widget-wrap elementor-element-populated\">\n\t\t\t\t\t\t\t\t<div class=\"elementor-element elementor-element-8044a86 elementor-widget elementor-widget-text-editor\" data-id=\"8044a86\" data-element_type=\"widget\" data-widget_type=\"text-editor.default\">\n\t\t\t\t<div class=\"elementor-widget-container\">\n\t\t\t<style>\/*! elementor - v3.17.0 - 01-11-2023 *\/\n.elementor-widget-text-editor.elementor-drop-cap-view-stacked .elementor-drop-cap{background-color:#69727d;color:#fff}.elementor-widget-text-editor.elementor-drop-cap-view-framed .elementor-drop-cap{color:#69727d;border:3px solid;background-color:transparent}.elementor-widget-text-editor:not(.elementor-drop-cap-view-default) .elementor-drop-cap{margin-top:8px}.elementor-widget-text-editor:not(.elementor-drop-cap-view-default) .elementor-drop-cap-letter{width:1em;height:1em}.elementor-widget-text-editor .elementor-drop-cap{float:left;text-align:center;line-height:1;font-size:50px}.elementor-widget-text-editor .elementor-drop-cap-letter{display:inline-block}<\/style>\t\t\t\t<p><span style=\"color: #de1846;\">GT N\u00ba16:<\/span> Gestionar cultura hoy: articulaciones entre pol\u00edticas, pr\u00e1cticas y territorios<\/p><p><strong>Coordinadores: <\/strong>Nayla Llantada (TECC\/CONICET, FA, UNCPBA); Paula Jaureguiberry (USAL\/IPAT, DGCyE); Mar\u00eda Menegazzo (CID, FA, UNCPBA\/IPAT, DGCyE)<\/p><p><strong>Modalidad\u00a0<\/strong> H\u00cdBRIDA (virtual y presencial)<br \/><strong>Tipo de presentaci\u00f3n:<\/strong> PONENCIA\u00a0<\/p><p><strong>Descripci\u00f3n:<\/strong> A lo largo del siglo XX y, con mayor intensidad en el contexto de las transformaciones globales del siglo XXI, el sector cultural se ha consolidado como un campo de creciente inter\u00e9s a nivel local, regional e internacional, a ra\u00edz de su capacidad de incidir y transformar las esferas sociales, pol\u00edticas y econ\u00f3micas de los territorios. En este contexto, fueron abandonadas paulatinamente aquellas conceptualizaciones que comprend\u00edan a la cultura como un campo aislado y est\u00e1tico, para reconocerla como un sector atravesado por diversas fuerzas en movimiento. As\u00ed, la cultura se concibe como un terreno en permanente disputa, signado por din\u00e1micas de poder, negociaci\u00f3n, colaboraci\u00f3n, conflicto y transformaci\u00f3n.<br \/>El amplio y heterog\u00e9neo campo cultural se constituye a partir de la interacci\u00f3n entre una multiplicidad de actores, pr\u00e1cticas y discursos, configurando un entramado donde se disputan sentidos, significados y valoraciones, se consolidan identidades y se proyectan diversos modelos de ciudadan\u00eda. Bajo esta premisa, las pol\u00edticas culturales trascienden el marco de la mera intervenci\u00f3n estatal para constituirse como una red compleja de agentes y l\u00f3gicas en constante interacci\u00f3n. En efecto, en el sector cultural intervienen actores estatales, instituciones acad\u00e9micas, organizaciones comunitarias, gestores independientes, colectivos art\u00edsticos, entre otros, que persiguen intereses y objetivos particulares e impulsan diferentes proyectos y modelos de organizaci\u00f3n social.<br \/>Asimismo, dentro del entramado cultural, la gesti\u00f3n de las artes y las pr\u00e1cticas art\u00edsticas propiamente, constituyen un terreno privilegiado para la identificaci\u00f3n y an\u00e1lisis de los modos en que se articulan las dimensiones organizativas, creativas y pol\u00edticas del quehacer cultural. Estos sectores se erigen y funcionan como espacios de experimentaci\u00f3n est\u00e9tica y de construcci\u00f3n colectiva, donde se entrecruzan pr\u00e1cticas art\u00edsticas, estrategias de gesti\u00f3n y diversas l\u00f3gicas de producci\u00f3n simb\u00f3lica. La circulaci\u00f3n de obras, la consolidaci\u00f3n de circuitos alternativos, los procesos de profesionalizaci\u00f3n y las tensiones entre sostenibilidad econ\u00f3mica y autonom\u00eda creativa, son algunos de los ejemplos que permiten vislumbrar los desaf\u00edos actuales que atraviesan a la gesti\u00f3n del sector. En este marco, las artes -visuales, esc\u00e9nicas, audiovisuales, entre otras-, reflejan las continuas transformaciones del campo cultural, operando como \u00e1mbitos de innovaci\u00f3n de nuevas formas de producci\u00f3n, organizaci\u00f3n y vinculaci\u00f3n entre lo estatal, lo privado y lo comunitario. <br \/>En s\u00edntesis, el sector cultural posee un potencial transformador que excede sus dimensiones institucionales. Por ello, resulta fundamental indagar tanto en la dimensi\u00f3n material como simb\u00f3lica de la gesti\u00f3n cultural, atendiendo a los dispositivos normativos, pero tambi\u00e9n, identificando aquellos discursos y pr\u00e1cticas cotidianas que sostienen el hacer cultural en los territorios. Este enfoque implica reconocer la multiplicidad de escalas (locales, nacionales, regionales e internacionales) en las que se elaboran e implementan pol\u00edticas culturales y comprender c\u00f3mo estas son apropiadas, resistidas o, incluso, resignificadas por los actores involucrados.<br \/>En base a lo expuesto, este Grupo de Trabajo propone generar un espacio de reflexi\u00f3n y di\u00e1logo interdisciplinario que re\u00fana aportes en torno a las interacciones y articulaciones entre pol\u00edticas culturales, pr\u00e1cticas de gesti\u00f3n y producci\u00f3n art\u00edstica. Se invita a presentar investigaciones y experiencias que aborden la diversidad de actores, pr\u00e1cticas, discursos y estrategias que configuran el campo cultural, atendiendo a las tensiones y colaboraciones entre lo institucional y lo comunitario, y a las distintas formas de articulaci\u00f3n que surgen entre las dimensiones pol\u00edticas, sociales, organizativas y creativas. <\/p>\t\t\t\t\t\t<\/div>\n\t\t\t\t<\/div>\n\t\t\t\t<div class=\"elementor-element elementor-element-1cea79b0 elementor-widget elementor-widget-text-editor\" data-id=\"1cea79b0\" data-element_type=\"widget\" data-widget_type=\"text-editor.default\">\n\t\t\t\t<div class=\"elementor-widget-container\">\n\t\t\t\t\t\t\t\t\t\t\t\t\t<\/div>\n\t\t\t\t<\/div>\n\t\t\t\t\t<\/div>\n\t\t<\/div>\n\t\t\t\t\t\t\t<\/div>\n\t\t<\/section>\n\t\t\t\t<section class=\"elementor-section elementor-top-section elementor-element elementor-element-5c36fff elementor-section-boxed elementor-section-height-default elementor-section-height-default\" data-id=\"5c36fff\" data-element_type=\"section\">\n\t\t\t\t\t\t<div class=\"elementor-container elementor-column-gap-default\">\n\t\t\t\t\t<div class=\"elementor-column elementor-col-33 elementor-top-column elementor-element elementor-element-dec6280\" data-id=\"dec6280\" data-element_type=\"column\">\n\t\t\t<div class=\"elementor-widget-wrap\">\n\t\t\t\t\t\t\t\t\t<\/div>\n\t\t<\/div>\n\t\t\t\t<div class=\"elementor-column elementor-col-33 elementor-top-column elementor-element elementor-element-ec2fbfe\" data-id=\"ec2fbfe\" data-element_type=\"column\">\n\t\t\t<div class=\"elementor-widget-wrap elementor-element-populated\">\n\t\t\t\t\t\t\t\t<div class=\"elementor-element elementor-element-9cbe481 elementor-widget elementor-widget-image\" data-id=\"9cbe481\" data-element_type=\"widget\" data-widget_type=\"image.default\">\n\t\t\t\t<div class=\"elementor-widget-container\">\n\t\t\t\t\t\t\t\t\t\t\t\t\t\t\t\t<a href=\"https:\/\/www.arte.unicen.edu.ar\/\" target=\"_blank\">\n\t\t\t\t\t\t\t<img decoding=\"async\" width=\"400\" height=\"160\" src=\"https:\/\/www.arte.unicen.edu.ar\/congreso_artes\/wp-content\/uploads\/2026\/02\/webarte2-400x160px-2400dpi.png\" class=\"attachment-large size-large wp-image-793\" alt=\"\" loading=\"lazy\" srcset=\"https:\/\/www.arte.unicen.edu.ar\/congreso_artes\/wp-content\/uploads\/2026\/02\/webarte2-400x160px-2400dpi.png 400w, https:\/\/www.arte.unicen.edu.ar\/congreso_artes\/wp-content\/uploads\/2026\/02\/webarte2-400x160px-2400dpi-300x120.png 300w\" sizes=\"(max-width: 400px) 100vw, 400px\" \/>\t\t\t\t\t\t\t\t<\/a>\n\t\t\t\t\t\t\t\t\t\t\t\t\t\t\t<\/div>\n\t\t\t\t<\/div>\n\t\t\t\t\t<\/div>\n\t\t<\/div>\n\t\t\t\t<div class=\"elementor-column elementor-col-33 elementor-top-column elementor-element elementor-element-b01f013\" data-id=\"b01f013\" data-element_type=\"column\">\n\t\t\t<div class=\"elementor-widget-wrap\">\n\t\t\t\t\t\t\t\t\t<\/div>\n\t\t<\/div>\n\t\t\t\t\t\t\t<\/div>\n\t\t<\/section>\n\t\t\t\t\t\t\t<\/div>\n\t\t","protected":false},"excerpt":{"rendered":"<p>GT N\u00ba16: Gestionar cultura hoy: articulaciones entre pol\u00edticas, pr\u00e1cticas y territorios Coordinadores: Nayla Llantada (TECC\/CONICET, FA, UNCPBA); Paula Jaureguiberry (USAL\/IPAT, DGCyE); Mar\u00eda Menegazzo (CID, FA, UNCPBA\/IPAT, DGCyE) Modalidad\u00a0 H\u00cdBRIDA (virtual y presencial)Tipo de presentaci\u00f3n: PONENCIA\u00a0 Descripci\u00f3n: A lo largo del siglo XX y, con mayor intensidad en el contexto de las transformaciones globales del siglo&hellip;&nbsp;<a href=\"https:\/\/www.arte.unicen.edu.ar\/congreso_artes\/index.php\/gt-16-gestionar-cultura-hoy-articulaciones-entre-politicas-practicas-y-territorios\/\" class=\"\" rel=\"bookmark\">Read More &raquo;<span class=\"screen-reader-text\">GT 16: Gestionar cultura hoy: articulaciones entre pol\u00edticas, pr\u00e1cticas y territorios<\/span><\/a><\/p>\n","protected":false},"author":1,"featured_media":0,"parent":0,"menu_order":0,"comment_status":"closed","ping_status":"closed","template":"","meta":{"neve_meta_sidebar":"","neve_meta_container":"","neve_meta_enable_content_width":"on","neve_meta_content_width":100,"neve_meta_title_alignment":"","neve_meta_author_avatar":"","neve_post_elements_order":"","neve_meta_disable_header":"","neve_meta_disable_footer":"","neve_meta_disable_title":"on"},"_links":{"self":[{"href":"https:\/\/www.arte.unicen.edu.ar\/congreso_artes\/index.php\/wp-json\/wp\/v2\/pages\/951"}],"collection":[{"href":"https:\/\/www.arte.unicen.edu.ar\/congreso_artes\/index.php\/wp-json\/wp\/v2\/pages"}],"about":[{"href":"https:\/\/www.arte.unicen.edu.ar\/congreso_artes\/index.php\/wp-json\/wp\/v2\/types\/page"}],"author":[{"embeddable":true,"href":"https:\/\/www.arte.unicen.edu.ar\/congreso_artes\/index.php\/wp-json\/wp\/v2\/users\/1"}],"replies":[{"embeddable":true,"href":"https:\/\/www.arte.unicen.edu.ar\/congreso_artes\/index.php\/wp-json\/wp\/v2\/comments?post=951"}],"version-history":[{"count":2,"href":"https:\/\/www.arte.unicen.edu.ar\/congreso_artes\/index.php\/wp-json\/wp\/v2\/pages\/951\/revisions"}],"predecessor-version":[{"id":955,"href":"https:\/\/www.arte.unicen.edu.ar\/congreso_artes\/index.php\/wp-json\/wp\/v2\/pages\/951\/revisions\/955"}],"wp:attachment":[{"href":"https:\/\/www.arte.unicen.edu.ar\/congreso_artes\/index.php\/wp-json\/wp\/v2\/media?parent=951"}],"curies":[{"name":"wp","href":"https:\/\/api.w.org\/{rel}","templated":true}]}}

GT 16: Gestionar cultura hoy: articulaciones entre políticas, prácticas y territorios

<div data-elementor-type="wp-page" data-elementor-id="951" class="elementor elementor-951">
									<section class="elementor-section elementor-top-section elementor-element elementor-element-563642d elementor-section-full_width elementor-section-stretched elementor-section-height-default elementor-section-height-default" data-id="563642d" data-element_type="section" data-settings="{&quot;stretch_section&quot;:&quot;section-stretched&quot;}">
						<div class="elementor-container elementor-column-gap-default">
					<div class="elementor-column elementor-col-100 elementor-top-column elementor-element elementor-element-964b0c4" data-id="964b0c4" data-element_type="column">
			<div class="elementor-widget-wrap elementor-element-populated">
								<div class="elementor-element elementor-element-3f80f3f elementor-widget elementor-widget-image" data-id="3f80f3f" data-element_type="widget" data-widget_type="image.default">
				<div class="elementor-widget-container">
			<style>/*! elementor - v3.17.0 - 01-11-2023 */
.elementor-widget-image{text-align:center}.elementor-widget-image a{display:inline-block}.elementor-widget-image a img[src$=".svg"]{width:48px}.elementor-widget-image img{vertical-align:middle;display:inline-block}</style>												<img decoding="async" width="3500" height="644" src="https://www.arte.unicen.edu.ar/congreso_artes/wp-content/uploads/2026/02/Congreso-Internacional-en-Artes1-2026.png" class="attachment-full size-full wp-image-724" alt="" loading="lazy" srcset="https://www.arte.unicen.edu.ar/congreso_artes/wp-content/uploads/2026/02/Congreso-Internacional-en-Artes1-2026.png 3500w, https://www.arte.unicen.edu.ar/congreso_artes/wp-content/uploads/2026/02/Congreso-Internacional-en-Artes1-2026-300x55.png 300w, https://www.arte.unicen.edu.ar/congreso_artes/wp-content/uploads/2026/02/Congreso-Internacional-en-Artes1-2026-1024x188.png 1024w, https://www.arte.unicen.edu.ar/congreso_artes/wp-content/uploads/2026/02/Congreso-Internacional-en-Artes1-2026-768x141.png 768w, https://www.arte.unicen.edu.ar/congreso_artes/wp-content/uploads/2026/02/Congreso-Internacional-en-Artes1-2026-1536x283.png 1536w, https://www.arte.unicen.edu.ar/congreso_artes/wp-content/uploads/2026/02/Congreso-Internacional-en-Artes1-2026-2048x377.png 2048w" sizes="(max-width: 3500px) 100vw, 3500px" />															</div>
				</div>
					</div>
		</div>
							</div>
		</section>
				<section class="elementor-section elementor-top-section elementor-element elementor-element-7c42a1cc elementor-section-boxed elementor-section-height-default elementor-section-height-default" data-id="7c42a1cc" data-element_type="section">
						<div class="elementor-container elementor-column-gap-default">
					<div class="elementor-column elementor-col-100 elementor-top-column elementor-element elementor-element-4ef38d6" data-id="4ef38d6" data-element_type="column">
			<div class="elementor-widget-wrap elementor-element-populated">
								<div class="elementor-element elementor-element-8044a86 elementor-widget elementor-widget-text-editor" data-id="8044a86" data-element_type="widget" data-widget_type="text-editor.default">
				<div class="elementor-widget-container">
			<style>/*! elementor - v3.17.0 - 01-11-2023 */
.elementor-widget-text-editor.elementor-drop-cap-view-stacked .elementor-drop-cap{background-color:#69727d;color:#fff}.elementor-widget-text-editor.elementor-drop-cap-view-framed .elementor-drop-cap{color:#69727d;border:3px solid;background-color:transparent}.elementor-widget-text-editor:not(.elementor-drop-cap-view-default) .elementor-drop-cap{margin-top:8px}.elementor-widget-text-editor:not(.elementor-drop-cap-view-default) .elementor-drop-cap-letter{width:1em;height:1em}.elementor-widget-text-editor .elementor-drop-cap{float:left;text-align:center;line-height:1;font-size:50px}.elementor-widget-text-editor .elementor-drop-cap-letter{display:inline-block}</style>				<p><span style="color: #de1846;">GT Nº16:</span> Gestionar cultura hoy: articulaciones entre políticas, prácticas y territorios</p><p><strong>Coordinadores: </strong>Nayla Llantada (TECC/CONICET, FA, UNCPBA); Paula Jaureguiberry (USAL/IPAT, DGCyE); María Menegazzo (CID, FA, UNCPBA/IPAT, DGCyE)</p><p><strong>Modalidad </strong> HÍBRIDA (virtual y presencial)<br /><strong>Tipo de presentación:</strong> PONENCIA </p><p><strong>Descripción:</strong> A lo largo del siglo XX y, con mayor intensidad en el contexto de las transformaciones globales del siglo XXI, el sector cultural se ha consolidado como un campo de creciente interés a nivel local, regional e internacional, a raíz de su capacidad de incidir y transformar las esferas sociales, políticas y económicas de los territorios. En este contexto, fueron abandonadas paulatinamente aquellas conceptualizaciones que comprendían a la cultura como un campo aislado y estático, para reconocerla como un sector atravesado por diversas fuerzas en movimiento. Así, la cultura se concibe como un terreno en permanente disputa, signado por dinámicas de poder, negociación, colaboración, conflicto y transformación.<br />El amplio y heterogéneo campo cultural se constituye a partir de la interacción entre una multiplicidad de actores, prácticas y discursos, configurando un entramado donde se disputan sentidos, significados y valoraciones, se consolidan identidades y se proyectan diversos modelos de ciudadanía. Bajo esta premisa, las políticas culturales trascienden el marco de la mera intervención estatal para constituirse como una red compleja de agentes y lógicas en constante interacción. En efecto, en el sector cultural intervienen actores estatales, instituciones académicas, organizaciones comunitarias, gestores independientes, colectivos artísticos, entre otros, que persiguen intereses y objetivos particulares e impulsan diferentes proyectos y modelos de organización social.<br />Asimismo, dentro del entramado cultural, la gestión de las artes y las prácticas artísticas propiamente, constituyen un terreno privilegiado para la identificación y análisis de los modos en que se articulan las dimensiones organizativas, creativas y políticas del quehacer cultural. Estos sectores se erigen y funcionan como espacios de experimentación estética y de construcción colectiva, donde se entrecruzan prácticas artísticas, estrategias de gestión y diversas lógicas de producción simbólica. La circulación de obras, la consolidación de circuitos alternativos, los procesos de profesionalización y las tensiones entre sostenibilidad económica y autonomía creativa, son algunos de los ejemplos que permiten vislumbrar los desafíos actuales que atraviesan a la gestión del sector. En este marco, las artes -visuales, escénicas, audiovisuales, entre otras-, reflejan las continuas transformaciones del campo cultural, operando como ámbitos de innovación de nuevas formas de producción, organización y vinculación entre lo estatal, lo privado y lo comunitario. <br />En síntesis, el sector cultural posee un potencial transformador que excede sus dimensiones institucionales. Por ello, resulta fundamental indagar tanto en la dimensión material como simbólica de la gestión cultural, atendiendo a los dispositivos normativos, pero también, identificando aquellos discursos y prácticas cotidianas que sostienen el hacer cultural en los territorios. Este enfoque implica reconocer la multiplicidad de escalas (locales, nacionales, regionales e internacionales) en las que se elaboran e implementan políticas culturales y comprender cómo estas son apropiadas, resistidas o, incluso, resignificadas por los actores involucrados.<br />En base a lo expuesto, este Grupo de Trabajo propone generar un espacio de reflexión y diálogo interdisciplinario que reúna aportes en torno a las interacciones y articulaciones entre políticas culturales, prácticas de gestión y producción artística. Se invita a presentar investigaciones y experiencias que aborden la diversidad de actores, prácticas, discursos y estrategias que configuran el campo cultural, atendiendo a las tensiones y colaboraciones entre lo institucional y lo comunitario, y a las distintas formas de articulación que surgen entre las dimensiones políticas, sociales, organizativas y creativas. </p>						</div>
				</div>
				<div class="elementor-element elementor-element-1cea79b0 elementor-widget elementor-widget-text-editor" data-id="1cea79b0" data-element_type="widget" data-widget_type="text-editor.default">
				<div class="elementor-widget-container">
													</div>
				</div>
					</div>
		</div>
							</div>
		</section>
				<section class="elementor-section elementor-top-section elementor-element elementor-element-5c36fff elementor-section-boxed elementor-section-height-default elementor-section-height-default" data-id="5c36fff" data-element_type="section">
						<div class="elementor-container elementor-column-gap-default">
					<div class="elementor-column elementor-col-33 elementor-top-column elementor-element elementor-element-dec6280" data-id="dec6280" data-element_type="column">
			<div class="elementor-widget-wrap">
									</div>
		</div>
				<div class="elementor-column elementor-col-33 elementor-top-column elementor-element elementor-element-ec2fbfe" data-id="ec2fbfe" data-element_type="column">
			<div class="elementor-widget-wrap elementor-element-populated">
								<div class="elementor-element elementor-element-9cbe481 elementor-widget elementor-widget-image" data-id="9cbe481" data-element_type="widget" data-widget_type="image.default">
				<div class="elementor-widget-container">
																<a href="https://www.arte.unicen.edu.ar/" target="_blank">
							<img decoding="async" width="400" height="160" src="https://www.arte.unicen.edu.ar/congreso_artes/wp-content/uploads/2026/02/webarte2-400x160px-2400dpi.png" class="attachment-large size-large wp-image-793" alt="" loading="lazy" srcset="https://www.arte.unicen.edu.ar/congreso_artes/wp-content/uploads/2026/02/webarte2-400x160px-2400dpi.png 400w, https://www.arte.unicen.edu.ar/congreso_artes/wp-content/uploads/2026/02/webarte2-400x160px-2400dpi-300x120.png 300w" sizes="(max-width: 400px) 100vw, 400px" />								</a>
															</div>
				</div>
					</div>
		</div>
				<div class="elementor-column elementor-col-33 elementor-top-column elementor-element elementor-element-b01f013" data-id="b01f013" data-element_type="column">
			<div class="elementor-widget-wrap">
									</div>
		</div>
							</div>
		</section>
							</div>

<p>GT Nº16: Gestionar cultura hoy: articulaciones entre políticas, prácticas y territorios Coordinadores: Nayla Llantada (TECC/CONICET, FA, UNCPBA); Paula Jaureguiberry (USAL/IPAT, DGCyE); María Menegazzo (CID, FA, UNCPBA/IPAT, DGCyE) Modalidad  HÍBRIDA (virtual y presencial)Tipo de presentación: PONENCIA  Descripción: A lo largo del siglo XX y, con mayor intensidad en el contexto de las transformaciones globales del siglo&hellip;&nbsp;<a href="https://www.arte.unicen.edu.ar/congreso_artes/index.php/gt-16-gestionar-cultura-hoy-articulaciones-entre-politicas-practicas-y-territorios/" class="" rel="bookmark">Read More &raquo;<span class="screen-reader-text">GT 16: Gestionar cultura hoy: articulaciones entre políticas, prácticas y territorios</span></a></p>
