{"id":941,"date":"2026-02-26T11:51:15","date_gmt":"2026-02-26T14:51:15","guid":{"rendered":"https:\/\/www.arte.unicen.edu.ar\/congreso_artes\/?page_id=941"},"modified":"2026-02-26T11:52:28","modified_gmt":"2026-02-26T14:52:28","slug":"gt-14-rebobinar-el-caos-archivos-memorias-y-otras-visiones","status":"publish","type":"page","link":"https:\/\/www.arte.unicen.edu.ar\/congreso_artes\/index.php\/gt-14-rebobinar-el-caos-archivos-memorias-y-otras-visiones\/","title":{"rendered":"GT 14: Rebobinar el caos: archivos, memorias y otras visiones"},"content":{"rendered":"\t\t<div data-elementor-type=\"wp-page\" data-elementor-id=\"941\" class=\"elementor elementor-941\">\n\t\t\t\t\t\t\t\t\t<section class=\"elementor-section elementor-top-section elementor-element elementor-element-563642d elementor-section-full_width elementor-section-stretched elementor-section-height-default elementor-section-height-default\" data-id=\"563642d\" data-element_type=\"section\" data-settings=\"{&quot;stretch_section&quot;:&quot;section-stretched&quot;}\">\n\t\t\t\t\t\t<div class=\"elementor-container elementor-column-gap-default\">\n\t\t\t\t\t<div class=\"elementor-column elementor-col-100 elementor-top-column elementor-element elementor-element-964b0c4\" data-id=\"964b0c4\" data-element_type=\"column\">\n\t\t\t<div class=\"elementor-widget-wrap elementor-element-populated\">\n\t\t\t\t\t\t\t\t<div class=\"elementor-element elementor-element-3f80f3f elementor-widget elementor-widget-image\" data-id=\"3f80f3f\" data-element_type=\"widget\" data-widget_type=\"image.default\">\n\t\t\t\t<div class=\"elementor-widget-container\">\n\t\t\t<style>\/*! elementor - v3.17.0 - 01-11-2023 *\/\n.elementor-widget-image{text-align:center}.elementor-widget-image a{display:inline-block}.elementor-widget-image a img[src$=\".svg\"]{width:48px}.elementor-widget-image img{vertical-align:middle;display:inline-block}<\/style>\t\t\t\t\t\t\t\t\t\t\t\t<img decoding=\"async\" width=\"3500\" height=\"644\" src=\"https:\/\/www.arte.unicen.edu.ar\/congreso_artes\/wp-content\/uploads\/2026\/02\/Congreso-Internacional-en-Artes1-2026.png\" class=\"attachment-full size-full wp-image-724\" alt=\"\" loading=\"lazy\" srcset=\"https:\/\/www.arte.unicen.edu.ar\/congreso_artes\/wp-content\/uploads\/2026\/02\/Congreso-Internacional-en-Artes1-2026.png 3500w, https:\/\/www.arte.unicen.edu.ar\/congreso_artes\/wp-content\/uploads\/2026\/02\/Congreso-Internacional-en-Artes1-2026-300x55.png 300w, https:\/\/www.arte.unicen.edu.ar\/congreso_artes\/wp-content\/uploads\/2026\/02\/Congreso-Internacional-en-Artes1-2026-1024x188.png 1024w, https:\/\/www.arte.unicen.edu.ar\/congreso_artes\/wp-content\/uploads\/2026\/02\/Congreso-Internacional-en-Artes1-2026-768x141.png 768w, https:\/\/www.arte.unicen.edu.ar\/congreso_artes\/wp-content\/uploads\/2026\/02\/Congreso-Internacional-en-Artes1-2026-1536x283.png 1536w, https:\/\/www.arte.unicen.edu.ar\/congreso_artes\/wp-content\/uploads\/2026\/02\/Congreso-Internacional-en-Artes1-2026-2048x377.png 2048w\" sizes=\"(max-width: 3500px) 100vw, 3500px\" \/>\t\t\t\t\t\t\t\t\t\t\t\t\t\t\t<\/div>\n\t\t\t\t<\/div>\n\t\t\t\t\t<\/div>\n\t\t<\/div>\n\t\t\t\t\t\t\t<\/div>\n\t\t<\/section>\n\t\t\t\t<section class=\"elementor-section elementor-top-section elementor-element elementor-element-7c42a1cc elementor-section-boxed elementor-section-height-default elementor-section-height-default\" data-id=\"7c42a1cc\" data-element_type=\"section\">\n\t\t\t\t\t\t<div class=\"elementor-container elementor-column-gap-default\">\n\t\t\t\t\t<div class=\"elementor-column elementor-col-100 elementor-top-column elementor-element elementor-element-4ef38d6\" data-id=\"4ef38d6\" data-element_type=\"column\">\n\t\t\t<div class=\"elementor-widget-wrap elementor-element-populated\">\n\t\t\t\t\t\t\t\t<div class=\"elementor-element elementor-element-8044a86 elementor-widget elementor-widget-text-editor\" data-id=\"8044a86\" data-element_type=\"widget\" data-widget_type=\"text-editor.default\">\n\t\t\t\t<div class=\"elementor-widget-container\">\n\t\t\t<style>\/*! elementor - v3.17.0 - 01-11-2023 *\/\n.elementor-widget-text-editor.elementor-drop-cap-view-stacked .elementor-drop-cap{background-color:#69727d;color:#fff}.elementor-widget-text-editor.elementor-drop-cap-view-framed .elementor-drop-cap{color:#69727d;border:3px solid;background-color:transparent}.elementor-widget-text-editor:not(.elementor-drop-cap-view-default) .elementor-drop-cap{margin-top:8px}.elementor-widget-text-editor:not(.elementor-drop-cap-view-default) .elementor-drop-cap-letter{width:1em;height:1em}.elementor-widget-text-editor .elementor-drop-cap{float:left;text-align:center;line-height:1;font-size:50px}.elementor-widget-text-editor .elementor-drop-cap-letter{display:inline-block}<\/style>\t\t\t\t<p><span style=\"color: #de1846;\">GT N\u00ba14:<\/span> Rebobinar el caos: archivos, memorias y otras visiones<\/p><p><strong>Coordinadores: <\/strong>Mar\u00eda Emilia Zarini (CID, FA, UNCPBA) y Horacio Cappelutti Gayo (CID, FA, UNCPBA)<\/p><p><strong>Modalidad\u00a0<\/strong> H\u00cdBRIDA (virtual y presencial)<br \/><strong>Tipo de presentaci\u00f3n:<\/strong> VIDEO ENSAYO PO\u00c9TICO<\/p><p><strong>Descripci\u00f3n:<\/strong> La noci\u00f3n de archivo es densa y compleja y, solo para hacer referencia a los siglos XX y XXI, es un campo de reflexi\u00f3n dotado de una profusa producci\u00f3n cr\u00edtica y tambi\u00e9n art\u00edstica. La a\u00fan resonante y disruptiva definici\u00f3n de archivo fue hecha por Michel Foucault en 1968 y lo defini\u00f3 como \u201cla ley de lo que puede ser dicho\u201d, es decir, no solo las cosas dichas y quienes las dijeron, sino las condiciones de posibilidad e imposibilidad de un sistema de discursividad (combinaciones de visibilidades y enunciabilidades) en una determinada \u00e9poca. De ah\u00ed que el archivo es, como afirma Gilles Deleuze (2013), fundamentalmente audiovisual. Es decir, refiere a las relaciones m\u00faltiples de lo visible y lo enunciable.<br \/>En este sentido, valdr\u00eda reparar en que en una parte significativa de las producciones audiovisuales contempor\u00e1neas resulta notable la existencia de discursos que se sostienen en el despliegue de distintas configuraciones del archivo. Estas iniciativas confrontan la obstrucci\u00f3n de la mirada por sobreproducci\u00f3n de im\u00e1genes nuevas, con la reutilizaci\u00f3n de aquellas que preexisten, en pos de reanudar la potencia pol\u00edtica y est\u00e9tica de las im\u00e1genes, en una relaci\u00f3n otra con el tiempo. Si se quiere, valdr\u00eda considerar esta perspectiva como un gesto ecol\u00f3gico que propone un cambio en las formas de ver o a trav\u00e9s de las formas en que vemos. El trabajo con archivo es, en este sentido, una exploraci\u00f3n que, a su vez, contrarresta las limitaciones que una producci\u00f3n audiovisual convencional impone con sus condicionamientos econ\u00f3micos y financieros.<br \/>Por otra parte, cabr\u00eda destacar que algunas de las producciones audiovisuales contempor\u00e1neas que implican modulaciones de archivo generan: instancias de reescritura de los habituales esquemas progresivos y teleol\u00f3gicos de las historias en cuesti\u00f3n; habilitan movimientos de subjetivaci\u00f3n que comprometen al yo como narraci\u00f3n; redimensionan el saber totalizador por otro con alcance parcial, subjetivo, contingente e incisivo, pero no por ello menos colectivo; y recuperan aspectos alternativos del relato tales como la discontinuidad, la fragmentariedad, las disrupciones, y los cortes en los encadenamientos l\u00f3gicos y causales de los acontecimientos. As\u00ed, para configurar el archivo en estos valores, las producciones audiovisuales se valen de acercamientos materiales, espaciales y tambi\u00e9n corporales que involucran, en muchos casos, poiesis po\u00e9ticas y pol\u00edticas.<br \/>Este grupo de trabajo propone, entonces, explorar, experiencias de escrituras audiovisuales con los archivos considerando que estos no remiten \u00fanicamente a emplazamientos materiales oficiales, sino a las m\u00faltiples formas bajo las que opera un entramado de relaciones entre el orden de lo visible y el orden de lo enunciable. Se podr\u00e1n proyectar y poner en com\u00fan video ensayos que impliquen trabajo con archivos entendidos estos en tanto experimentaci\u00f3n, ejercitaci\u00f3n, construcci\u00f3n, instancia performativa con lo que se dice y lo que se ve. El objetivo es poder reflexionar sobre todas las operaciones est\u00e9ticas puestas en juego: revisi\u00f3n, reapropiaci\u00f3n, relectura y reescritura que posibilitan pensar al artista como unx artista\/escritorx archivista que habr\u00e1 participado, en definitiva, de una pr\u00e1ctica de montage (B\u00fcrger; Didi-Huberman). <\/p>\t\t\t\t\t\t<\/div>\n\t\t\t\t<\/div>\n\t\t\t\t<div class=\"elementor-element elementor-element-1cea79b0 elementor-widget elementor-widget-text-editor\" data-id=\"1cea79b0\" data-element_type=\"widget\" data-widget_type=\"text-editor.default\">\n\t\t\t\t<div class=\"elementor-widget-container\">\n\t\t\t\t\t\t\t\t\t\t\t\t\t<\/div>\n\t\t\t\t<\/div>\n\t\t\t\t\t<\/div>\n\t\t<\/div>\n\t\t\t\t\t\t\t<\/div>\n\t\t<\/section>\n\t\t\t\t<section class=\"elementor-section elementor-top-section elementor-element elementor-element-5c36fff elementor-section-boxed elementor-section-height-default elementor-section-height-default\" data-id=\"5c36fff\" data-element_type=\"section\">\n\t\t\t\t\t\t<div class=\"elementor-container elementor-column-gap-default\">\n\t\t\t\t\t<div class=\"elementor-column elementor-col-33 elementor-top-column elementor-element elementor-element-dec6280\" data-id=\"dec6280\" data-element_type=\"column\">\n\t\t\t<div class=\"elementor-widget-wrap\">\n\t\t\t\t\t\t\t\t\t<\/div>\n\t\t<\/div>\n\t\t\t\t<div class=\"elementor-column elementor-col-33 elementor-top-column elementor-element elementor-element-ec2fbfe\" data-id=\"ec2fbfe\" data-element_type=\"column\">\n\t\t\t<div class=\"elementor-widget-wrap elementor-element-populated\">\n\t\t\t\t\t\t\t\t<div class=\"elementor-element elementor-element-9cbe481 elementor-widget elementor-widget-image\" data-id=\"9cbe481\" data-element_type=\"widget\" data-widget_type=\"image.default\">\n\t\t\t\t<div class=\"elementor-widget-container\">\n\t\t\t\t\t\t\t\t\t\t\t\t\t\t\t\t<a href=\"https:\/\/www.arte.unicen.edu.ar\/\" target=\"_blank\">\n\t\t\t\t\t\t\t<img decoding=\"async\" width=\"400\" height=\"160\" src=\"https:\/\/www.arte.unicen.edu.ar\/congreso_artes\/wp-content\/uploads\/2026\/02\/webarte2-400x160px-2400dpi.png\" class=\"attachment-large size-large wp-image-793\" alt=\"\" loading=\"lazy\" srcset=\"https:\/\/www.arte.unicen.edu.ar\/congreso_artes\/wp-content\/uploads\/2026\/02\/webarte2-400x160px-2400dpi.png 400w, https:\/\/www.arte.unicen.edu.ar\/congreso_artes\/wp-content\/uploads\/2026\/02\/webarte2-400x160px-2400dpi-300x120.png 300w\" sizes=\"(max-width: 400px) 100vw, 400px\" \/>\t\t\t\t\t\t\t\t<\/a>\n\t\t\t\t\t\t\t\t\t\t\t\t\t\t\t<\/div>\n\t\t\t\t<\/div>\n\t\t\t\t\t<\/div>\n\t\t<\/div>\n\t\t\t\t<div class=\"elementor-column elementor-col-33 elementor-top-column elementor-element elementor-element-b01f013\" data-id=\"b01f013\" data-element_type=\"column\">\n\t\t\t<div class=\"elementor-widget-wrap\">\n\t\t\t\t\t\t\t\t\t<\/div>\n\t\t<\/div>\n\t\t\t\t\t\t\t<\/div>\n\t\t<\/section>\n\t\t\t\t\t\t\t<\/div>\n\t\t","protected":false},"excerpt":{"rendered":"<p>GT N\u00ba14: Rebobinar el caos: archivos, memorias y otras visiones Coordinadores: Mar\u00eda Emilia Zarini (CID, FA, UNCPBA) y Horacio Cappelutti Gayo (CID, FA, UNCPBA) Modalidad\u00a0 H\u00cdBRIDA (virtual y presencial)Tipo de presentaci\u00f3n: VIDEO ENSAYO PO\u00c9TICO Descripci\u00f3n: La noci\u00f3n de archivo es densa y compleja y, solo para hacer referencia a los siglos XX y XXI, es&hellip;&nbsp;<a href=\"https:\/\/www.arte.unicen.edu.ar\/congreso_artes\/index.php\/gt-14-rebobinar-el-caos-archivos-memorias-y-otras-visiones\/\" class=\"\" rel=\"bookmark\">Read More &raquo;<span class=\"screen-reader-text\">GT 14: Rebobinar el caos: archivos, memorias y otras visiones<\/span><\/a><\/p>\n","protected":false},"author":1,"featured_media":0,"parent":0,"menu_order":0,"comment_status":"closed","ping_status":"closed","template":"","meta":{"neve_meta_sidebar":"","neve_meta_container":"","neve_meta_enable_content_width":"on","neve_meta_content_width":100,"neve_meta_title_alignment":"","neve_meta_author_avatar":"","neve_post_elements_order":"","neve_meta_disable_header":"","neve_meta_disable_footer":"","neve_meta_disable_title":"on"},"_links":{"self":[{"href":"https:\/\/www.arte.unicen.edu.ar\/congreso_artes\/index.php\/wp-json\/wp\/v2\/pages\/941"}],"collection":[{"href":"https:\/\/www.arte.unicen.edu.ar\/congreso_artes\/index.php\/wp-json\/wp\/v2\/pages"}],"about":[{"href":"https:\/\/www.arte.unicen.edu.ar\/congreso_artes\/index.php\/wp-json\/wp\/v2\/types\/page"}],"author":[{"embeddable":true,"href":"https:\/\/www.arte.unicen.edu.ar\/congreso_artes\/index.php\/wp-json\/wp\/v2\/users\/1"}],"replies":[{"embeddable":true,"href":"https:\/\/www.arte.unicen.edu.ar\/congreso_artes\/index.php\/wp-json\/wp\/v2\/comments?post=941"}],"version-history":[{"count":2,"href":"https:\/\/www.arte.unicen.edu.ar\/congreso_artes\/index.php\/wp-json\/wp\/v2\/pages\/941\/revisions"}],"predecessor-version":[{"id":945,"href":"https:\/\/www.arte.unicen.edu.ar\/congreso_artes\/index.php\/wp-json\/wp\/v2\/pages\/941\/revisions\/945"}],"wp:attachment":[{"href":"https:\/\/www.arte.unicen.edu.ar\/congreso_artes\/index.php\/wp-json\/wp\/v2\/media?parent=941"}],"curies":[{"name":"wp","href":"https:\/\/api.w.org\/{rel}","templated":true}]}}

<div data-elementor-type="wp-page" data-elementor-id="941" class="elementor elementor-941">
									<section class="elementor-section elementor-top-section elementor-element elementor-element-563642d elementor-section-full_width elementor-section-stretched elementor-section-height-default elementor-section-height-default" data-id="563642d" data-element_type="section" data-settings="{&quot;stretch_section&quot;:&quot;section-stretched&quot;}">
						<div class="elementor-container elementor-column-gap-default">
					<div class="elementor-column elementor-col-100 elementor-top-column elementor-element elementor-element-964b0c4" data-id="964b0c4" data-element_type="column">
			<div class="elementor-widget-wrap elementor-element-populated">
								<div class="elementor-element elementor-element-3f80f3f elementor-widget elementor-widget-image" data-id="3f80f3f" data-element_type="widget" data-widget_type="image.default">
				<div class="elementor-widget-container">
			<style>/*! elementor - v3.17.0 - 01-11-2023 */
.elementor-widget-image{text-align:center}.elementor-widget-image a{display:inline-block}.elementor-widget-image a img[src$=".svg"]{width:48px}.elementor-widget-image img{vertical-align:middle;display:inline-block}</style>												<img decoding="async" width="3500" height="644" src="https://www.arte.unicen.edu.ar/congreso_artes/wp-content/uploads/2026/02/Congreso-Internacional-en-Artes1-2026.png" class="attachment-full size-full wp-image-724" alt="" loading="lazy" srcset="https://www.arte.unicen.edu.ar/congreso_artes/wp-content/uploads/2026/02/Congreso-Internacional-en-Artes1-2026.png 3500w, https://www.arte.unicen.edu.ar/congreso_artes/wp-content/uploads/2026/02/Congreso-Internacional-en-Artes1-2026-300x55.png 300w, https://www.arte.unicen.edu.ar/congreso_artes/wp-content/uploads/2026/02/Congreso-Internacional-en-Artes1-2026-1024x188.png 1024w, https://www.arte.unicen.edu.ar/congreso_artes/wp-content/uploads/2026/02/Congreso-Internacional-en-Artes1-2026-768x141.png 768w, https://www.arte.unicen.edu.ar/congreso_artes/wp-content/uploads/2026/02/Congreso-Internacional-en-Artes1-2026-1536x283.png 1536w, https://www.arte.unicen.edu.ar/congreso_artes/wp-content/uploads/2026/02/Congreso-Internacional-en-Artes1-2026-2048x377.png 2048w" sizes="(max-width: 3500px) 100vw, 3500px" />															</div>
				</div>
					</div>
		</div>
							</div>
		</section>
				<section class="elementor-section elementor-top-section elementor-element elementor-element-7c42a1cc elementor-section-boxed elementor-section-height-default elementor-section-height-default" data-id="7c42a1cc" data-element_type="section">
						<div class="elementor-container elementor-column-gap-default">
					<div class="elementor-column elementor-col-100 elementor-top-column elementor-element elementor-element-4ef38d6" data-id="4ef38d6" data-element_type="column">
			<div class="elementor-widget-wrap elementor-element-populated">
								<div class="elementor-element elementor-element-8044a86 elementor-widget elementor-widget-text-editor" data-id="8044a86" data-element_type="widget" data-widget_type="text-editor.default">
				<div class="elementor-widget-container">
			<style>/*! elementor - v3.17.0 - 01-11-2023 */
.elementor-widget-text-editor.elementor-drop-cap-view-stacked .elementor-drop-cap{background-color:#69727d;color:#fff}.elementor-widget-text-editor.elementor-drop-cap-view-framed .elementor-drop-cap{color:#69727d;border:3px solid;background-color:transparent}.elementor-widget-text-editor:not(.elementor-drop-cap-view-default) .elementor-drop-cap{margin-top:8px}.elementor-widget-text-editor:not(.elementor-drop-cap-view-default) .elementor-drop-cap-letter{width:1em;height:1em}.elementor-widget-text-editor .elementor-drop-cap{float:left;text-align:center;line-height:1;font-size:50px}.elementor-widget-text-editor .elementor-drop-cap-letter{display:inline-block}</style>				<p><span style="color: #de1846;">GT Nº14:</span> Rebobinar el caos: archivos, memorias y otras visiones</p><p><strong>Coordinadores: </strong>María Emilia Zarini (CID, FA, UNCPBA) y Horacio Cappelutti Gayo (CID, FA, UNCPBA)</p><p><strong>Modalidad </strong> HÍBRIDA (virtual y presencial)<br /><strong>Tipo de presentación:</strong> VIDEO ENSAYO POÉTICO</p><p><strong>Descripción:</strong> La noción de archivo es densa y compleja y, solo para hacer referencia a los siglos XX y XXI, es un campo de reflexión dotado de una profusa producción crítica y también artística. La aún resonante y disruptiva definición de archivo fue hecha por Michel Foucault en 1968 y lo definió como “la ley de lo que puede ser dicho”, es decir, no solo las cosas dichas y quienes las dijeron, sino las condiciones de posibilidad e imposibilidad de un sistema de discursividad (combinaciones de visibilidades y enunciabilidades) en una determinada época. De ahí que el archivo es, como afirma Gilles Deleuze (2013), fundamentalmente audiovisual. Es decir, refiere a las relaciones múltiples de lo visible y lo enunciable.<br />En este sentido, valdría reparar en que en una parte significativa de las producciones audiovisuales contemporáneas resulta notable la existencia de discursos que se sostienen en el despliegue de distintas configuraciones del archivo. Estas iniciativas confrontan la obstrucción de la mirada por sobreproducción de imágenes nuevas, con la reutilización de aquellas que preexisten, en pos de reanudar la potencia política y estética de las imágenes, en una relación otra con el tiempo. Si se quiere, valdría considerar esta perspectiva como un gesto ecológico que propone un cambio en las formas de ver o a través de las formas en que vemos. El trabajo con archivo es, en este sentido, una exploración que, a su vez, contrarresta las limitaciones que una producción audiovisual convencional impone con sus condicionamientos económicos y financieros.<br />Por otra parte, cabría destacar que algunas de las producciones audiovisuales contemporáneas que implican modulaciones de archivo generan: instancias de reescritura de los habituales esquemas progresivos y teleológicos de las historias en cuestión; habilitan movimientos de subjetivación que comprometen al yo como narración; redimensionan el saber totalizador por otro con alcance parcial, subjetivo, contingente e incisivo, pero no por ello menos colectivo; y recuperan aspectos alternativos del relato tales como la discontinuidad, la fragmentariedad, las disrupciones, y los cortes en los encadenamientos lógicos y causales de los acontecimientos. Así, para configurar el archivo en estos valores, las producciones audiovisuales se valen de acercamientos materiales, espaciales y también corporales que involucran, en muchos casos, poiesis poéticas y políticas.<br />Este grupo de trabajo propone, entonces, explorar, experiencias de escrituras audiovisuales con los archivos considerando que estos no remiten únicamente a emplazamientos materiales oficiales, sino a las múltiples formas bajo las que opera un entramado de relaciones entre el orden de lo visible y el orden de lo enunciable. Se podrán proyectar y poner en común video ensayos que impliquen trabajo con archivos entendidos estos en tanto experimentación, ejercitación, construcción, instancia performativa con lo que se dice y lo que se ve. El objetivo es poder reflexionar sobre todas las operaciones estéticas puestas en juego: revisión, reapropiación, relectura y reescritura que posibilitan pensar al artista como unx artista/escritorx archivista que habrá participado, en definitiva, de una práctica de montage (Bürger; Didi-Huberman). </p>						</div>
				</div>
				<div class="elementor-element elementor-element-1cea79b0 elementor-widget elementor-widget-text-editor" data-id="1cea79b0" data-element_type="widget" data-widget_type="text-editor.default">
				<div class="elementor-widget-container">
													</div>
				</div>
					</div>
		</div>
							</div>
		</section>
				<section class="elementor-section elementor-top-section elementor-element elementor-element-5c36fff elementor-section-boxed elementor-section-height-default elementor-section-height-default" data-id="5c36fff" data-element_type="section">
						<div class="elementor-container elementor-column-gap-default">
					<div class="elementor-column elementor-col-33 elementor-top-column elementor-element elementor-element-dec6280" data-id="dec6280" data-element_type="column">
			<div class="elementor-widget-wrap">
									</div>
		</div>
				<div class="elementor-column elementor-col-33 elementor-top-column elementor-element elementor-element-ec2fbfe" data-id="ec2fbfe" data-element_type="column">
			<div class="elementor-widget-wrap elementor-element-populated">
								<div class="elementor-element elementor-element-9cbe481 elementor-widget elementor-widget-image" data-id="9cbe481" data-element_type="widget" data-widget_type="image.default">
				<div class="elementor-widget-container">
																<a href="https://www.arte.unicen.edu.ar/" target="_blank">
							<img decoding="async" width="400" height="160" src="https://www.arte.unicen.edu.ar/congreso_artes/wp-content/uploads/2026/02/webarte2-400x160px-2400dpi.png" class="attachment-large size-large wp-image-793" alt="" loading="lazy" srcset="https://www.arte.unicen.edu.ar/congreso_artes/wp-content/uploads/2026/02/webarte2-400x160px-2400dpi.png 400w, https://www.arte.unicen.edu.ar/congreso_artes/wp-content/uploads/2026/02/webarte2-400x160px-2400dpi-300x120.png 300w" sizes="(max-width: 400px) 100vw, 400px" />								</a>
															</div>
				</div>
					</div>
		</div>
				<div class="elementor-column elementor-col-33 elementor-top-column elementor-element elementor-element-b01f013" data-id="b01f013" data-element_type="column">
			<div class="elementor-widget-wrap">
									</div>
		</div>
							</div>
		</section>
							</div>

<p>GT Nº14: Rebobinar el caos: archivos, memorias y otras visiones Coordinadores: María Emilia Zarini (CID, FA, UNCPBA) y Horacio Cappelutti Gayo (CID, FA, UNCPBA) Modalidad  HÍBRIDA (virtual y presencial)Tipo de presentación: VIDEO ENSAYO POÉTICO Descripción: La noción de archivo es densa y compleja y, solo para hacer referencia a los siglos XX y XXI, es&hellip;&nbsp;<a href="https://www.arte.unicen.edu.ar/congreso_artes/index.php/gt-14-rebobinar-el-caos-archivos-memorias-y-otras-visiones/" class="" rel="bookmark">Read More &raquo;<span class="screen-reader-text">GT 14: Rebobinar el caos: archivos, memorias y otras visiones</span></a></p>
