{"id":936,"date":"2026-02-26T11:48:50","date_gmt":"2026-02-26T14:48:50","guid":{"rendered":"https:\/\/www.arte.unicen.edu.ar\/congreso_artes\/?page_id=936"},"modified":"2026-02-26T11:50:10","modified_gmt":"2026-02-26T14:50:10","slug":"gt-13-indisciplina-vocal-pedagogias-poeticas-y-performatividades-de-la-voz-mas-alla-del-texto","status":"publish","type":"page","link":"https:\/\/www.arte.unicen.edu.ar\/congreso_artes\/index.php\/gt-13-indisciplina-vocal-pedagogias-poeticas-y-performatividades-de-la-voz-mas-alla-del-texto\/","title":{"rendered":"GT 13: Indisciplina Vocal: Pedagog\u00edas, po\u00e9ticas y performatividades de la voz m\u00e1s all\u00e1 del texto"},"content":{"rendered":"\t\t<div data-elementor-type=\"wp-page\" data-elementor-id=\"936\" class=\"elementor elementor-936\">\n\t\t\t\t\t\t\t\t\t<section class=\"elementor-section elementor-top-section elementor-element elementor-element-563642d elementor-section-full_width elementor-section-stretched elementor-section-height-default elementor-section-height-default\" data-id=\"563642d\" data-element_type=\"section\" data-settings=\"{&quot;stretch_section&quot;:&quot;section-stretched&quot;}\">\n\t\t\t\t\t\t<div class=\"elementor-container elementor-column-gap-default\">\n\t\t\t\t\t<div class=\"elementor-column elementor-col-100 elementor-top-column elementor-element elementor-element-964b0c4\" data-id=\"964b0c4\" data-element_type=\"column\">\n\t\t\t<div class=\"elementor-widget-wrap elementor-element-populated\">\n\t\t\t\t\t\t\t\t<div class=\"elementor-element elementor-element-3f80f3f elementor-widget elementor-widget-image\" data-id=\"3f80f3f\" data-element_type=\"widget\" data-widget_type=\"image.default\">\n\t\t\t\t<div class=\"elementor-widget-container\">\n\t\t\t<style>\/*! elementor - v3.17.0 - 01-11-2023 *\/\n.elementor-widget-image{text-align:center}.elementor-widget-image a{display:inline-block}.elementor-widget-image a img[src$=\".svg\"]{width:48px}.elementor-widget-image img{vertical-align:middle;display:inline-block}<\/style>\t\t\t\t\t\t\t\t\t\t\t\t<img decoding=\"async\" width=\"3500\" height=\"644\" src=\"https:\/\/www.arte.unicen.edu.ar\/congreso_artes\/wp-content\/uploads\/2026\/02\/Congreso-Internacional-en-Artes1-2026.png\" class=\"attachment-full size-full wp-image-724\" alt=\"\" loading=\"lazy\" srcset=\"https:\/\/www.arte.unicen.edu.ar\/congreso_artes\/wp-content\/uploads\/2026\/02\/Congreso-Internacional-en-Artes1-2026.png 3500w, https:\/\/www.arte.unicen.edu.ar\/congreso_artes\/wp-content\/uploads\/2026\/02\/Congreso-Internacional-en-Artes1-2026-300x55.png 300w, https:\/\/www.arte.unicen.edu.ar\/congreso_artes\/wp-content\/uploads\/2026\/02\/Congreso-Internacional-en-Artes1-2026-1024x188.png 1024w, https:\/\/www.arte.unicen.edu.ar\/congreso_artes\/wp-content\/uploads\/2026\/02\/Congreso-Internacional-en-Artes1-2026-768x141.png 768w, https:\/\/www.arte.unicen.edu.ar\/congreso_artes\/wp-content\/uploads\/2026\/02\/Congreso-Internacional-en-Artes1-2026-1536x283.png 1536w, https:\/\/www.arte.unicen.edu.ar\/congreso_artes\/wp-content\/uploads\/2026\/02\/Congreso-Internacional-en-Artes1-2026-2048x377.png 2048w\" sizes=\"(max-width: 3500px) 100vw, 3500px\" \/>\t\t\t\t\t\t\t\t\t\t\t\t\t\t\t<\/div>\n\t\t\t\t<\/div>\n\t\t\t\t\t<\/div>\n\t\t<\/div>\n\t\t\t\t\t\t\t<\/div>\n\t\t<\/section>\n\t\t\t\t<section class=\"elementor-section elementor-top-section elementor-element elementor-element-7c42a1cc elementor-section-boxed elementor-section-height-default elementor-section-height-default\" data-id=\"7c42a1cc\" data-element_type=\"section\">\n\t\t\t\t\t\t<div class=\"elementor-container elementor-column-gap-default\">\n\t\t\t\t\t<div class=\"elementor-column elementor-col-100 elementor-top-column elementor-element elementor-element-4ef38d6\" data-id=\"4ef38d6\" data-element_type=\"column\">\n\t\t\t<div class=\"elementor-widget-wrap elementor-element-populated\">\n\t\t\t\t\t\t\t\t<div class=\"elementor-element elementor-element-8044a86 elementor-widget elementor-widget-text-editor\" data-id=\"8044a86\" data-element_type=\"widget\" data-widget_type=\"text-editor.default\">\n\t\t\t\t<div class=\"elementor-widget-container\">\n\t\t\t<style>\/*! elementor - v3.17.0 - 01-11-2023 *\/\n.elementor-widget-text-editor.elementor-drop-cap-view-stacked .elementor-drop-cap{background-color:#69727d;color:#fff}.elementor-widget-text-editor.elementor-drop-cap-view-framed .elementor-drop-cap{color:#69727d;border:3px solid;background-color:transparent}.elementor-widget-text-editor:not(.elementor-drop-cap-view-default) .elementor-drop-cap{margin-top:8px}.elementor-widget-text-editor:not(.elementor-drop-cap-view-default) .elementor-drop-cap-letter{width:1em;height:1em}.elementor-widget-text-editor .elementor-drop-cap{float:left;text-align:center;line-height:1;font-size:50px}.elementor-widget-text-editor .elementor-drop-cap-letter{display:inline-block}<\/style>\t\t\t\t<p><span style=\"color: #de1846;\">GT N\u00ba13:<\/span> Indisciplina Vocal: Pedagog\u00edas, po\u00e9ticas y performatividades de la voz m\u00e1s all\u00e1 del texto<\/p><p><strong>Coordinadores: <\/strong>Rub\u00e9n Maidana (TECC, FA, UNCPBA) y Sarmen Almond (Alquimia Vocal &#8211; CAIRH &#8211; Roy Hart Voice Centre)<\/p><p><strong>Modalidad\u00a0<\/strong> VIRTUAL<br \/><strong>Tipo de presentaci\u00f3n:<\/strong> PONENCIA \u2013 VIDEO ENSAYO PO\u00c9TICO<\/p><p><strong>Descripci\u00f3n:<\/strong> Este grupo de trabajo invita a pensar una cr\u00edtica o ruptura con las formas tradicionales de ense\u00f1anza y aprendizaje de la voz, desde perspectivas performativas, pol\u00edticas y experimentales. Se convoca a docentes, investigadorxs, artistas y profesionales a compartir y debatir procesos de ense\u00f1anza, metodolog\u00edas de indagaci\u00f3n, experiencias pedag\u00f3gicas y reflexiones en torno a la creaci\u00f3n que exploren el uso de la voz desbordando los marcos can\u00f3nicos. Extendemos especialmente la invitaci\u00f3n a creadoras y creadores esc\u00e9nicos para que compartan sus procesos de trabajo e investigaci\u00f3n donde la voz opera como materia expresiva aut\u00f3noma, proponiendo lenguajes vocales que cuestionen, expandan o desplacen la centralidad del texto en la pr\u00e1ctica esc\u00e9nica.<br \/>El GT pone su foco principal en el an\u00e1lisis cr\u00edtico y la socializaci\u00f3n colectiva de los procesos implicados en la pr\u00e1ctica: desde la exploraci\u00f3n t\u00e9cnica y metodol\u00f3gica hasta los desaf\u00edos pedag\u00f3gicos y los marcos te\u00f3ricos que la sostienen. M\u00e1s que centrarse en la presentaci\u00f3n de obras concluidas o en la exhibici\u00f3n de producciones terminadas, el GT valora el intercambio de saberes, la reflexi\u00f3n compartida y la construcci\u00f3n conjunta de conocimiento a partir de experiencias en curso. Se trata de un espacio orientado al di\u00e1logo entre pares, donde lo central es el camino recorrido, las decisiones que se toman en el hacer, y las preguntas que emergen durante el proceso creativo y formativo. Los ejes de inter\u00e9s incluyen, pero no se limitan a: \u2022 La voz preling\u00fc\u00edstica y no textual. \u2022 Vocalidades alternativas desde enfoques t\u00e9cnicos y est\u00e9ticos innovadores. \u2022 La voz como materia expresiva aut\u00f3noma en la creaci\u00f3n esc\u00e9nica. \u2022 Po\u00e9ticas vocales que cuestionen o desplacen la centralidad del texto verbal.<\/p>\t\t\t\t\t\t<\/div>\n\t\t\t\t<\/div>\n\t\t\t\t<div class=\"elementor-element elementor-element-1cea79b0 elementor-widget elementor-widget-text-editor\" data-id=\"1cea79b0\" data-element_type=\"widget\" data-widget_type=\"text-editor.default\">\n\t\t\t\t<div class=\"elementor-widget-container\">\n\t\t\t\t\t\t\t\t\t\t\t\t\t<\/div>\n\t\t\t\t<\/div>\n\t\t\t\t\t<\/div>\n\t\t<\/div>\n\t\t\t\t\t\t\t<\/div>\n\t\t<\/section>\n\t\t\t\t<section class=\"elementor-section elementor-top-section elementor-element elementor-element-5c36fff elementor-section-boxed elementor-section-height-default elementor-section-height-default\" data-id=\"5c36fff\" data-element_type=\"section\">\n\t\t\t\t\t\t<div class=\"elementor-container elementor-column-gap-default\">\n\t\t\t\t\t<div class=\"elementor-column elementor-col-33 elementor-top-column elementor-element elementor-element-dec6280\" data-id=\"dec6280\" data-element_type=\"column\">\n\t\t\t<div class=\"elementor-widget-wrap\">\n\t\t\t\t\t\t\t\t\t<\/div>\n\t\t<\/div>\n\t\t\t\t<div class=\"elementor-column elementor-col-33 elementor-top-column elementor-element elementor-element-ec2fbfe\" data-id=\"ec2fbfe\" data-element_type=\"column\">\n\t\t\t<div class=\"elementor-widget-wrap elementor-element-populated\">\n\t\t\t\t\t\t\t\t<div class=\"elementor-element elementor-element-9cbe481 elementor-widget elementor-widget-image\" data-id=\"9cbe481\" data-element_type=\"widget\" data-widget_type=\"image.default\">\n\t\t\t\t<div class=\"elementor-widget-container\">\n\t\t\t\t\t\t\t\t\t\t\t\t\t\t\t\t<a href=\"https:\/\/www.arte.unicen.edu.ar\/\" target=\"_blank\">\n\t\t\t\t\t\t\t<img decoding=\"async\" width=\"400\" height=\"160\" src=\"https:\/\/www.arte.unicen.edu.ar\/congreso_artes\/wp-content\/uploads\/2026\/02\/webarte2-400x160px-2400dpi.png\" class=\"attachment-large size-large wp-image-793\" alt=\"\" loading=\"lazy\" srcset=\"https:\/\/www.arte.unicen.edu.ar\/congreso_artes\/wp-content\/uploads\/2026\/02\/webarte2-400x160px-2400dpi.png 400w, https:\/\/www.arte.unicen.edu.ar\/congreso_artes\/wp-content\/uploads\/2026\/02\/webarte2-400x160px-2400dpi-300x120.png 300w\" sizes=\"(max-width: 400px) 100vw, 400px\" \/>\t\t\t\t\t\t\t\t<\/a>\n\t\t\t\t\t\t\t\t\t\t\t\t\t\t\t<\/div>\n\t\t\t\t<\/div>\n\t\t\t\t\t<\/div>\n\t\t<\/div>\n\t\t\t\t<div class=\"elementor-column elementor-col-33 elementor-top-column elementor-element elementor-element-b01f013\" data-id=\"b01f013\" data-element_type=\"column\">\n\t\t\t<div class=\"elementor-widget-wrap\">\n\t\t\t\t\t\t\t\t\t<\/div>\n\t\t<\/div>\n\t\t\t\t\t\t\t<\/div>\n\t\t<\/section>\n\t\t\t\t\t\t\t<\/div>\n\t\t","protected":false},"excerpt":{"rendered":"<p>GT N\u00ba13: Indisciplina Vocal: Pedagog\u00edas, po\u00e9ticas y performatividades de la voz m\u00e1s all\u00e1 del texto Coordinadores: Rub\u00e9n Maidana (TECC, FA, UNCPBA) y Sarmen Almond (Alquimia Vocal &#8211; CAIRH &#8211; Roy Hart Voice Centre) Modalidad\u00a0 VIRTUALTipo de presentaci\u00f3n: PONENCIA \u2013 VIDEO ENSAYO PO\u00c9TICO Descripci\u00f3n: Este grupo de trabajo invita a pensar una cr\u00edtica o ruptura con&hellip;&nbsp;<a href=\"https:\/\/www.arte.unicen.edu.ar\/congreso_artes\/index.php\/gt-13-indisciplina-vocal-pedagogias-poeticas-y-performatividades-de-la-voz-mas-alla-del-texto\/\" class=\"\" rel=\"bookmark\">Read More &raquo;<span class=\"screen-reader-text\">GT 13: Indisciplina Vocal: Pedagog\u00edas, po\u00e9ticas y performatividades de la voz m\u00e1s all\u00e1 del texto<\/span><\/a><\/p>\n","protected":false},"author":1,"featured_media":0,"parent":0,"menu_order":0,"comment_status":"closed","ping_status":"closed","template":"","meta":{"neve_meta_sidebar":"","neve_meta_container":"","neve_meta_enable_content_width":"on","neve_meta_content_width":100,"neve_meta_title_alignment":"","neve_meta_author_avatar":"","neve_post_elements_order":"","neve_meta_disable_header":"","neve_meta_disable_footer":"","neve_meta_disable_title":"on"},"_links":{"self":[{"href":"https:\/\/www.arte.unicen.edu.ar\/congreso_artes\/index.php\/wp-json\/wp\/v2\/pages\/936"}],"collection":[{"href":"https:\/\/www.arte.unicen.edu.ar\/congreso_artes\/index.php\/wp-json\/wp\/v2\/pages"}],"about":[{"href":"https:\/\/www.arte.unicen.edu.ar\/congreso_artes\/index.php\/wp-json\/wp\/v2\/types\/page"}],"author":[{"embeddable":true,"href":"https:\/\/www.arte.unicen.edu.ar\/congreso_artes\/index.php\/wp-json\/wp\/v2\/users\/1"}],"replies":[{"embeddable":true,"href":"https:\/\/www.arte.unicen.edu.ar\/congreso_artes\/index.php\/wp-json\/wp\/v2\/comments?post=936"}],"version-history":[{"count":2,"href":"https:\/\/www.arte.unicen.edu.ar\/congreso_artes\/index.php\/wp-json\/wp\/v2\/pages\/936\/revisions"}],"predecessor-version":[{"id":940,"href":"https:\/\/www.arte.unicen.edu.ar\/congreso_artes\/index.php\/wp-json\/wp\/v2\/pages\/936\/revisions\/940"}],"wp:attachment":[{"href":"https:\/\/www.arte.unicen.edu.ar\/congreso_artes\/index.php\/wp-json\/wp\/v2\/media?parent=936"}],"curies":[{"name":"wp","href":"https:\/\/api.w.org\/{rel}","templated":true}]}}

GT 13: Indisciplina Vocal: Pedagogías, poéticas y performatividades de la voz más allá del texto

<div data-elementor-type="wp-page" data-elementor-id="936" class="elementor elementor-936">
									<section class="elementor-section elementor-top-section elementor-element elementor-element-563642d elementor-section-full_width elementor-section-stretched elementor-section-height-default elementor-section-height-default" data-id="563642d" data-element_type="section" data-settings="{&quot;stretch_section&quot;:&quot;section-stretched&quot;}">
						<div class="elementor-container elementor-column-gap-default">
					<div class="elementor-column elementor-col-100 elementor-top-column elementor-element elementor-element-964b0c4" data-id="964b0c4" data-element_type="column">
			<div class="elementor-widget-wrap elementor-element-populated">
								<div class="elementor-element elementor-element-3f80f3f elementor-widget elementor-widget-image" data-id="3f80f3f" data-element_type="widget" data-widget_type="image.default">
				<div class="elementor-widget-container">
			<style>/*! elementor - v3.17.0 - 01-11-2023 */
.elementor-widget-image{text-align:center}.elementor-widget-image a{display:inline-block}.elementor-widget-image a img[src$=".svg"]{width:48px}.elementor-widget-image img{vertical-align:middle;display:inline-block}</style>												<img decoding="async" width="3500" height="644" src="https://www.arte.unicen.edu.ar/congreso_artes/wp-content/uploads/2026/02/Congreso-Internacional-en-Artes1-2026.png" class="attachment-full size-full wp-image-724" alt="" loading="lazy" srcset="https://www.arte.unicen.edu.ar/congreso_artes/wp-content/uploads/2026/02/Congreso-Internacional-en-Artes1-2026.png 3500w, https://www.arte.unicen.edu.ar/congreso_artes/wp-content/uploads/2026/02/Congreso-Internacional-en-Artes1-2026-300x55.png 300w, https://www.arte.unicen.edu.ar/congreso_artes/wp-content/uploads/2026/02/Congreso-Internacional-en-Artes1-2026-1024x188.png 1024w, https://www.arte.unicen.edu.ar/congreso_artes/wp-content/uploads/2026/02/Congreso-Internacional-en-Artes1-2026-768x141.png 768w, https://www.arte.unicen.edu.ar/congreso_artes/wp-content/uploads/2026/02/Congreso-Internacional-en-Artes1-2026-1536x283.png 1536w, https://www.arte.unicen.edu.ar/congreso_artes/wp-content/uploads/2026/02/Congreso-Internacional-en-Artes1-2026-2048x377.png 2048w" sizes="(max-width: 3500px) 100vw, 3500px" />															</div>
				</div>
					</div>
		</div>
							</div>
		</section>
				<section class="elementor-section elementor-top-section elementor-element elementor-element-7c42a1cc elementor-section-boxed elementor-section-height-default elementor-section-height-default" data-id="7c42a1cc" data-element_type="section">
						<div class="elementor-container elementor-column-gap-default">
					<div class="elementor-column elementor-col-100 elementor-top-column elementor-element elementor-element-4ef38d6" data-id="4ef38d6" data-element_type="column">
			<div class="elementor-widget-wrap elementor-element-populated">
								<div class="elementor-element elementor-element-8044a86 elementor-widget elementor-widget-text-editor" data-id="8044a86" data-element_type="widget" data-widget_type="text-editor.default">
				<div class="elementor-widget-container">
			<style>/*! elementor - v3.17.0 - 01-11-2023 */
.elementor-widget-text-editor.elementor-drop-cap-view-stacked .elementor-drop-cap{background-color:#69727d;color:#fff}.elementor-widget-text-editor.elementor-drop-cap-view-framed .elementor-drop-cap{color:#69727d;border:3px solid;background-color:transparent}.elementor-widget-text-editor:not(.elementor-drop-cap-view-default) .elementor-drop-cap{margin-top:8px}.elementor-widget-text-editor:not(.elementor-drop-cap-view-default) .elementor-drop-cap-letter{width:1em;height:1em}.elementor-widget-text-editor .elementor-drop-cap{float:left;text-align:center;line-height:1;font-size:50px}.elementor-widget-text-editor .elementor-drop-cap-letter{display:inline-block}</style>				<p><span style="color: #de1846;">GT Nº13:</span> Indisciplina Vocal: Pedagogías, poéticas y performatividades de la voz más allá del texto</p><p><strong>Coordinadores: </strong>Rubén Maidana (TECC, FA, UNCPBA) y Sarmen Almond (Alquimia Vocal &#8211; CAIRH &#8211; Roy Hart Voice Centre)</p><p><strong>Modalidad </strong> VIRTUAL<br /><strong>Tipo de presentación:</strong> PONENCIA – VIDEO ENSAYO POÉTICO</p><p><strong>Descripción:</strong> Este grupo de trabajo invita a pensar una crítica o ruptura con las formas tradicionales de enseñanza y aprendizaje de la voz, desde perspectivas performativas, políticas y experimentales. Se convoca a docentes, investigadorxs, artistas y profesionales a compartir y debatir procesos de enseñanza, metodologías de indagación, experiencias pedagógicas y reflexiones en torno a la creación que exploren el uso de la voz desbordando los marcos canónicos. Extendemos especialmente la invitación a creadoras y creadores escénicos para que compartan sus procesos de trabajo e investigación donde la voz opera como materia expresiva autónoma, proponiendo lenguajes vocales que cuestionen, expandan o desplacen la centralidad del texto en la práctica escénica.<br />El GT pone su foco principal en el análisis crítico y la socialización colectiva de los procesos implicados en la práctica: desde la exploración técnica y metodológica hasta los desafíos pedagógicos y los marcos teóricos que la sostienen. Más que centrarse en la presentación de obras concluidas o en la exhibición de producciones terminadas, el GT valora el intercambio de saberes, la reflexión compartida y la construcción conjunta de conocimiento a partir de experiencias en curso. Se trata de un espacio orientado al diálogo entre pares, donde lo central es el camino recorrido, las decisiones que se toman en el hacer, y las preguntas que emergen durante el proceso creativo y formativo. Los ejes de interés incluyen, pero no se limitan a: • La voz prelingüística y no textual. • Vocalidades alternativas desde enfoques técnicos y estéticos innovadores. • La voz como materia expresiva autónoma en la creación escénica. • Poéticas vocales que cuestionen o desplacen la centralidad del texto verbal.</p>						</div>
				</div>
				<div class="elementor-element elementor-element-1cea79b0 elementor-widget elementor-widget-text-editor" data-id="1cea79b0" data-element_type="widget" data-widget_type="text-editor.default">
				<div class="elementor-widget-container">
													</div>
				</div>
					</div>
		</div>
							</div>
		</section>
				<section class="elementor-section elementor-top-section elementor-element elementor-element-5c36fff elementor-section-boxed elementor-section-height-default elementor-section-height-default" data-id="5c36fff" data-element_type="section">
						<div class="elementor-container elementor-column-gap-default">
					<div class="elementor-column elementor-col-33 elementor-top-column elementor-element elementor-element-dec6280" data-id="dec6280" data-element_type="column">
			<div class="elementor-widget-wrap">
									</div>
		</div>
				<div class="elementor-column elementor-col-33 elementor-top-column elementor-element elementor-element-ec2fbfe" data-id="ec2fbfe" data-element_type="column">
			<div class="elementor-widget-wrap elementor-element-populated">
								<div class="elementor-element elementor-element-9cbe481 elementor-widget elementor-widget-image" data-id="9cbe481" data-element_type="widget" data-widget_type="image.default">
				<div class="elementor-widget-container">
																<a href="https://www.arte.unicen.edu.ar/" target="_blank">
							<img decoding="async" width="400" height="160" src="https://www.arte.unicen.edu.ar/congreso_artes/wp-content/uploads/2026/02/webarte2-400x160px-2400dpi.png" class="attachment-large size-large wp-image-793" alt="" loading="lazy" srcset="https://www.arte.unicen.edu.ar/congreso_artes/wp-content/uploads/2026/02/webarte2-400x160px-2400dpi.png 400w, https://www.arte.unicen.edu.ar/congreso_artes/wp-content/uploads/2026/02/webarte2-400x160px-2400dpi-300x120.png 300w" sizes="(max-width: 400px) 100vw, 400px" />								</a>
															</div>
				</div>
					</div>
		</div>
				<div class="elementor-column elementor-col-33 elementor-top-column elementor-element elementor-element-b01f013" data-id="b01f013" data-element_type="column">
			<div class="elementor-widget-wrap">
									</div>
		</div>
							</div>
		</section>
							</div>

<p>GT Nº13: Indisciplina Vocal: Pedagogías, poéticas y performatividades de la voz más allá del texto Coordinadores: Rubén Maidana (TECC, FA, UNCPBA) y Sarmen Almond (Alquimia Vocal &#8211; CAIRH &#8211; Roy Hart Voice Centre) Modalidad  VIRTUALTipo de presentación: PONENCIA – VIDEO ENSAYO POÉTICO Descripción: Este grupo de trabajo invita a pensar una crítica o ruptura con&hellip;&nbsp;<a href="https://www.arte.unicen.edu.ar/congreso_artes/index.php/gt-13-indisciplina-vocal-pedagogias-poeticas-y-performatividades-de-la-voz-mas-alla-del-texto/" class="" rel="bookmark">Read More &raquo;<span class="screen-reader-text">GT 13: Indisciplina Vocal: Pedagogías, poéticas y performatividades de la voz más allá del texto</span></a></p>
