{"id":921,"date":"2026-02-26T11:40:15","date_gmt":"2026-02-26T14:40:15","guid":{"rendered":"https:\/\/www.arte.unicen.edu.ar\/congreso_artes\/?page_id=921"},"modified":"2026-02-26T11:42:21","modified_gmt":"2026-02-26T14:42:21","slug":"gt-10-campo-sonoro-dramaturgias-vocales-y-sonoturgias","status":"publish","type":"page","link":"https:\/\/www.arte.unicen.edu.ar\/congreso_artes\/index.php\/gt-10-campo-sonoro-dramaturgias-vocales-y-sonoturgias\/","title":{"rendered":"GT 10: Campo sonoro, dramaturgias vocales y sonoturgias"},"content":{"rendered":"\t\t<div data-elementor-type=\"wp-page\" data-elementor-id=\"921\" class=\"elementor elementor-921\">\n\t\t\t\t\t\t\t\t\t<section class=\"elementor-section elementor-top-section elementor-element elementor-element-563642d elementor-section-full_width elementor-section-stretched elementor-section-height-default elementor-section-height-default\" data-id=\"563642d\" data-element_type=\"section\" data-settings=\"{&quot;stretch_section&quot;:&quot;section-stretched&quot;}\">\n\t\t\t\t\t\t<div class=\"elementor-container elementor-column-gap-default\">\n\t\t\t\t\t<div class=\"elementor-column elementor-col-100 elementor-top-column elementor-element elementor-element-964b0c4\" data-id=\"964b0c4\" data-element_type=\"column\">\n\t\t\t<div class=\"elementor-widget-wrap elementor-element-populated\">\n\t\t\t\t\t\t\t\t<div class=\"elementor-element elementor-element-3f80f3f elementor-widget elementor-widget-image\" data-id=\"3f80f3f\" data-element_type=\"widget\" data-widget_type=\"image.default\">\n\t\t\t\t<div class=\"elementor-widget-container\">\n\t\t\t<style>\/*! elementor - v3.17.0 - 01-11-2023 *\/\n.elementor-widget-image{text-align:center}.elementor-widget-image a{display:inline-block}.elementor-widget-image a img[src$=\".svg\"]{width:48px}.elementor-widget-image img{vertical-align:middle;display:inline-block}<\/style>\t\t\t\t\t\t\t\t\t\t\t\t<img decoding=\"async\" width=\"3500\" height=\"644\" src=\"https:\/\/www.arte.unicen.edu.ar\/congreso_artes\/wp-content\/uploads\/2026\/02\/Congreso-Internacional-en-Artes1-2026.png\" class=\"attachment-full size-full wp-image-724\" alt=\"\" loading=\"lazy\" srcset=\"https:\/\/www.arte.unicen.edu.ar\/congreso_artes\/wp-content\/uploads\/2026\/02\/Congreso-Internacional-en-Artes1-2026.png 3500w, https:\/\/www.arte.unicen.edu.ar\/congreso_artes\/wp-content\/uploads\/2026\/02\/Congreso-Internacional-en-Artes1-2026-300x55.png 300w, https:\/\/www.arte.unicen.edu.ar\/congreso_artes\/wp-content\/uploads\/2026\/02\/Congreso-Internacional-en-Artes1-2026-1024x188.png 1024w, https:\/\/www.arte.unicen.edu.ar\/congreso_artes\/wp-content\/uploads\/2026\/02\/Congreso-Internacional-en-Artes1-2026-768x141.png 768w, https:\/\/www.arte.unicen.edu.ar\/congreso_artes\/wp-content\/uploads\/2026\/02\/Congreso-Internacional-en-Artes1-2026-1536x283.png 1536w, https:\/\/www.arte.unicen.edu.ar\/congreso_artes\/wp-content\/uploads\/2026\/02\/Congreso-Internacional-en-Artes1-2026-2048x377.png 2048w\" sizes=\"(max-width: 3500px) 100vw, 3500px\" \/>\t\t\t\t\t\t\t\t\t\t\t\t\t\t\t<\/div>\n\t\t\t\t<\/div>\n\t\t\t\t\t<\/div>\n\t\t<\/div>\n\t\t\t\t\t\t\t<\/div>\n\t\t<\/section>\n\t\t\t\t<section class=\"elementor-section elementor-top-section elementor-element elementor-element-7c42a1cc elementor-section-boxed elementor-section-height-default elementor-section-height-default\" data-id=\"7c42a1cc\" data-element_type=\"section\">\n\t\t\t\t\t\t<div class=\"elementor-container elementor-column-gap-default\">\n\t\t\t\t\t<div class=\"elementor-column elementor-col-100 elementor-top-column elementor-element elementor-element-4ef38d6\" data-id=\"4ef38d6\" data-element_type=\"column\">\n\t\t\t<div class=\"elementor-widget-wrap elementor-element-populated\">\n\t\t\t\t\t\t\t\t<div class=\"elementor-element elementor-element-8044a86 elementor-widget elementor-widget-text-editor\" data-id=\"8044a86\" data-element_type=\"widget\" data-widget_type=\"text-editor.default\">\n\t\t\t\t<div class=\"elementor-widget-container\">\n\t\t\t<style>\/*! elementor - v3.17.0 - 01-11-2023 *\/\n.elementor-widget-text-editor.elementor-drop-cap-view-stacked .elementor-drop-cap{background-color:#69727d;color:#fff}.elementor-widget-text-editor.elementor-drop-cap-view-framed .elementor-drop-cap{color:#69727d;border:3px solid;background-color:transparent}.elementor-widget-text-editor:not(.elementor-drop-cap-view-default) .elementor-drop-cap{margin-top:8px}.elementor-widget-text-editor:not(.elementor-drop-cap-view-default) .elementor-drop-cap-letter{width:1em;height:1em}.elementor-widget-text-editor .elementor-drop-cap{float:left;text-align:center;line-height:1;font-size:50px}.elementor-widget-text-editor .elementor-drop-cap-letter{display:inline-block}<\/style>\t\t\t\t<p><span style=\"color: #de1846;\">GT N\u00ba10:<\/span> Campo sonoro, dramaturgias vocales y sonoturgias<\/p><p><strong>Coordinadores:<\/strong>Guillermo Dillon (CID, FA, UNCPBA) y Cintia V\u00e1zquez (CID, FA, UNCPBA)<\/p><p><strong>Modalidad\u00a0<\/strong>\u00a0H\u00cdBRIDA (virtual y presencial)<br \/><strong>Tipo de presentaci\u00f3n:<\/strong> PONENCIA \u2013 PONENCIA PERFORM\u00c1TICA \u2013 VIDEO ENSAYO PO\u00c9TICO y\/o ACUSM\u00c1TICO<\/p><p><strong>Descripci\u00f3n:<\/strong> En la creaci\u00f3n contempor\u00e1nea emergen diversos estilos de performances y procesos art\u00edsticos vinculados con la experimentaci\u00f3n s\u00f3nica, as\u00ed como la creaci\u00f3n de universos dram\u00e1ticos -en diferentes formatos- a trav\u00e9s de dramaturgias vocales y sonoturgias. Asimismo, otros proyectos profundizan en el aspecto aural, investigan los modos de escucha, la relaci\u00f3n entre producci\u00f3n vocal y escucha, la asociaci\u00f3n entre acciones vocales y est\u00edmulos sonoros como dispositivos dramat\u00fargicos situados, los atributos de la percepci\u00f3n sonora y la intermediaci\u00f3n de la cultura, los aspectos territoriales, coloniales o decoloniales, y las relaciones de poder que se entretejen hist\u00f3ricamente en la codificaci\u00f3n de los sonidos. Proponemos reflexionar sobre aquellas producciones esc\u00e9nicas, dispositivos transmediales, instalaciones que construyan dramaturgias sonoras y\/o vocales, artivismos sonoros, identidades y memorias sonoras tendientes expandir las posibilidades dram\u00e1ticas del campo ac\u00fastico, aural y\/o de la vocalidad en escena.<br \/>Convocamos a artistas, creadores, investigadores, trabajadores de lo sonoro y lo vocal que experimenten con el campo ac\u00fastico\/aural en relaci\u00f3n a la creaci\u00f3n po\u00e9tica y la producci\u00f3n esc\u00e9nica.<\/p>\t\t\t\t\t\t<\/div>\n\t\t\t\t<\/div>\n\t\t\t\t<div class=\"elementor-element elementor-element-1cea79b0 elementor-widget elementor-widget-text-editor\" data-id=\"1cea79b0\" data-element_type=\"widget\" data-widget_type=\"text-editor.default\">\n\t\t\t\t<div class=\"elementor-widget-container\">\n\t\t\t\t\t\t\t\t\t\t\t\t\t<\/div>\n\t\t\t\t<\/div>\n\t\t\t\t\t<\/div>\n\t\t<\/div>\n\t\t\t\t\t\t\t<\/div>\n\t\t<\/section>\n\t\t\t\t<section class=\"elementor-section elementor-top-section elementor-element elementor-element-5c36fff elementor-section-boxed elementor-section-height-default elementor-section-height-default\" data-id=\"5c36fff\" data-element_type=\"section\">\n\t\t\t\t\t\t<div class=\"elementor-container elementor-column-gap-default\">\n\t\t\t\t\t<div class=\"elementor-column elementor-col-33 elementor-top-column elementor-element elementor-element-dec6280\" data-id=\"dec6280\" data-element_type=\"column\">\n\t\t\t<div class=\"elementor-widget-wrap\">\n\t\t\t\t\t\t\t\t\t<\/div>\n\t\t<\/div>\n\t\t\t\t<div class=\"elementor-column elementor-col-33 elementor-top-column elementor-element elementor-element-ec2fbfe\" data-id=\"ec2fbfe\" data-element_type=\"column\">\n\t\t\t<div class=\"elementor-widget-wrap elementor-element-populated\">\n\t\t\t\t\t\t\t\t<div class=\"elementor-element elementor-element-9cbe481 elementor-widget elementor-widget-image\" data-id=\"9cbe481\" data-element_type=\"widget\" data-widget_type=\"image.default\">\n\t\t\t\t<div class=\"elementor-widget-container\">\n\t\t\t\t\t\t\t\t\t\t\t\t\t\t\t\t<a href=\"https:\/\/www.arte.unicen.edu.ar\/\" target=\"_blank\">\n\t\t\t\t\t\t\t<img decoding=\"async\" width=\"400\" height=\"160\" src=\"https:\/\/www.arte.unicen.edu.ar\/congreso_artes\/wp-content\/uploads\/2026\/02\/webarte2-400x160px-2400dpi.png\" class=\"attachment-large size-large wp-image-793\" alt=\"\" loading=\"lazy\" srcset=\"https:\/\/www.arte.unicen.edu.ar\/congreso_artes\/wp-content\/uploads\/2026\/02\/webarte2-400x160px-2400dpi.png 400w, https:\/\/www.arte.unicen.edu.ar\/congreso_artes\/wp-content\/uploads\/2026\/02\/webarte2-400x160px-2400dpi-300x120.png 300w\" sizes=\"(max-width: 400px) 100vw, 400px\" \/>\t\t\t\t\t\t\t\t<\/a>\n\t\t\t\t\t\t\t\t\t\t\t\t\t\t\t<\/div>\n\t\t\t\t<\/div>\n\t\t\t\t\t<\/div>\n\t\t<\/div>\n\t\t\t\t<div class=\"elementor-column elementor-col-33 elementor-top-column elementor-element elementor-element-b01f013\" data-id=\"b01f013\" data-element_type=\"column\">\n\t\t\t<div class=\"elementor-widget-wrap\">\n\t\t\t\t\t\t\t\t\t<\/div>\n\t\t<\/div>\n\t\t\t\t\t\t\t<\/div>\n\t\t<\/section>\n\t\t\t\t\t\t\t<\/div>\n\t\t","protected":false},"excerpt":{"rendered":"<p>GT N\u00ba10: Campo sonoro, dramaturgias vocales y sonoturgias Coordinadores:Guillermo Dillon (CID, FA, UNCPBA) y Cintia V\u00e1zquez (CID, FA, UNCPBA) Modalidad\u00a0\u00a0H\u00cdBRIDA (virtual y presencial)Tipo de presentaci\u00f3n: PONENCIA \u2013 PONENCIA PERFORM\u00c1TICA \u2013 VIDEO ENSAYO PO\u00c9TICO y\/o ACUSM\u00c1TICO Descripci\u00f3n: En la creaci\u00f3n contempor\u00e1nea emergen diversos estilos de performances y procesos art\u00edsticos vinculados con la experimentaci\u00f3n s\u00f3nica, as\u00ed como&hellip;&nbsp;<a href=\"https:\/\/www.arte.unicen.edu.ar\/congreso_artes\/index.php\/gt-10-campo-sonoro-dramaturgias-vocales-y-sonoturgias\/\" class=\"\" rel=\"bookmark\">Read More &raquo;<span class=\"screen-reader-text\">GT 10: Campo sonoro, dramaturgias vocales y sonoturgias<\/span><\/a><\/p>\n","protected":false},"author":1,"featured_media":0,"parent":0,"menu_order":0,"comment_status":"closed","ping_status":"closed","template":"","meta":{"neve_meta_sidebar":"","neve_meta_container":"","neve_meta_enable_content_width":"on","neve_meta_content_width":100,"neve_meta_title_alignment":"","neve_meta_author_avatar":"","neve_post_elements_order":"","neve_meta_disable_header":"","neve_meta_disable_footer":"","neve_meta_disable_title":"on"},"_links":{"self":[{"href":"https:\/\/www.arte.unicen.edu.ar\/congreso_artes\/index.php\/wp-json\/wp\/v2\/pages\/921"}],"collection":[{"href":"https:\/\/www.arte.unicen.edu.ar\/congreso_artes\/index.php\/wp-json\/wp\/v2\/pages"}],"about":[{"href":"https:\/\/www.arte.unicen.edu.ar\/congreso_artes\/index.php\/wp-json\/wp\/v2\/types\/page"}],"author":[{"embeddable":true,"href":"https:\/\/www.arte.unicen.edu.ar\/congreso_artes\/index.php\/wp-json\/wp\/v2\/users\/1"}],"replies":[{"embeddable":true,"href":"https:\/\/www.arte.unicen.edu.ar\/congreso_artes\/index.php\/wp-json\/wp\/v2\/comments?post=921"}],"version-history":[{"count":2,"href":"https:\/\/www.arte.unicen.edu.ar\/congreso_artes\/index.php\/wp-json\/wp\/v2\/pages\/921\/revisions"}],"predecessor-version":[{"id":925,"href":"https:\/\/www.arte.unicen.edu.ar\/congreso_artes\/index.php\/wp-json\/wp\/v2\/pages\/921\/revisions\/925"}],"wp:attachment":[{"href":"https:\/\/www.arte.unicen.edu.ar\/congreso_artes\/index.php\/wp-json\/wp\/v2\/media?parent=921"}],"curies":[{"name":"wp","href":"https:\/\/api.w.org\/{rel}","templated":true}]}}

<div data-elementor-type="wp-page" data-elementor-id="921" class="elementor elementor-921">
									<section class="elementor-section elementor-top-section elementor-element elementor-element-563642d elementor-section-full_width elementor-section-stretched elementor-section-height-default elementor-section-height-default" data-id="563642d" data-element_type="section" data-settings="{&quot;stretch_section&quot;:&quot;section-stretched&quot;}">
						<div class="elementor-container elementor-column-gap-default">
					<div class="elementor-column elementor-col-100 elementor-top-column elementor-element elementor-element-964b0c4" data-id="964b0c4" data-element_type="column">
			<div class="elementor-widget-wrap elementor-element-populated">
								<div class="elementor-element elementor-element-3f80f3f elementor-widget elementor-widget-image" data-id="3f80f3f" data-element_type="widget" data-widget_type="image.default">
				<div class="elementor-widget-container">
			<style>/*! elementor - v3.17.0 - 01-11-2023 */
.elementor-widget-image{text-align:center}.elementor-widget-image a{display:inline-block}.elementor-widget-image a img[src$=".svg"]{width:48px}.elementor-widget-image img{vertical-align:middle;display:inline-block}</style>												<img decoding="async" width="3500" height="644" src="https://www.arte.unicen.edu.ar/congreso_artes/wp-content/uploads/2026/02/Congreso-Internacional-en-Artes1-2026.png" class="attachment-full size-full wp-image-724" alt="" loading="lazy" srcset="https://www.arte.unicen.edu.ar/congreso_artes/wp-content/uploads/2026/02/Congreso-Internacional-en-Artes1-2026.png 3500w, https://www.arte.unicen.edu.ar/congreso_artes/wp-content/uploads/2026/02/Congreso-Internacional-en-Artes1-2026-300x55.png 300w, https://www.arte.unicen.edu.ar/congreso_artes/wp-content/uploads/2026/02/Congreso-Internacional-en-Artes1-2026-1024x188.png 1024w, https://www.arte.unicen.edu.ar/congreso_artes/wp-content/uploads/2026/02/Congreso-Internacional-en-Artes1-2026-768x141.png 768w, https://www.arte.unicen.edu.ar/congreso_artes/wp-content/uploads/2026/02/Congreso-Internacional-en-Artes1-2026-1536x283.png 1536w, https://www.arte.unicen.edu.ar/congreso_artes/wp-content/uploads/2026/02/Congreso-Internacional-en-Artes1-2026-2048x377.png 2048w" sizes="(max-width: 3500px) 100vw, 3500px" />															</div>
				</div>
					</div>
		</div>
							</div>
		</section>
				<section class="elementor-section elementor-top-section elementor-element elementor-element-7c42a1cc elementor-section-boxed elementor-section-height-default elementor-section-height-default" data-id="7c42a1cc" data-element_type="section">
						<div class="elementor-container elementor-column-gap-default">
					<div class="elementor-column elementor-col-100 elementor-top-column elementor-element elementor-element-4ef38d6" data-id="4ef38d6" data-element_type="column">
			<div class="elementor-widget-wrap elementor-element-populated">
								<div class="elementor-element elementor-element-8044a86 elementor-widget elementor-widget-text-editor" data-id="8044a86" data-element_type="widget" data-widget_type="text-editor.default">
				<div class="elementor-widget-container">
			<style>/*! elementor - v3.17.0 - 01-11-2023 */
.elementor-widget-text-editor.elementor-drop-cap-view-stacked .elementor-drop-cap{background-color:#69727d;color:#fff}.elementor-widget-text-editor.elementor-drop-cap-view-framed .elementor-drop-cap{color:#69727d;border:3px solid;background-color:transparent}.elementor-widget-text-editor:not(.elementor-drop-cap-view-default) .elementor-drop-cap{margin-top:8px}.elementor-widget-text-editor:not(.elementor-drop-cap-view-default) .elementor-drop-cap-letter{width:1em;height:1em}.elementor-widget-text-editor .elementor-drop-cap{float:left;text-align:center;line-height:1;font-size:50px}.elementor-widget-text-editor .elementor-drop-cap-letter{display:inline-block}</style>				<p><span style="color: #de1846;">GT Nº10:</span> Campo sonoro, dramaturgias vocales y sonoturgias</p><p><strong>Coordinadores:</strong>Guillermo Dillon (CID, FA, UNCPBA) y Cintia Vázquez (CID, FA, UNCPBA)</p><p><strong>Modalidad </strong> HÍBRIDA (virtual y presencial)<br /><strong>Tipo de presentación:</strong> PONENCIA – PONENCIA PERFORMÁTICA – VIDEO ENSAYO POÉTICO y/o ACUSMÁTICO</p><p><strong>Descripción:</strong> En la creación contemporánea emergen diversos estilos de performances y procesos artísticos vinculados con la experimentación sónica, así como la creación de universos dramáticos -en diferentes formatos- a través de dramaturgias vocales y sonoturgias. Asimismo, otros proyectos profundizan en el aspecto aural, investigan los modos de escucha, la relación entre producción vocal y escucha, la asociación entre acciones vocales y estímulos sonoros como dispositivos dramatúrgicos situados, los atributos de la percepción sonora y la intermediación de la cultura, los aspectos territoriales, coloniales o decoloniales, y las relaciones de poder que se entretejen históricamente en la codificación de los sonidos. Proponemos reflexionar sobre aquellas producciones escénicas, dispositivos transmediales, instalaciones que construyan dramaturgias sonoras y/o vocales, artivismos sonoros, identidades y memorias sonoras tendientes expandir las posibilidades dramáticas del campo acústico, aural y/o de la vocalidad en escena.<br />Convocamos a artistas, creadores, investigadores, trabajadores de lo sonoro y lo vocal que experimenten con el campo acústico/aural en relación a la creación poética y la producción escénica.</p>						</div>
				</div>
				<div class="elementor-element elementor-element-1cea79b0 elementor-widget elementor-widget-text-editor" data-id="1cea79b0" data-element_type="widget" data-widget_type="text-editor.default">
				<div class="elementor-widget-container">
													</div>
				</div>
					</div>
		</div>
							</div>
		</section>
				<section class="elementor-section elementor-top-section elementor-element elementor-element-5c36fff elementor-section-boxed elementor-section-height-default elementor-section-height-default" data-id="5c36fff" data-element_type="section">
						<div class="elementor-container elementor-column-gap-default">
					<div class="elementor-column elementor-col-33 elementor-top-column elementor-element elementor-element-dec6280" data-id="dec6280" data-element_type="column">
			<div class="elementor-widget-wrap">
									</div>
		</div>
				<div class="elementor-column elementor-col-33 elementor-top-column elementor-element elementor-element-ec2fbfe" data-id="ec2fbfe" data-element_type="column">
			<div class="elementor-widget-wrap elementor-element-populated">
								<div class="elementor-element elementor-element-9cbe481 elementor-widget elementor-widget-image" data-id="9cbe481" data-element_type="widget" data-widget_type="image.default">
				<div class="elementor-widget-container">
																<a href="https://www.arte.unicen.edu.ar/" target="_blank">
							<img decoding="async" width="400" height="160" src="https://www.arte.unicen.edu.ar/congreso_artes/wp-content/uploads/2026/02/webarte2-400x160px-2400dpi.png" class="attachment-large size-large wp-image-793" alt="" loading="lazy" srcset="https://www.arte.unicen.edu.ar/congreso_artes/wp-content/uploads/2026/02/webarte2-400x160px-2400dpi.png 400w, https://www.arte.unicen.edu.ar/congreso_artes/wp-content/uploads/2026/02/webarte2-400x160px-2400dpi-300x120.png 300w" sizes="(max-width: 400px) 100vw, 400px" />								</a>
															</div>
				</div>
					</div>
		</div>
				<div class="elementor-column elementor-col-33 elementor-top-column elementor-element elementor-element-b01f013" data-id="b01f013" data-element_type="column">
			<div class="elementor-widget-wrap">
									</div>
		</div>
							</div>
		</section>
							</div>

<p>GT Nº10: Campo sonoro, dramaturgias vocales y sonoturgias Coordinadores:Guillermo Dillon (CID, FA, UNCPBA) y Cintia Vázquez (CID, FA, UNCPBA) Modalidad  HÍBRIDA (virtual y presencial)Tipo de presentación: PONENCIA – PONENCIA PERFORMÁTICA – VIDEO ENSAYO POÉTICO y/o ACUSMÁTICO Descripción: En la creación contemporánea emergen diversos estilos de performances y procesos artísticos vinculados con la experimentación sónica, así como&hellip;&nbsp;<a href="https://www.arte.unicen.edu.ar/congreso_artes/index.php/gt-10-campo-sonoro-dramaturgias-vocales-y-sonoturgias/" class="" rel="bookmark">Read More &raquo;<span class="screen-reader-text">GT 10: Campo sonoro, dramaturgias vocales y sonoturgias</span></a></p>
