{"id":913,"date":"2026-02-26T11:37:03","date_gmt":"2026-02-26T14:37:03","guid":{"rendered":"https:\/\/www.arte.unicen.edu.ar\/congreso_artes\/?page_id=913"},"modified":"2026-02-26T11:38:36","modified_gmt":"2026-02-26T14:38:36","slug":"gt-9-arte-y-tecnologia-practicas-artisticas-contemporaneas-y-nuevas-tecnologias","status":"publish","type":"page","link":"https:\/\/www.arte.unicen.edu.ar\/congreso_artes\/index.php\/gt-9-arte-y-tecnologia-practicas-artisticas-contemporaneas-y-nuevas-tecnologias\/","title":{"rendered":"GT 9: Arte y tecnolog\u00eda. Pr\u00e1cticas art\u00edsticas contempor\u00e1neas y nuevas tecnolog\u00edas"},"content":{"rendered":"\t\t<div data-elementor-type=\"wp-page\" data-elementor-id=\"913\" class=\"elementor elementor-913\">\n\t\t\t\t\t\t\t\t\t<section class=\"elementor-section elementor-top-section elementor-element elementor-element-563642d elementor-section-full_width elementor-section-stretched elementor-section-height-default elementor-section-height-default\" data-id=\"563642d\" data-element_type=\"section\" data-settings=\"{&quot;stretch_section&quot;:&quot;section-stretched&quot;}\">\n\t\t\t\t\t\t<div class=\"elementor-container elementor-column-gap-default\">\n\t\t\t\t\t<div class=\"elementor-column elementor-col-100 elementor-top-column elementor-element elementor-element-964b0c4\" data-id=\"964b0c4\" data-element_type=\"column\">\n\t\t\t<div class=\"elementor-widget-wrap elementor-element-populated\">\n\t\t\t\t\t\t\t\t<div class=\"elementor-element elementor-element-3f80f3f elementor-widget elementor-widget-image\" data-id=\"3f80f3f\" data-element_type=\"widget\" data-widget_type=\"image.default\">\n\t\t\t\t<div class=\"elementor-widget-container\">\n\t\t\t<style>\/*! elementor - v3.17.0 - 01-11-2023 *\/\n.elementor-widget-image{text-align:center}.elementor-widget-image a{display:inline-block}.elementor-widget-image a img[src$=\".svg\"]{width:48px}.elementor-widget-image img{vertical-align:middle;display:inline-block}<\/style>\t\t\t\t\t\t\t\t\t\t\t\t<img decoding=\"async\" width=\"3500\" height=\"644\" src=\"https:\/\/www.arte.unicen.edu.ar\/congreso_artes\/wp-content\/uploads\/2026\/02\/Congreso-Internacional-en-Artes1-2026.png\" class=\"attachment-full size-full wp-image-724\" alt=\"\" loading=\"lazy\" srcset=\"https:\/\/www.arte.unicen.edu.ar\/congreso_artes\/wp-content\/uploads\/2026\/02\/Congreso-Internacional-en-Artes1-2026.png 3500w, https:\/\/www.arte.unicen.edu.ar\/congreso_artes\/wp-content\/uploads\/2026\/02\/Congreso-Internacional-en-Artes1-2026-300x55.png 300w, https:\/\/www.arte.unicen.edu.ar\/congreso_artes\/wp-content\/uploads\/2026\/02\/Congreso-Internacional-en-Artes1-2026-1024x188.png 1024w, https:\/\/www.arte.unicen.edu.ar\/congreso_artes\/wp-content\/uploads\/2026\/02\/Congreso-Internacional-en-Artes1-2026-768x141.png 768w, https:\/\/www.arte.unicen.edu.ar\/congreso_artes\/wp-content\/uploads\/2026\/02\/Congreso-Internacional-en-Artes1-2026-1536x283.png 1536w, https:\/\/www.arte.unicen.edu.ar\/congreso_artes\/wp-content\/uploads\/2026\/02\/Congreso-Internacional-en-Artes1-2026-2048x377.png 2048w\" sizes=\"(max-width: 3500px) 100vw, 3500px\" \/>\t\t\t\t\t\t\t\t\t\t\t\t\t\t\t<\/div>\n\t\t\t\t<\/div>\n\t\t\t\t\t<\/div>\n\t\t<\/div>\n\t\t\t\t\t\t\t<\/div>\n\t\t<\/section>\n\t\t\t\t<section class=\"elementor-section elementor-top-section elementor-element elementor-element-7c42a1cc elementor-section-boxed elementor-section-height-default elementor-section-height-default\" data-id=\"7c42a1cc\" data-element_type=\"section\">\n\t\t\t\t\t\t<div class=\"elementor-container elementor-column-gap-default\">\n\t\t\t\t\t<div class=\"elementor-column elementor-col-100 elementor-top-column elementor-element elementor-element-4ef38d6\" data-id=\"4ef38d6\" data-element_type=\"column\">\n\t\t\t<div class=\"elementor-widget-wrap elementor-element-populated\">\n\t\t\t\t\t\t\t\t<div class=\"elementor-element elementor-element-8044a86 elementor-widget elementor-widget-text-editor\" data-id=\"8044a86\" data-element_type=\"widget\" data-widget_type=\"text-editor.default\">\n\t\t\t\t<div class=\"elementor-widget-container\">\n\t\t\t<style>\/*! elementor - v3.17.0 - 01-11-2023 *\/\n.elementor-widget-text-editor.elementor-drop-cap-view-stacked .elementor-drop-cap{background-color:#69727d;color:#fff}.elementor-widget-text-editor.elementor-drop-cap-view-framed .elementor-drop-cap{color:#69727d;border:3px solid;background-color:transparent}.elementor-widget-text-editor:not(.elementor-drop-cap-view-default) .elementor-drop-cap{margin-top:8px}.elementor-widget-text-editor:not(.elementor-drop-cap-view-default) .elementor-drop-cap-letter{width:1em;height:1em}.elementor-widget-text-editor .elementor-drop-cap{float:left;text-align:center;line-height:1;font-size:50px}.elementor-widget-text-editor .elementor-drop-cap-letter{display:inline-block}<\/style>\t\t\t\t<p><span style=\"color: #de1846;\">GT N\u00ba9:<\/span> Arte y tecnolog\u00eda. Pr\u00e1cticas art\u00edsticas contempor\u00e1neas y nuevas tecnolog\u00edas<\/p><p><strong>Coordinadores: <\/strong>Alexis Trigo (TECC, FA, UNCPBA), Carolina Cesario (TECC, FA, UNCPBA), Luz Hojsgaard (TECC, CID, FA, UNCPBA) y Mayra Garcimu\u00f1o (TECC, FA, UNCPBA)<\/p><p><strong>Modalidad\u00a0<\/strong>\u00a0<br \/><strong>VIRTUAL:<\/strong> PONENCIA \u2013 VIDEO ENSAYO PO\u00c9TICO<br \/><strong>PRESENCIAL:<\/strong> PONENCIA \u2013 VIDEO ENSAYO PO\u00c9TICO \u2013 PONENCIAS PERFORM\u00c1TICAS<\/p><p><strong>Descripci\u00f3n:<\/strong> Este grupo de trabajo propone convocar a investigadores, artistas, docentes, estudiantes y personas interesadas en las problem\u00e1ticas del cruce entre arte y tecnolog\u00eda, con el fin de abrir un espacio de an\u00e1lisis y reflexi\u00f3n te\u00f3rico-cr\u00edtica sobre las pr\u00e1cticas art\u00edsticas contempor\u00e1neas y sobre c\u00f3mo la tecnolog\u00eda expande estas pr\u00e1cticas en su producci\u00f3n, circulaci\u00f3n y experiencia. El desarrollo tecnol\u00f3gico ha impulsado la emergencia de nuevas po\u00e9ticas, modos de expresi\u00f3n y lenguajes, as\u00ed como de formas alternativas de montaje en el espacio y en el tiempo en las artes esc\u00e9nicas, as\u00ed como en las experiencias instalativas; o las puestas en escena, puestas en cuadro y puestas en serie\/tiempo (Casetti, di Chio) en las artes audiovisuales. Al mismo tiempo, se han visto alterados los paradigmas tradicionales de la obra de arte: ya no es concebida \u00fanicamente como objeto acabado, sino como un proceso en permanente devenir, susceptible incluso de desmaterializarse para su circulaci\u00f3n, difusi\u00f3n y experiencia en contextos expandidos.<br \/>El arte contempor\u00e1neo se define por la inespecificidad, la multiplicidad, el anacronismo y una condici\u00f3n permanente de des-definici\u00f3n. A estas dimensiones se suman los desplazamientos disciplinares, la transdisciplinariedad, la incorporaci\u00f3n del proceso tecnol\u00f3gico en escena y el uso, marca o apropiaci\u00f3n del discurso cient\u00edfico y tecnol\u00f3gico (Guerrini, Gustavino, Correbo, Matewecki). Ya sea en sus procedimientos, operatorias, temas, motivos, metodolog\u00edas o elementos materiales se reconfiguran de manera constante los modos de producci\u00f3n y recepci\u00f3n del arte. <br \/>En este marco, proponemos indagar en los procedimientos que emergen de estas condiciones liminales: el arte relacional, las textualidades fragmentadas, las nuevas formas de encuentro est\u00e9tico, la noci\u00f3n de \u201cla forma art\u00edstica\u201d que se activa en el encuentro (Bourriaud). Nos interesa problematizar c\u00f3mo se reconfiguran el rol del autor y los reg\u00edmenes de autor\u00eda, el estatuto de la obra y las temporalidades de la experiencia est\u00e9tica en un contexto donde el artista deviene, cada vez m\u00e1s, generador de contenidos para la circulaci\u00f3n masiva. As\u00ed, este grupo se plantea como un espacio para explorar cr\u00edticamente las tensiones que atraviesan el arte en el siglo XXI: entre materialidad y desmaterializaci\u00f3n, singularidad y masividad, obra y proceso, autor\u00eda y producci\u00f3n colectiva.<\/p>\t\t\t\t\t\t<\/div>\n\t\t\t\t<\/div>\n\t\t\t\t<div class=\"elementor-element elementor-element-1cea79b0 elementor-widget elementor-widget-text-editor\" data-id=\"1cea79b0\" data-element_type=\"widget\" data-widget_type=\"text-editor.default\">\n\t\t\t\t<div class=\"elementor-widget-container\">\n\t\t\t\t\t\t\t\t\t\t\t\t\t<\/div>\n\t\t\t\t<\/div>\n\t\t\t\t\t<\/div>\n\t\t<\/div>\n\t\t\t\t\t\t\t<\/div>\n\t\t<\/section>\n\t\t\t\t<section class=\"elementor-section elementor-top-section elementor-element elementor-element-5c36fff elementor-section-boxed elementor-section-height-default elementor-section-height-default\" data-id=\"5c36fff\" data-element_type=\"section\">\n\t\t\t\t\t\t<div class=\"elementor-container elementor-column-gap-default\">\n\t\t\t\t\t<div class=\"elementor-column elementor-col-33 elementor-top-column elementor-element elementor-element-dec6280\" data-id=\"dec6280\" data-element_type=\"column\">\n\t\t\t<div class=\"elementor-widget-wrap\">\n\t\t\t\t\t\t\t\t\t<\/div>\n\t\t<\/div>\n\t\t\t\t<div class=\"elementor-column elementor-col-33 elementor-top-column elementor-element elementor-element-ec2fbfe\" data-id=\"ec2fbfe\" data-element_type=\"column\">\n\t\t\t<div class=\"elementor-widget-wrap elementor-element-populated\">\n\t\t\t\t\t\t\t\t<div class=\"elementor-element elementor-element-9cbe481 elementor-widget elementor-widget-image\" data-id=\"9cbe481\" data-element_type=\"widget\" data-widget_type=\"image.default\">\n\t\t\t\t<div class=\"elementor-widget-container\">\n\t\t\t\t\t\t\t\t\t\t\t\t\t\t\t\t<a href=\"https:\/\/www.arte.unicen.edu.ar\/\" target=\"_blank\">\n\t\t\t\t\t\t\t<img decoding=\"async\" width=\"400\" height=\"160\" src=\"https:\/\/www.arte.unicen.edu.ar\/congreso_artes\/wp-content\/uploads\/2026\/02\/webarte2-400x160px-2400dpi.png\" class=\"attachment-large size-large wp-image-793\" alt=\"\" loading=\"lazy\" srcset=\"https:\/\/www.arte.unicen.edu.ar\/congreso_artes\/wp-content\/uploads\/2026\/02\/webarte2-400x160px-2400dpi.png 400w, https:\/\/www.arte.unicen.edu.ar\/congreso_artes\/wp-content\/uploads\/2026\/02\/webarte2-400x160px-2400dpi-300x120.png 300w\" sizes=\"(max-width: 400px) 100vw, 400px\" \/>\t\t\t\t\t\t\t\t<\/a>\n\t\t\t\t\t\t\t\t\t\t\t\t\t\t\t<\/div>\n\t\t\t\t<\/div>\n\t\t\t\t\t<\/div>\n\t\t<\/div>\n\t\t\t\t<div class=\"elementor-column elementor-col-33 elementor-top-column elementor-element elementor-element-b01f013\" data-id=\"b01f013\" data-element_type=\"column\">\n\t\t\t<div class=\"elementor-widget-wrap\">\n\t\t\t\t\t\t\t\t\t<\/div>\n\t\t<\/div>\n\t\t\t\t\t\t\t<\/div>\n\t\t<\/section>\n\t\t\t\t\t\t\t<\/div>\n\t\t","protected":false},"excerpt":{"rendered":"<p>GT N\u00ba9: Arte y tecnolog\u00eda. Pr\u00e1cticas art\u00edsticas contempor\u00e1neas y nuevas tecnolog\u00edas Coordinadores: Alexis Trigo (TECC, FA, UNCPBA), Carolina Cesario (TECC, FA, UNCPBA), Luz Hojsgaard (TECC, CID, FA, UNCPBA) y Mayra Garcimu\u00f1o (TECC, FA, UNCPBA) Modalidad\u00a0\u00a0VIRTUAL: PONENCIA \u2013 VIDEO ENSAYO PO\u00c9TICOPRESENCIAL: PONENCIA \u2013 VIDEO ENSAYO PO\u00c9TICO \u2013 PONENCIAS PERFORM\u00c1TICAS Descripci\u00f3n: Este grupo de trabajo propone convocar&hellip;&nbsp;<a href=\"https:\/\/www.arte.unicen.edu.ar\/congreso_artes\/index.php\/gt-9-arte-y-tecnologia-practicas-artisticas-contemporaneas-y-nuevas-tecnologias\/\" class=\"\" rel=\"bookmark\">Read More &raquo;<span class=\"screen-reader-text\">GT 9: Arte y tecnolog\u00eda. Pr\u00e1cticas art\u00edsticas contempor\u00e1neas y nuevas tecnolog\u00edas<\/span><\/a><\/p>\n","protected":false},"author":1,"featured_media":0,"parent":0,"menu_order":0,"comment_status":"closed","ping_status":"closed","template":"","meta":{"neve_meta_sidebar":"","neve_meta_container":"","neve_meta_enable_content_width":"on","neve_meta_content_width":100,"neve_meta_title_alignment":"","neve_meta_author_avatar":"","neve_post_elements_order":"","neve_meta_disable_header":"","neve_meta_disable_footer":"","neve_meta_disable_title":"on"},"_links":{"self":[{"href":"https:\/\/www.arte.unicen.edu.ar\/congreso_artes\/index.php\/wp-json\/wp\/v2\/pages\/913"}],"collection":[{"href":"https:\/\/www.arte.unicen.edu.ar\/congreso_artes\/index.php\/wp-json\/wp\/v2\/pages"}],"about":[{"href":"https:\/\/www.arte.unicen.edu.ar\/congreso_artes\/index.php\/wp-json\/wp\/v2\/types\/page"}],"author":[{"embeddable":true,"href":"https:\/\/www.arte.unicen.edu.ar\/congreso_artes\/index.php\/wp-json\/wp\/v2\/users\/1"}],"replies":[{"embeddable":true,"href":"https:\/\/www.arte.unicen.edu.ar\/congreso_artes\/index.php\/wp-json\/wp\/v2\/comments?post=913"}],"version-history":[{"count":2,"href":"https:\/\/www.arte.unicen.edu.ar\/congreso_artes\/index.php\/wp-json\/wp\/v2\/pages\/913\/revisions"}],"predecessor-version":[{"id":917,"href":"https:\/\/www.arte.unicen.edu.ar\/congreso_artes\/index.php\/wp-json\/wp\/v2\/pages\/913\/revisions\/917"}],"wp:attachment":[{"href":"https:\/\/www.arte.unicen.edu.ar\/congreso_artes\/index.php\/wp-json\/wp\/v2\/media?parent=913"}],"curies":[{"name":"wp","href":"https:\/\/api.w.org\/{rel}","templated":true}]}}

GT 9: Arte y tecnología. Prácticas artísticas contemporáneas y nuevas tecnologías

<div data-elementor-type="wp-page" data-elementor-id="913" class="elementor elementor-913">
									<section class="elementor-section elementor-top-section elementor-element elementor-element-563642d elementor-section-full_width elementor-section-stretched elementor-section-height-default elementor-section-height-default" data-id="563642d" data-element_type="section" data-settings="{&quot;stretch_section&quot;:&quot;section-stretched&quot;}">
						<div class="elementor-container elementor-column-gap-default">
					<div class="elementor-column elementor-col-100 elementor-top-column elementor-element elementor-element-964b0c4" data-id="964b0c4" data-element_type="column">
			<div class="elementor-widget-wrap elementor-element-populated">
								<div class="elementor-element elementor-element-3f80f3f elementor-widget elementor-widget-image" data-id="3f80f3f" data-element_type="widget" data-widget_type="image.default">
				<div class="elementor-widget-container">
			<style>/*! elementor - v3.17.0 - 01-11-2023 */
.elementor-widget-image{text-align:center}.elementor-widget-image a{display:inline-block}.elementor-widget-image a img[src$=".svg"]{width:48px}.elementor-widget-image img{vertical-align:middle;display:inline-block}</style>												<img decoding="async" width="3500" height="644" src="https://www.arte.unicen.edu.ar/congreso_artes/wp-content/uploads/2026/02/Congreso-Internacional-en-Artes1-2026.png" class="attachment-full size-full wp-image-724" alt="" loading="lazy" srcset="https://www.arte.unicen.edu.ar/congreso_artes/wp-content/uploads/2026/02/Congreso-Internacional-en-Artes1-2026.png 3500w, https://www.arte.unicen.edu.ar/congreso_artes/wp-content/uploads/2026/02/Congreso-Internacional-en-Artes1-2026-300x55.png 300w, https://www.arte.unicen.edu.ar/congreso_artes/wp-content/uploads/2026/02/Congreso-Internacional-en-Artes1-2026-1024x188.png 1024w, https://www.arte.unicen.edu.ar/congreso_artes/wp-content/uploads/2026/02/Congreso-Internacional-en-Artes1-2026-768x141.png 768w, https://www.arte.unicen.edu.ar/congreso_artes/wp-content/uploads/2026/02/Congreso-Internacional-en-Artes1-2026-1536x283.png 1536w, https://www.arte.unicen.edu.ar/congreso_artes/wp-content/uploads/2026/02/Congreso-Internacional-en-Artes1-2026-2048x377.png 2048w" sizes="(max-width: 3500px) 100vw, 3500px" />															</div>
				</div>
					</div>
		</div>
							</div>
		</section>
				<section class="elementor-section elementor-top-section elementor-element elementor-element-7c42a1cc elementor-section-boxed elementor-section-height-default elementor-section-height-default" data-id="7c42a1cc" data-element_type="section">
						<div class="elementor-container elementor-column-gap-default">
					<div class="elementor-column elementor-col-100 elementor-top-column elementor-element elementor-element-4ef38d6" data-id="4ef38d6" data-element_type="column">
			<div class="elementor-widget-wrap elementor-element-populated">
								<div class="elementor-element elementor-element-8044a86 elementor-widget elementor-widget-text-editor" data-id="8044a86" data-element_type="widget" data-widget_type="text-editor.default">
				<div class="elementor-widget-container">
			<style>/*! elementor - v3.17.0 - 01-11-2023 */
.elementor-widget-text-editor.elementor-drop-cap-view-stacked .elementor-drop-cap{background-color:#69727d;color:#fff}.elementor-widget-text-editor.elementor-drop-cap-view-framed .elementor-drop-cap{color:#69727d;border:3px solid;background-color:transparent}.elementor-widget-text-editor:not(.elementor-drop-cap-view-default) .elementor-drop-cap{margin-top:8px}.elementor-widget-text-editor:not(.elementor-drop-cap-view-default) .elementor-drop-cap-letter{width:1em;height:1em}.elementor-widget-text-editor .elementor-drop-cap{float:left;text-align:center;line-height:1;font-size:50px}.elementor-widget-text-editor .elementor-drop-cap-letter{display:inline-block}</style>				<p><span style="color: #de1846;">GT Nº9:</span> Arte y tecnología. Prácticas artísticas contemporáneas y nuevas tecnologías</p><p><strong>Coordinadores: </strong>Alexis Trigo (TECC, FA, UNCPBA), Carolina Cesario (TECC, FA, UNCPBA), Luz Hojsgaard (TECC, CID, FA, UNCPBA) y Mayra Garcimuño (TECC, FA, UNCPBA)</p><p><strong>Modalidad </strong> <br /><strong>VIRTUAL:</strong> PONENCIA – VIDEO ENSAYO POÉTICO<br /><strong>PRESENCIAL:</strong> PONENCIA – VIDEO ENSAYO POÉTICO – PONENCIAS PERFORMÁTICAS</p><p><strong>Descripción:</strong> Este grupo de trabajo propone convocar a investigadores, artistas, docentes, estudiantes y personas interesadas en las problemáticas del cruce entre arte y tecnología, con el fin de abrir un espacio de análisis y reflexión teórico-crítica sobre las prácticas artísticas contemporáneas y sobre cómo la tecnología expande estas prácticas en su producción, circulación y experiencia. El desarrollo tecnológico ha impulsado la emergencia de nuevas poéticas, modos de expresión y lenguajes, así como de formas alternativas de montaje en el espacio y en el tiempo en las artes escénicas, así como en las experiencias instalativas; o las puestas en escena, puestas en cuadro y puestas en serie/tiempo (Casetti, di Chio) en las artes audiovisuales. Al mismo tiempo, se han visto alterados los paradigmas tradicionales de la obra de arte: ya no es concebida únicamente como objeto acabado, sino como un proceso en permanente devenir, susceptible incluso de desmaterializarse para su circulación, difusión y experiencia en contextos expandidos.<br />El arte contemporáneo se define por la inespecificidad, la multiplicidad, el anacronismo y una condición permanente de des-definición. A estas dimensiones se suman los desplazamientos disciplinares, la transdisciplinariedad, la incorporación del proceso tecnológico en escena y el uso, marca o apropiación del discurso científico y tecnológico (Guerrini, Gustavino, Correbo, Matewecki). Ya sea en sus procedimientos, operatorias, temas, motivos, metodologías o elementos materiales se reconfiguran de manera constante los modos de producción y recepción del arte. <br />En este marco, proponemos indagar en los procedimientos que emergen de estas condiciones liminales: el arte relacional, las textualidades fragmentadas, las nuevas formas de encuentro estético, la noción de “la forma artística” que se activa en el encuentro (Bourriaud). Nos interesa problematizar cómo se reconfiguran el rol del autor y los regímenes de autoría, el estatuto de la obra y las temporalidades de la experiencia estética en un contexto donde el artista deviene, cada vez más, generador de contenidos para la circulación masiva. Así, este grupo se plantea como un espacio para explorar críticamente las tensiones que atraviesan el arte en el siglo XXI: entre materialidad y desmaterialización, singularidad y masividad, obra y proceso, autoría y producción colectiva.</p>						</div>
				</div>
				<div class="elementor-element elementor-element-1cea79b0 elementor-widget elementor-widget-text-editor" data-id="1cea79b0" data-element_type="widget" data-widget_type="text-editor.default">
				<div class="elementor-widget-container">
													</div>
				</div>
					</div>
		</div>
							</div>
		</section>
				<section class="elementor-section elementor-top-section elementor-element elementor-element-5c36fff elementor-section-boxed elementor-section-height-default elementor-section-height-default" data-id="5c36fff" data-element_type="section">
						<div class="elementor-container elementor-column-gap-default">
					<div class="elementor-column elementor-col-33 elementor-top-column elementor-element elementor-element-dec6280" data-id="dec6280" data-element_type="column">
			<div class="elementor-widget-wrap">
									</div>
		</div>
				<div class="elementor-column elementor-col-33 elementor-top-column elementor-element elementor-element-ec2fbfe" data-id="ec2fbfe" data-element_type="column">
			<div class="elementor-widget-wrap elementor-element-populated">
								<div class="elementor-element elementor-element-9cbe481 elementor-widget elementor-widget-image" data-id="9cbe481" data-element_type="widget" data-widget_type="image.default">
				<div class="elementor-widget-container">
																<a href="https://www.arte.unicen.edu.ar/" target="_blank">
							<img decoding="async" width="400" height="160" src="https://www.arte.unicen.edu.ar/congreso_artes/wp-content/uploads/2026/02/webarte2-400x160px-2400dpi.png" class="attachment-large size-large wp-image-793" alt="" loading="lazy" srcset="https://www.arte.unicen.edu.ar/congreso_artes/wp-content/uploads/2026/02/webarte2-400x160px-2400dpi.png 400w, https://www.arte.unicen.edu.ar/congreso_artes/wp-content/uploads/2026/02/webarte2-400x160px-2400dpi-300x120.png 300w" sizes="(max-width: 400px) 100vw, 400px" />								</a>
															</div>
				</div>
					</div>
		</div>
				<div class="elementor-column elementor-col-33 elementor-top-column elementor-element elementor-element-b01f013" data-id="b01f013" data-element_type="column">
			<div class="elementor-widget-wrap">
									</div>
		</div>
							</div>
		</section>
							</div>

<p>GT Nº9: Arte y tecnología. Prácticas artísticas contemporáneas y nuevas tecnologías Coordinadores: Alexis Trigo (TECC, FA, UNCPBA), Carolina Cesario (TECC, FA, UNCPBA), Luz Hojsgaard (TECC, CID, FA, UNCPBA) y Mayra Garcimuño (TECC, FA, UNCPBA) Modalidad  VIRTUAL: PONENCIA – VIDEO ENSAYO POÉTICOPRESENCIAL: PONENCIA – VIDEO ENSAYO POÉTICO – PONENCIAS PERFORMÁTICAS Descripción: Este grupo de trabajo propone convocar&hellip;&nbsp;<a href="https://www.arte.unicen.edu.ar/congreso_artes/index.php/gt-9-arte-y-tecnologia-practicas-artisticas-contemporaneas-y-nuevas-tecnologias/" class="" rel="bookmark">Read More &raquo;<span class="screen-reader-text">GT 9: Arte y tecnología. Prácticas artísticas contemporáneas y nuevas tecnologías</span></a></p>
