{"id":839,"date":"2026-02-26T08:24:44","date_gmt":"2026-02-26T11:24:44","guid":{"rendered":"https:\/\/www.arte.unicen.edu.ar\/congreso_artes\/?page_id=839"},"modified":"2026-02-26T11:25:59","modified_gmt":"2026-02-26T14:25:59","slug":"gt-2-dramaturgia-de-provincias-las-formas-hibridas-con-intrusion-de-lo-real","status":"publish","type":"page","link":"https:\/\/www.arte.unicen.edu.ar\/congreso_artes\/index.php\/gt-2-dramaturgia-de-provincias-las-formas-hibridas-con-intrusion-de-lo-real\/","title":{"rendered":"GT 2: Dramaturgia de provincias. Las formas h\u00edbridas con intrusi\u00f3n de lo real"},"content":{"rendered":"\t\t<div data-elementor-type=\"wp-page\" data-elementor-id=\"839\" class=\"elementor elementor-839\">\n\t\t\t\t\t\t\t\t\t<section class=\"elementor-section elementor-top-section elementor-element elementor-element-563642d elementor-section-full_width elementor-section-stretched elementor-section-height-default elementor-section-height-default\" data-id=\"563642d\" data-element_type=\"section\" data-settings=\"{&quot;stretch_section&quot;:&quot;section-stretched&quot;}\">\n\t\t\t\t\t\t<div class=\"elementor-container elementor-column-gap-default\">\n\t\t\t\t\t<div class=\"elementor-column elementor-col-100 elementor-top-column elementor-element elementor-element-964b0c4\" data-id=\"964b0c4\" data-element_type=\"column\">\n\t\t\t<div class=\"elementor-widget-wrap elementor-element-populated\">\n\t\t\t\t\t\t\t\t<div class=\"elementor-element elementor-element-3f80f3f elementor-widget elementor-widget-image\" data-id=\"3f80f3f\" data-element_type=\"widget\" data-widget_type=\"image.default\">\n\t\t\t\t<div class=\"elementor-widget-container\">\n\t\t\t<style>\/*! elementor - v3.17.0 - 01-11-2023 *\/\n.elementor-widget-image{text-align:center}.elementor-widget-image a{display:inline-block}.elementor-widget-image a img[src$=\".svg\"]{width:48px}.elementor-widget-image img{vertical-align:middle;display:inline-block}<\/style>\t\t\t\t\t\t\t\t\t\t\t\t<img decoding=\"async\" width=\"3500\" height=\"644\" src=\"https:\/\/www.arte.unicen.edu.ar\/congreso_artes\/wp-content\/uploads\/2026\/02\/Congreso-Internacional-en-Artes1-2026.png\" class=\"attachment-full size-full wp-image-724\" alt=\"\" loading=\"lazy\" srcset=\"https:\/\/www.arte.unicen.edu.ar\/congreso_artes\/wp-content\/uploads\/2026\/02\/Congreso-Internacional-en-Artes1-2026.png 3500w, https:\/\/www.arte.unicen.edu.ar\/congreso_artes\/wp-content\/uploads\/2026\/02\/Congreso-Internacional-en-Artes1-2026-300x55.png 300w, https:\/\/www.arte.unicen.edu.ar\/congreso_artes\/wp-content\/uploads\/2026\/02\/Congreso-Internacional-en-Artes1-2026-1024x188.png 1024w, https:\/\/www.arte.unicen.edu.ar\/congreso_artes\/wp-content\/uploads\/2026\/02\/Congreso-Internacional-en-Artes1-2026-768x141.png 768w, https:\/\/www.arte.unicen.edu.ar\/congreso_artes\/wp-content\/uploads\/2026\/02\/Congreso-Internacional-en-Artes1-2026-1536x283.png 1536w, https:\/\/www.arte.unicen.edu.ar\/congreso_artes\/wp-content\/uploads\/2026\/02\/Congreso-Internacional-en-Artes1-2026-2048x377.png 2048w\" sizes=\"(max-width: 3500px) 100vw, 3500px\" \/>\t\t\t\t\t\t\t\t\t\t\t\t\t\t\t<\/div>\n\t\t\t\t<\/div>\n\t\t\t\t\t<\/div>\n\t\t<\/div>\n\t\t\t\t\t\t\t<\/div>\n\t\t<\/section>\n\t\t\t\t<section class=\"elementor-section elementor-top-section elementor-element elementor-element-7c42a1cc elementor-section-boxed elementor-section-height-default elementor-section-height-default\" data-id=\"7c42a1cc\" data-element_type=\"section\">\n\t\t\t\t\t\t<div class=\"elementor-container elementor-column-gap-default\">\n\t\t\t\t\t<div class=\"elementor-column elementor-col-100 elementor-top-column elementor-element elementor-element-4ef38d6\" data-id=\"4ef38d6\" data-element_type=\"column\">\n\t\t\t<div class=\"elementor-widget-wrap elementor-element-populated\">\n\t\t\t\t\t\t\t\t<div class=\"elementor-element elementor-element-8044a86 elementor-widget elementor-widget-text-editor\" data-id=\"8044a86\" data-element_type=\"widget\" data-widget_type=\"text-editor.default\">\n\t\t\t\t<div class=\"elementor-widget-container\">\n\t\t\t<style>\/*! elementor - v3.17.0 - 01-11-2023 *\/\n.elementor-widget-text-editor.elementor-drop-cap-view-stacked .elementor-drop-cap{background-color:#69727d;color:#fff}.elementor-widget-text-editor.elementor-drop-cap-view-framed .elementor-drop-cap{color:#69727d;border:3px solid;background-color:transparent}.elementor-widget-text-editor:not(.elementor-drop-cap-view-default) .elementor-drop-cap{margin-top:8px}.elementor-widget-text-editor:not(.elementor-drop-cap-view-default) .elementor-drop-cap-letter{width:1em;height:1em}.elementor-widget-text-editor .elementor-drop-cap{float:left;text-align:center;line-height:1;font-size:50px}.elementor-widget-text-editor .elementor-drop-cap-letter{display:inline-block}<\/style>\t\t\t\t<p><span style=\"color: #de1846;\">GT N\u00ba2:<\/span> Dramaturgia de provincias. Las formas h\u00edbridas con intrusi\u00f3n de lo real<\/p>\n<p><strong>Coordinadores:<\/strong>Sebasti\u00e1n Huber (CID, FA, UNCPBA), Agustina G\u00f3mez Hoffman (CID, FA, UNCPBA) y Constanza Florez (CID, FA, UNCPBA)<\/p>\n<p><strong>Modalidad&nbsp;<\/strong> &#8211; <strong>VIRTUAL:<\/strong> PONENCIA<\/p>\n<p><strong>Tipo de presentaci\u00f3n:<\/strong> PONENCIA &#8211; PONENCIA PERFORM\u00c1TICA \u2013 VIDEO ENSAYO PO\u00c9TICO<\/p>\n<p><strong>Descripci\u00f3n:<\/strong>&nbsp;Las pr\u00e1cticas dramat\u00fargicas contempor\u00e1neas en nuestro pa\u00eds son el resultado de una renovaci\u00f3n emergente de los bordes, de la periferia teatral: el interior del territorio argentino. Esa dramaturgia renovada \u2014muchas veces emergentes de procesos difusos entre disciplinas, de acercamiento, de hibridaci\u00f3n e interferencia\u2014 nos lleva a ampliar las perspectivas te\u00f3rica, cr\u00edtica y metodol\u00f3gica con las que abordar procesos de creaci\u00f3n. En consecuencia, aparecen categor\u00edas que se ubican por fuera del drama y se acercan a la categor\u00eda de lo real -en sus dimensiones de la Historia, los cuerpos, el documento, etc.- para abrir a una revisi\u00f3n cr\u00edtica actualizada de la relaci\u00f3n entre el Teatro y la Historia, a la base de la reflexi\u00f3n sobre la poiesis.<\/p><p>El grupo de trabajo invita a artistas, investigadorxs y docentes a pensar y reflexionar en torno a la diversidad de textualidades que participan de la creaci\u00f3n dramat\u00fargica actual.<\/p>\n<div>&nbsp;<\/div>\t\t\t\t\t\t<\/div>\n\t\t\t\t<\/div>\n\t\t\t\t<div class=\"elementor-element elementor-element-1cea79b0 elementor-widget elementor-widget-text-editor\" data-id=\"1cea79b0\" data-element_type=\"widget\" data-widget_type=\"text-editor.default\">\n\t\t\t\t<div class=\"elementor-widget-container\">\n\t\t\t\t\t\t\t\t\t\t\t\t\t<\/div>\n\t\t\t\t<\/div>\n\t\t\t\t\t<\/div>\n\t\t<\/div>\n\t\t\t\t\t\t\t<\/div>\n\t\t<\/section>\n\t\t\t\t<section class=\"elementor-section elementor-top-section elementor-element elementor-element-5c36fff elementor-section-boxed elementor-section-height-default elementor-section-height-default\" data-id=\"5c36fff\" data-element_type=\"section\">\n\t\t\t\t\t\t<div class=\"elementor-container elementor-column-gap-default\">\n\t\t\t\t\t<div class=\"elementor-column elementor-col-33 elementor-top-column elementor-element elementor-element-dec6280\" data-id=\"dec6280\" data-element_type=\"column\">\n\t\t\t<div class=\"elementor-widget-wrap\">\n\t\t\t\t\t\t\t\t\t<\/div>\n\t\t<\/div>\n\t\t\t\t<div class=\"elementor-column elementor-col-33 elementor-top-column elementor-element elementor-element-ec2fbfe\" data-id=\"ec2fbfe\" data-element_type=\"column\">\n\t\t\t<div class=\"elementor-widget-wrap elementor-element-populated\">\n\t\t\t\t\t\t\t\t<div class=\"elementor-element elementor-element-9cbe481 elementor-widget elementor-widget-image\" data-id=\"9cbe481\" data-element_type=\"widget\" data-widget_type=\"image.default\">\n\t\t\t\t<div class=\"elementor-widget-container\">\n\t\t\t\t\t\t\t\t\t\t\t\t\t\t\t\t<a href=\"https:\/\/www.arte.unicen.edu.ar\/\" target=\"_blank\">\n\t\t\t\t\t\t\t<img decoding=\"async\" width=\"400\" height=\"160\" src=\"https:\/\/www.arte.unicen.edu.ar\/congreso_artes\/wp-content\/uploads\/2026\/02\/webarte2-400x160px-2400dpi.png\" class=\"attachment-large size-large wp-image-793\" alt=\"\" loading=\"lazy\" srcset=\"https:\/\/www.arte.unicen.edu.ar\/congreso_artes\/wp-content\/uploads\/2026\/02\/webarte2-400x160px-2400dpi.png 400w, https:\/\/www.arte.unicen.edu.ar\/congreso_artes\/wp-content\/uploads\/2026\/02\/webarte2-400x160px-2400dpi-300x120.png 300w\" sizes=\"(max-width: 400px) 100vw, 400px\" \/>\t\t\t\t\t\t\t\t<\/a>\n\t\t\t\t\t\t\t\t\t\t\t\t\t\t\t<\/div>\n\t\t\t\t<\/div>\n\t\t\t\t\t<\/div>\n\t\t<\/div>\n\t\t\t\t<div class=\"elementor-column elementor-col-33 elementor-top-column elementor-element elementor-element-b01f013\" data-id=\"b01f013\" data-element_type=\"column\">\n\t\t\t<div class=\"elementor-widget-wrap\">\n\t\t\t\t\t\t\t\t\t<\/div>\n\t\t<\/div>\n\t\t\t\t\t\t\t<\/div>\n\t\t<\/section>\n\t\t\t\t\t\t\t<\/div>\n\t\t","protected":false},"excerpt":{"rendered":"<p>GT N\u00ba2: Dramaturgia de provincias. Las formas h\u00edbridas con intrusi\u00f3n de lo real Coordinadores:Sebasti\u00e1n Huber (CID, FA, UNCPBA), Agustina G\u00f3mez Hoffman (CID, FA, UNCPBA) y Constanza Florez (CID, FA, UNCPBA) Modalidad&nbsp; &#8211; VIRTUAL: PONENCIA Tipo de presentaci\u00f3n: PONENCIA &#8211; PONENCIA PERFORM\u00c1TICA \u2013 VIDEO ENSAYO PO\u00c9TICO Descripci\u00f3n:&nbsp;Las pr\u00e1cticas dramat\u00fargicas contempor\u00e1neas en nuestro pa\u00eds son el resultado&hellip;&nbsp;<a href=\"https:\/\/www.arte.unicen.edu.ar\/congreso_artes\/index.php\/gt-2-dramaturgia-de-provincias-las-formas-hibridas-con-intrusion-de-lo-real\/\" class=\"\" rel=\"bookmark\">Read More &raquo;<span class=\"screen-reader-text\">GT 2: Dramaturgia de provincias. Las formas h\u00edbridas con intrusi\u00f3n de lo real<\/span><\/a><\/p>\n","protected":false},"author":1,"featured_media":0,"parent":0,"menu_order":0,"comment_status":"closed","ping_status":"closed","template":"","meta":{"neve_meta_sidebar":"","neve_meta_container":"","neve_meta_enable_content_width":"on","neve_meta_content_width":100,"neve_meta_title_alignment":"","neve_meta_author_avatar":"","neve_post_elements_order":"","neve_meta_disable_header":"","neve_meta_disable_footer":"","neve_meta_disable_title":"on"},"_links":{"self":[{"href":"https:\/\/www.arte.unicen.edu.ar\/congreso_artes\/index.php\/wp-json\/wp\/v2\/pages\/839"}],"collection":[{"href":"https:\/\/www.arte.unicen.edu.ar\/congreso_artes\/index.php\/wp-json\/wp\/v2\/pages"}],"about":[{"href":"https:\/\/www.arte.unicen.edu.ar\/congreso_artes\/index.php\/wp-json\/wp\/v2\/types\/page"}],"author":[{"embeddable":true,"href":"https:\/\/www.arte.unicen.edu.ar\/congreso_artes\/index.php\/wp-json\/wp\/v2\/users\/1"}],"replies":[{"embeddable":true,"href":"https:\/\/www.arte.unicen.edu.ar\/congreso_artes\/index.php\/wp-json\/wp\/v2\/comments?post=839"}],"version-history":[{"count":2,"href":"https:\/\/www.arte.unicen.edu.ar\/congreso_artes\/index.php\/wp-json\/wp\/v2\/pages\/839\/revisions"}],"predecessor-version":[{"id":889,"href":"https:\/\/www.arte.unicen.edu.ar\/congreso_artes\/index.php\/wp-json\/wp\/v2\/pages\/839\/revisions\/889"}],"wp:attachment":[{"href":"https:\/\/www.arte.unicen.edu.ar\/congreso_artes\/index.php\/wp-json\/wp\/v2\/media?parent=839"}],"curies":[{"name":"wp","href":"https:\/\/api.w.org\/{rel}","templated":true}]}}

GT 2: Dramaturgia de provincias. Las formas híbridas con intrusión de lo real

<div data-elementor-type="wp-page" data-elementor-id="839" class="elementor elementor-839">
									<section class="elementor-section elementor-top-section elementor-element elementor-element-563642d elementor-section-full_width elementor-section-stretched elementor-section-height-default elementor-section-height-default" data-id="563642d" data-element_type="section" data-settings="{&quot;stretch_section&quot;:&quot;section-stretched&quot;}">
						<div class="elementor-container elementor-column-gap-default">
					<div class="elementor-column elementor-col-100 elementor-top-column elementor-element elementor-element-964b0c4" data-id="964b0c4" data-element_type="column">
			<div class="elementor-widget-wrap elementor-element-populated">
								<div class="elementor-element elementor-element-3f80f3f elementor-widget elementor-widget-image" data-id="3f80f3f" data-element_type="widget" data-widget_type="image.default">
				<div class="elementor-widget-container">
			<style>/*! elementor - v3.17.0 - 01-11-2023 */
.elementor-widget-image{text-align:center}.elementor-widget-image a{display:inline-block}.elementor-widget-image a img[src$=".svg"]{width:48px}.elementor-widget-image img{vertical-align:middle;display:inline-block}</style>												<img decoding="async" width="3500" height="644" src="https://www.arte.unicen.edu.ar/congreso_artes/wp-content/uploads/2026/02/Congreso-Internacional-en-Artes1-2026.png" class="attachment-full size-full wp-image-724" alt="" loading="lazy" srcset="https://www.arte.unicen.edu.ar/congreso_artes/wp-content/uploads/2026/02/Congreso-Internacional-en-Artes1-2026.png 3500w, https://www.arte.unicen.edu.ar/congreso_artes/wp-content/uploads/2026/02/Congreso-Internacional-en-Artes1-2026-300x55.png 300w, https://www.arte.unicen.edu.ar/congreso_artes/wp-content/uploads/2026/02/Congreso-Internacional-en-Artes1-2026-1024x188.png 1024w, https://www.arte.unicen.edu.ar/congreso_artes/wp-content/uploads/2026/02/Congreso-Internacional-en-Artes1-2026-768x141.png 768w, https://www.arte.unicen.edu.ar/congreso_artes/wp-content/uploads/2026/02/Congreso-Internacional-en-Artes1-2026-1536x283.png 1536w, https://www.arte.unicen.edu.ar/congreso_artes/wp-content/uploads/2026/02/Congreso-Internacional-en-Artes1-2026-2048x377.png 2048w" sizes="(max-width: 3500px) 100vw, 3500px" />															</div>
				</div>
					</div>
		</div>
							</div>
		</section>
				<section class="elementor-section elementor-top-section elementor-element elementor-element-7c42a1cc elementor-section-boxed elementor-section-height-default elementor-section-height-default" data-id="7c42a1cc" data-element_type="section">
						<div class="elementor-container elementor-column-gap-default">
					<div class="elementor-column elementor-col-100 elementor-top-column elementor-element elementor-element-4ef38d6" data-id="4ef38d6" data-element_type="column">
			<div class="elementor-widget-wrap elementor-element-populated">
								<div class="elementor-element elementor-element-8044a86 elementor-widget elementor-widget-text-editor" data-id="8044a86" data-element_type="widget" data-widget_type="text-editor.default">
				<div class="elementor-widget-container">
			<style>/*! elementor - v3.17.0 - 01-11-2023 */
.elementor-widget-text-editor.elementor-drop-cap-view-stacked .elementor-drop-cap{background-color:#69727d;color:#fff}.elementor-widget-text-editor.elementor-drop-cap-view-framed .elementor-drop-cap{color:#69727d;border:3px solid;background-color:transparent}.elementor-widget-text-editor:not(.elementor-drop-cap-view-default) .elementor-drop-cap{margin-top:8px}.elementor-widget-text-editor:not(.elementor-drop-cap-view-default) .elementor-drop-cap-letter{width:1em;height:1em}.elementor-widget-text-editor .elementor-drop-cap{float:left;text-align:center;line-height:1;font-size:50px}.elementor-widget-text-editor .elementor-drop-cap-letter{display:inline-block}</style>				<p><span style="color: #de1846;">GT Nº2:</span> Dramaturgia de provincias. Las formas híbridas con intrusión de lo real</p>
<p><strong>Coordinadores:</strong>Sebastián Huber (CID, FA, UNCPBA), Agustina Gómez Hoffman (CID, FA, UNCPBA) y Constanza Florez (CID, FA, UNCPBA)</p>
<p><strong>Modalidad&nbsp;</strong> &#8211; <strong>VIRTUAL:</strong> PONENCIA</p>
<p><strong>Tipo de presentación:</strong> PONENCIA &#8211; PONENCIA PERFORMÁTICA – VIDEO ENSAYO POÉTICO</p>
<p><strong>Descripción:</strong>&nbsp;Las prácticas dramatúrgicas contemporáneas en nuestro país son el resultado de una renovación emergente de los bordes, de la periferia teatral: el interior del territorio argentino. Esa dramaturgia renovada —muchas veces emergentes de procesos difusos entre disciplinas, de acercamiento, de hibridación e interferencia— nos lleva a ampliar las perspectivas teórica, crítica y metodológica con las que abordar procesos de creación. En consecuencia, aparecen categorías que se ubican por fuera del drama y se acercan a la categoría de lo real -en sus dimensiones de la Historia, los cuerpos, el documento, etc.- para abrir a una revisión crítica actualizada de la relación entre el Teatro y la Historia, a la base de la reflexión sobre la poiesis.</p><p>El grupo de trabajo invita a artistas, investigadorxs y docentes a pensar y reflexionar en torno a la diversidad de textualidades que participan de la creación dramatúrgica actual.</p>
<div>&nbsp;</div>						</div>
				</div>
				<div class="elementor-element elementor-element-1cea79b0 elementor-widget elementor-widget-text-editor" data-id="1cea79b0" data-element_type="widget" data-widget_type="text-editor.default">
				<div class="elementor-widget-container">
													</div>
				</div>
					</div>
		</div>
							</div>
		</section>
				<section class="elementor-section elementor-top-section elementor-element elementor-element-5c36fff elementor-section-boxed elementor-section-height-default elementor-section-height-default" data-id="5c36fff" data-element_type="section">
						<div class="elementor-container elementor-column-gap-default">
					<div class="elementor-column elementor-col-33 elementor-top-column elementor-element elementor-element-dec6280" data-id="dec6280" data-element_type="column">
			<div class="elementor-widget-wrap">
									</div>
		</div>
				<div class="elementor-column elementor-col-33 elementor-top-column elementor-element elementor-element-ec2fbfe" data-id="ec2fbfe" data-element_type="column">
			<div class="elementor-widget-wrap elementor-element-populated">
								<div class="elementor-element elementor-element-9cbe481 elementor-widget elementor-widget-image" data-id="9cbe481" data-element_type="widget" data-widget_type="image.default">
				<div class="elementor-widget-container">
																<a href="https://www.arte.unicen.edu.ar/" target="_blank">
							<img decoding="async" width="400" height="160" src="https://www.arte.unicen.edu.ar/congreso_artes/wp-content/uploads/2026/02/webarte2-400x160px-2400dpi.png" class="attachment-large size-large wp-image-793" alt="" loading="lazy" srcset="https://www.arte.unicen.edu.ar/congreso_artes/wp-content/uploads/2026/02/webarte2-400x160px-2400dpi.png 400w, https://www.arte.unicen.edu.ar/congreso_artes/wp-content/uploads/2026/02/webarte2-400x160px-2400dpi-300x120.png 300w" sizes="(max-width: 400px) 100vw, 400px" />								</a>
															</div>
				</div>
					</div>
		</div>
				<div class="elementor-column elementor-col-33 elementor-top-column elementor-element elementor-element-b01f013" data-id="b01f013" data-element_type="column">
			<div class="elementor-widget-wrap">
									</div>
		</div>
							</div>
		</section>
							</div>

<p>GT Nº2: Dramaturgia de provincias. Las formas híbridas con intrusión de lo real Coordinadores:Sebastián Huber (CID, FA, UNCPBA), Agustina Gómez Hoffman (CID, FA, UNCPBA) y Constanza Florez (CID, FA, UNCPBA) Modalidad&nbsp; &#8211; VIRTUAL: PONENCIA Tipo de presentación: PONENCIA &#8211; PONENCIA PERFORMÁTICA – VIDEO ENSAYO POÉTICO Descripción:&nbsp;Las prácticas dramatúrgicas contemporáneas en nuestro país son el resultado&hellip;&nbsp;<a href="https://www.arte.unicen.edu.ar/congreso_artes/index.php/gt-2-dramaturgia-de-provincias-las-formas-hibridas-con-intrusion-de-lo-real/" class="" rel="bookmark">Read More &raquo;<span class="screen-reader-text">GT 2: Dramaturgia de provincias. Las formas híbridas con intrusión de lo real</span></a></p>
