{"id":51,"date":"2023-11-03T11:02:24","date_gmt":"2023-11-03T14:02:24","guid":{"rendered":"https:\/\/www.arte.unicen.edu.ar\/congreso_artes\/?page_id=51"},"modified":"2026-04-10T09:21:38","modified_gmt":"2026-04-10T12:21:38","slug":"home-2","status":"publish","type":"page","link":"https:\/\/www.arte.unicen.edu.ar\/congreso_artes\/","title":{"rendered":"Congreso"},"content":{"rendered":"\t\t<div data-elementor-type=\"wp-page\" data-elementor-id=\"51\" class=\"elementor elementor-51\">\n\t\t\t\t\t\t\t\t\t<section class=\"elementor-section elementor-top-section elementor-element elementor-element-563642d elementor-section-full_width elementor-section-stretched elementor-section-height-default elementor-section-height-default\" data-id=\"563642d\" data-element_type=\"section\" data-settings=\"{&quot;stretch_section&quot;:&quot;section-stretched&quot;}\">\n\t\t\t\t\t\t<div class=\"elementor-container elementor-column-gap-default\">\n\t\t\t\t\t<div class=\"elementor-column elementor-col-100 elementor-top-column elementor-element elementor-element-964b0c4\" data-id=\"964b0c4\" data-element_type=\"column\">\n\t\t\t<div class=\"elementor-widget-wrap elementor-element-populated\">\n\t\t\t\t\t\t\t\t<div class=\"elementor-element elementor-element-3f80f3f elementor-widget elementor-widget-image\" data-id=\"3f80f3f\" data-element_type=\"widget\" data-widget_type=\"image.default\">\n\t\t\t\t<div class=\"elementor-widget-container\">\n\t\t\t<style>\/*! elementor - v3.17.0 - 01-11-2023 *\/\n.elementor-widget-image{text-align:center}.elementor-widget-image a{display:inline-block}.elementor-widget-image a img[src$=\".svg\"]{width:48px}.elementor-widget-image img{vertical-align:middle;display:inline-block}<\/style>\t\t\t\t\t\t\t\t\t\t\t\t<img decoding=\"async\" width=\"3500\" height=\"644\" src=\"https:\/\/www.arte.unicen.edu.ar\/congreso_artes\/wp-content\/uploads\/2026\/02\/Congreso-Internacional-en-Artes1-2026.png\" class=\"attachment-full size-full wp-image-724\" alt=\"\" loading=\"lazy\" srcset=\"https:\/\/www.arte.unicen.edu.ar\/congreso_artes\/wp-content\/uploads\/2026\/02\/Congreso-Internacional-en-Artes1-2026.png 3500w, https:\/\/www.arte.unicen.edu.ar\/congreso_artes\/wp-content\/uploads\/2026\/02\/Congreso-Internacional-en-Artes1-2026-300x55.png 300w, https:\/\/www.arte.unicen.edu.ar\/congreso_artes\/wp-content\/uploads\/2026\/02\/Congreso-Internacional-en-Artes1-2026-1024x188.png 1024w, https:\/\/www.arte.unicen.edu.ar\/congreso_artes\/wp-content\/uploads\/2026\/02\/Congreso-Internacional-en-Artes1-2026-768x141.png 768w, https:\/\/www.arte.unicen.edu.ar\/congreso_artes\/wp-content\/uploads\/2026\/02\/Congreso-Internacional-en-Artes1-2026-1536x283.png 1536w, https:\/\/www.arte.unicen.edu.ar\/congreso_artes\/wp-content\/uploads\/2026\/02\/Congreso-Internacional-en-Artes1-2026-2048x377.png 2048w\" sizes=\"(max-width: 3500px) 100vw, 3500px\" \/>\t\t\t\t\t\t\t\t\t\t\t\t\t\t\t<\/div>\n\t\t\t\t<\/div>\n\t\t\t\t\t<\/div>\n\t\t<\/div>\n\t\t\t\t\t\t\t<\/div>\n\t\t<\/section>\n\t\t\t\t<section class=\"elementor-section elementor-top-section elementor-element elementor-element-7c42a1cc elementor-section-boxed elementor-section-height-default elementor-section-height-default\" data-id=\"7c42a1cc\" data-element_type=\"section\">\n\t\t\t\t\t\t<div class=\"elementor-container elementor-column-gap-default\">\n\t\t\t\t\t<div class=\"elementor-column elementor-col-100 elementor-top-column elementor-element elementor-element-4ef38d6\" data-id=\"4ef38d6\" data-element_type=\"column\">\n\t\t\t<div class=\"elementor-widget-wrap elementor-element-populated\">\n\t\t\t\t\t\t\t\t<div class=\"elementor-element elementor-element-8044a86 elementor-widget elementor-widget-text-editor\" data-id=\"8044a86\" data-element_type=\"widget\" data-widget_type=\"text-editor.default\">\n\t\t\t\t<div class=\"elementor-widget-container\">\n\t\t\t<style>\/*! elementor - v3.17.0 - 01-11-2023 *\/\n.elementor-widget-text-editor.elementor-drop-cap-view-stacked .elementor-drop-cap{background-color:#69727d;color:#fff}.elementor-widget-text-editor.elementor-drop-cap-view-framed .elementor-drop-cap{color:#69727d;border:3px solid;background-color:transparent}.elementor-widget-text-editor:not(.elementor-drop-cap-view-default) .elementor-drop-cap{margin-top:8px}.elementor-widget-text-editor:not(.elementor-drop-cap-view-default) .elementor-drop-cap-letter{width:1em;height:1em}.elementor-widget-text-editor .elementor-drop-cap{float:left;text-align:center;line-height:1;font-size:50px}.elementor-widget-text-editor .elementor-drop-cap-letter{display:inline-block}<\/style>\t\t\t\t<p>La Secretar\u00eda de Investigaci\u00f3n y Posgrado organiza, en conjunto con los n\u00facleos y grupos de investigaci\u00f3n de la <a href=\"https:\/\/www.arte.unicen.edu.ar\/\">Facultad de Arte<\/a> en la Universidad Nacional del Centro de la Provincia de Buenos Aires, el<strong>\u00a0II Congreso Internacional en Artes<\/strong>, con el objetivo de seguir construyendo espacios de di\u00e1logo e intercambio de saberes y experiencias en torno a la investigaci\u00f3n en artes. As\u00ed, este evento se presenta como un \u00e1mbito que apuesta al desarrollo de los estudios de procesos creativos en artes, fomentando el an\u00e1lisis te\u00f3rico-pr\u00e1ctico de los conocimientos de creaci\u00f3n y producci\u00f3n, y favoreciendo el di\u00e1logo y la interacci\u00f3n entre creadores y estudiosos de los hechos art\u00edsticos.<\/p><p>Con la presencia de investigadorxs, docentxs, estudiantxs, artistxs y hacedorxs culturales, la primera edici\u00f3n del <strong>Congreso Internacional en Artes<\/strong> en 2024 inaugur\u00f3 una territorialidad com\u00fan entre quienes nos acercamos a la investigaci\u00f3n en artes, desde la producci\u00f3n art\u00edstica y\/o acad\u00e9mica situada en la diversidad de contextos geolocalizados.<\/p><p>Esta segunda edici\u00f3n pretende potenciar esas tramas generadas en 2024, apostando al intercambio, la reflexi\u00f3n y el trabajo colectivo, apostando a la difusi\u00f3n de diversas producciones sostenidas en la investigaci\u00f3n en artes.<\/p><p><a href=\"https:\/\/www.arte.unicen.edu.ar\/congreso_artes\/wp-content\/uploads\/2026\/02\/Congreso-Internacional-en-Artes-Primera-circular.pdf\" target=\"_blank\" rel=\"noopener\">Primera circular<\/a><\/p><p><a href=\"https:\/\/www.arte.unicen.edu.ar\/congreso_artes\/wp-content\/uploads\/2026\/02\/Congreso-Internacional-en-Artes-Segunda-circular.pdf\" target=\"_blank\" rel=\"noopener\">Segunda circular<\/a><\/p><p><a href=\"https:\/\/www.arte.unicen.edu.ar\/congreso_artes\/wp-content\/uploads\/2026\/04\/TERCERA-CIRCULAR-Congreso-Internacional-en-Artes.pdf\" target=\"_blank\" rel=\"noopener\">Tercera circular<\/a><\/p><p>El Congreso Internacional en Artes propone el trabajo en <strong>GRUPOS<\/strong> que tendr\u00e1n autonom\u00eda en la din\u00e1mica de funcionamiento:<\/p><ul><li style=\"list-style-type: none;\"><ul><li>GT n\u00b0 1:\u00a0 An\u00e1lisis de Procesos Creativos<\/li><li>GT n\u00b0 2: Dramaturgia de provincias. Las formas h\u00edbridas con intrusi\u00f3n de lo real<\/li><li>GT n\u00b0 3: Arte en C\u00e1rceles: Procesos creativos en contextos de encierro penal<\/li><li>GT n\u00b0 4: Investigaci\u00f3n a trav\u00e9s de la Propia Pr\u00e1ctica Art\u00edstica<\/li><li>GT n\u00b0 5: Corporeidades, performance y v\u00ednculos en la era de la relacionalidad virtual<\/li><li>GT n\u00b0 6: Geopo\u00e9ticas del Habitar: Arte, Territorio y Experiencia Situada<\/li><li>GT n\u00b0 7: Arte y Archivismos como experiencias situadas: registros fugitivos y lugares a los que volver<\/li><li>GT n\u00b0 8: Educaci\u00f3n art\u00edstica en contextos diversos<\/li><li>GT n\u00b0 9: Arte y tecnolog\u00eda. Pr\u00e1cticas art\u00edsticas contempor\u00e1neas y nuevas tecnolog\u00edas<\/li><li>GT n\u00b0 10: Campo sonoro, dramaturgias vocales y sonoturgias<\/li><li>GT n\u00b0 11: Los desaf\u00edos de una investigaci\u00f3n en artes audiovisuales<\/li><li>GT n\u00b0 12: Escenas [trans]formadas: sobre conceptualizaciones, experiencias y pesquisas en escenograf\u00eda, direcci\u00f3n de arte y dise\u00f1o esc\u00e9nico<\/li><li>GT n\u00b0 13: Indisciplina Vocal: Pedagog\u00edas, po\u00e9ticas y performatividades de la voz m\u00e1s all\u00e1 del texto<\/li><li>GT n\u00b0 14: Rebobinar el caos: archivos, memorias y otras visiones<\/li><li>GT n\u00b0 15: Teatralidades emergentes: G\u00e9nero, disidencias, identidad y territorios en disputa<\/li><li>GT n\u00b0 16: Gestionar cultura hoy: articulaciones entre pol\u00edticas, pr\u00e1cticas y territorios<\/li><li>GT n\u00b0 17: Pr\u00e1cticas art\u00edsticas situadas, comunitarias o de extensi\u00f3n universitaria<\/li><\/ul><\/li><\/ul><p><span style=\"color: #9e8583;\">&#8212;&#8212;&#8212;&#8212;&#8212;&#8212;&#8212;&#8212;&#8212;<\/span><\/p><p><strong>Organizan:<\/strong>\u00a0Secretaria de Investigaci\u00f3n y Posgrado, Centro de Investigaciones Dram\u00e1ticas (CID), Centro de Estudios en Teatro y Consumos Culturales (TECC), Grupo de Investigaci\u00f3n a trav\u00e9s de la Pr\u00e1ctica Art\u00edstica (GIAPA)<\/p><div>\u00a0<\/div><p><strong><span style=\"color: #000000;\">Facultad de Arte<\/span><\/strong>, Universidad Nacional del Centro de la Provincia de Buenos Aires &#8211; 9 de Julio n\u00b0 430 (7000) \u2013Tandil, Buenos Aires, Argentina.<\/p>\t\t\t\t\t\t<\/div>\n\t\t\t\t<\/div>\n\t\t\t\t<div class=\"elementor-element elementor-element-1cea79b0 elementor-widget elementor-widget-text-editor\" data-id=\"1cea79b0\" data-element_type=\"widget\" data-widget_type=\"text-editor.default\">\n\t\t\t\t<div class=\"elementor-widget-container\">\n\t\t\t\t\t\t\t\t\t\t\t\t\t<\/div>\n\t\t\t\t<\/div>\n\t\t\t\t\t<\/div>\n\t\t<\/div>\n\t\t\t\t\t\t\t<\/div>\n\t\t<\/section>\n\t\t\t\t<section class=\"elementor-section elementor-top-section elementor-element elementor-element-5c36fff elementor-section-boxed elementor-section-height-default elementor-section-height-default\" data-id=\"5c36fff\" data-element_type=\"section\">\n\t\t\t\t\t\t<div class=\"elementor-container elementor-column-gap-default\">\n\t\t\t\t\t<div class=\"elementor-column elementor-col-33 elementor-top-column elementor-element elementor-element-dec6280\" data-id=\"dec6280\" data-element_type=\"column\">\n\t\t\t<div class=\"elementor-widget-wrap\">\n\t\t\t\t\t\t\t\t\t<\/div>\n\t\t<\/div>\n\t\t\t\t<div class=\"elementor-column elementor-col-33 elementor-top-column elementor-element elementor-element-ec2fbfe\" data-id=\"ec2fbfe\" data-element_type=\"column\">\n\t\t\t<div class=\"elementor-widget-wrap elementor-element-populated\">\n\t\t\t\t\t\t\t\t<div class=\"elementor-element elementor-element-9cbe481 elementor-widget elementor-widget-image\" data-id=\"9cbe481\" data-element_type=\"widget\" data-widget_type=\"image.default\">\n\t\t\t\t<div class=\"elementor-widget-container\">\n\t\t\t\t\t\t\t\t\t\t\t\t\t\t\t\t<a href=\"https:\/\/www.arte.unicen.edu.ar\/\" target=\"_blank\">\n\t\t\t\t\t\t\t<img decoding=\"async\" width=\"400\" height=\"160\" src=\"https:\/\/www.arte.unicen.edu.ar\/congreso_artes\/wp-content\/uploads\/2026\/02\/webarte2-400x160px-2400dpi.png\" class=\"attachment-large size-large wp-image-793\" alt=\"\" loading=\"lazy\" srcset=\"https:\/\/www.arte.unicen.edu.ar\/congreso_artes\/wp-content\/uploads\/2026\/02\/webarte2-400x160px-2400dpi.png 400w, https:\/\/www.arte.unicen.edu.ar\/congreso_artes\/wp-content\/uploads\/2026\/02\/webarte2-400x160px-2400dpi-300x120.png 300w\" sizes=\"(max-width: 400px) 100vw, 400px\" \/>\t\t\t\t\t\t\t\t<\/a>\n\t\t\t\t\t\t\t\t\t\t\t\t\t\t\t<\/div>\n\t\t\t\t<\/div>\n\t\t\t\t\t<\/div>\n\t\t<\/div>\n\t\t\t\t<div class=\"elementor-column elementor-col-33 elementor-top-column elementor-element elementor-element-b01f013\" data-id=\"b01f013\" data-element_type=\"column\">\n\t\t\t<div class=\"elementor-widget-wrap\">\n\t\t\t\t\t\t\t\t\t<\/div>\n\t\t<\/div>\n\t\t\t\t\t\t\t<\/div>\n\t\t<\/section>\n\t\t\t\t\t\t\t<\/div>\n\t\t","protected":false},"excerpt":{"rendered":"<p>La Secretar\u00eda de Investigaci\u00f3n y Posgrado organiza, en conjunto con los n\u00facleos y grupos de investigaci\u00f3n de la Facultad de Arte en la Universidad Nacional del Centro de la Provincia de Buenos Aires, el\u00a0II Congreso Internacional en Artes, con el objetivo de seguir construyendo espacios de di\u00e1logo e intercambio de saberes y experiencias en torno&hellip;&nbsp;<a href=\"https:\/\/www.arte.unicen.edu.ar\/congreso_artes\/\" class=\"\" rel=\"bookmark\">Read More &raquo;<span class=\"screen-reader-text\">Congreso<\/span><\/a><\/p>\n","protected":false},"author":1,"featured_media":0,"parent":0,"menu_order":0,"comment_status":"closed","ping_status":"closed","template":"","meta":{"neve_meta_sidebar":"","neve_meta_container":"","neve_meta_enable_content_width":"on","neve_meta_content_width":100,"neve_meta_title_alignment":"","neve_meta_author_avatar":"","neve_post_elements_order":"","neve_meta_disable_header":"","neve_meta_disable_footer":"","neve_meta_disable_title":"on"},"_links":{"self":[{"href":"https:\/\/www.arte.unicen.edu.ar\/congreso_artes\/index.php\/wp-json\/wp\/v2\/pages\/51"}],"collection":[{"href":"https:\/\/www.arte.unicen.edu.ar\/congreso_artes\/index.php\/wp-json\/wp\/v2\/pages"}],"about":[{"href":"https:\/\/www.arte.unicen.edu.ar\/congreso_artes\/index.php\/wp-json\/wp\/v2\/types\/page"}],"author":[{"embeddable":true,"href":"https:\/\/www.arte.unicen.edu.ar\/congreso_artes\/index.php\/wp-json\/wp\/v2\/users\/1"}],"replies":[{"embeddable":true,"href":"https:\/\/www.arte.unicen.edu.ar\/congreso_artes\/index.php\/wp-json\/wp\/v2\/comments?post=51"}],"version-history":[{"count":2,"href":"https:\/\/www.arte.unicen.edu.ar\/congreso_artes\/index.php\/wp-json\/wp\/v2\/pages\/51\/revisions"}],"predecessor-version":[{"id":997,"href":"https:\/\/www.arte.unicen.edu.ar\/congreso_artes\/index.php\/wp-json\/wp\/v2\/pages\/51\/revisions\/997"}],"wp:attachment":[{"href":"https:\/\/www.arte.unicen.edu.ar\/congreso_artes\/index.php\/wp-json\/wp\/v2\/media?parent=51"}],"curies":[{"name":"wp","href":"https:\/\/api.w.org\/{rel}","templated":true}]}}

<div data-elementor-type="wp-page" data-elementor-id="51" class="elementor elementor-51">
									<section class="elementor-section elementor-top-section elementor-element elementor-element-563642d elementor-section-full_width elementor-section-stretched elementor-section-height-default elementor-section-height-default" data-id="563642d" data-element_type="section" data-settings="{&quot;stretch_section&quot;:&quot;section-stretched&quot;}">
						<div class="elementor-container elementor-column-gap-default">
					<div class="elementor-column elementor-col-100 elementor-top-column elementor-element elementor-element-964b0c4" data-id="964b0c4" data-element_type="column">
			<div class="elementor-widget-wrap elementor-element-populated">
								<div class="elementor-element elementor-element-3f80f3f elementor-widget elementor-widget-image" data-id="3f80f3f" data-element_type="widget" data-widget_type="image.default">
				<div class="elementor-widget-container">
			<style>/*! elementor - v3.17.0 - 01-11-2023 */
.elementor-widget-image{text-align:center}.elementor-widget-image a{display:inline-block}.elementor-widget-image a img[src$=".svg"]{width:48px}.elementor-widget-image img{vertical-align:middle;display:inline-block}</style>												<img decoding="async" width="3500" height="644" src="https://www.arte.unicen.edu.ar/congreso_artes/wp-content/uploads/2026/02/Congreso-Internacional-en-Artes1-2026.png" class="attachment-full size-full wp-image-724" alt="" loading="lazy" srcset="https://www.arte.unicen.edu.ar/congreso_artes/wp-content/uploads/2026/02/Congreso-Internacional-en-Artes1-2026.png 3500w, https://www.arte.unicen.edu.ar/congreso_artes/wp-content/uploads/2026/02/Congreso-Internacional-en-Artes1-2026-300x55.png 300w, https://www.arte.unicen.edu.ar/congreso_artes/wp-content/uploads/2026/02/Congreso-Internacional-en-Artes1-2026-1024x188.png 1024w, https://www.arte.unicen.edu.ar/congreso_artes/wp-content/uploads/2026/02/Congreso-Internacional-en-Artes1-2026-768x141.png 768w, https://www.arte.unicen.edu.ar/congreso_artes/wp-content/uploads/2026/02/Congreso-Internacional-en-Artes1-2026-1536x283.png 1536w, https://www.arte.unicen.edu.ar/congreso_artes/wp-content/uploads/2026/02/Congreso-Internacional-en-Artes1-2026-2048x377.png 2048w" sizes="(max-width: 3500px) 100vw, 3500px" />															</div>
				</div>
					</div>
		</div>
							</div>
		</section>
				<section class="elementor-section elementor-top-section elementor-element elementor-element-7c42a1cc elementor-section-boxed elementor-section-height-default elementor-section-height-default" data-id="7c42a1cc" data-element_type="section">
						<div class="elementor-container elementor-column-gap-default">
					<div class="elementor-column elementor-col-100 elementor-top-column elementor-element elementor-element-4ef38d6" data-id="4ef38d6" data-element_type="column">
			<div class="elementor-widget-wrap elementor-element-populated">
								<div class="elementor-element elementor-element-8044a86 elementor-widget elementor-widget-text-editor" data-id="8044a86" data-element_type="widget" data-widget_type="text-editor.default">
				<div class="elementor-widget-container">
			<style>/*! elementor - v3.17.0 - 01-11-2023 */
.elementor-widget-text-editor.elementor-drop-cap-view-stacked .elementor-drop-cap{background-color:#69727d;color:#fff}.elementor-widget-text-editor.elementor-drop-cap-view-framed .elementor-drop-cap{color:#69727d;border:3px solid;background-color:transparent}.elementor-widget-text-editor:not(.elementor-drop-cap-view-default) .elementor-drop-cap{margin-top:8px}.elementor-widget-text-editor:not(.elementor-drop-cap-view-default) .elementor-drop-cap-letter{width:1em;height:1em}.elementor-widget-text-editor .elementor-drop-cap{float:left;text-align:center;line-height:1;font-size:50px}.elementor-widget-text-editor .elementor-drop-cap-letter{display:inline-block}</style>				<p>La Secretaría de Investigación y Posgrado organiza, en conjunto con los núcleos y grupos de investigación de la <a href="https://www.arte.unicen.edu.ar/">Facultad de Arte</a> en la Universidad Nacional del Centro de la Provincia de Buenos Aires, el<strong> II Congreso Internacional en Artes</strong>, con el objetivo de seguir construyendo espacios de diálogo e intercambio de saberes y experiencias en torno a la investigación en artes. Así, este evento se presenta como un ámbito que apuesta al desarrollo de los estudios de procesos creativos en artes, fomentando el análisis teórico-práctico de los conocimientos de creación y producción, y favoreciendo el diálogo y la interacción entre creadores y estudiosos de los hechos artísticos.</p><p>Con la presencia de investigadorxs, docentxs, estudiantxs, artistxs y hacedorxs culturales, la primera edición del <strong>Congreso Internacional en Artes</strong> en 2024 inauguró una territorialidad común entre quienes nos acercamos a la investigación en artes, desde la producción artística y/o académica situada en la diversidad de contextos geolocalizados.</p><p>Esta segunda edición pretende potenciar esas tramas generadas en 2024, apostando al intercambio, la reflexión y el trabajo colectivo, apostando a la difusión de diversas producciones sostenidas en la investigación en artes.</p><p><a href="https://www.arte.unicen.edu.ar/congreso_artes/wp-content/uploads/2026/02/Congreso-Internacional-en-Artes-Primera-circular.pdf" target="_blank" rel="noopener">Primera circular</a></p><p><a href="https://www.arte.unicen.edu.ar/congreso_artes/wp-content/uploads/2026/02/Congreso-Internacional-en-Artes-Segunda-circular.pdf" target="_blank" rel="noopener">Segunda circular</a></p><p><a href="https://www.arte.unicen.edu.ar/congreso_artes/wp-content/uploads/2026/04/TERCERA-CIRCULAR-Congreso-Internacional-en-Artes.pdf" target="_blank" rel="noopener">Tercera circular</a></p><p>El Congreso Internacional en Artes propone el trabajo en <strong>GRUPOS</strong> que tendrán autonomía en la dinámica de funcionamiento:</p><ul><li style="list-style-type: none;"><ul><li>GT n° 1:  Análisis de Procesos Creativos</li><li>GT n° 2: Dramaturgia de provincias. Las formas híbridas con intrusión de lo real</li><li>GT n° 3: Arte en Cárceles: Procesos creativos en contextos de encierro penal</li><li>GT n° 4: Investigación a través de la Propia Práctica Artística</li><li>GT n° 5: Corporeidades, performance y vínculos en la era de la relacionalidad virtual</li><li>GT n° 6: Geopoéticas del Habitar: Arte, Territorio y Experiencia Situada</li><li>GT n° 7: Arte y Archivismos como experiencias situadas: registros fugitivos y lugares a los que volver</li><li>GT n° 8: Educación artística en contextos diversos</li><li>GT n° 9: Arte y tecnología. Prácticas artísticas contemporáneas y nuevas tecnologías</li><li>GT n° 10: Campo sonoro, dramaturgias vocales y sonoturgias</li><li>GT n° 11: Los desafíos de una investigación en artes audiovisuales</li><li>GT n° 12: Escenas [trans]formadas: sobre conceptualizaciones, experiencias y pesquisas en escenografía, dirección de arte y diseño escénico</li><li>GT n° 13: Indisciplina Vocal: Pedagogías, poéticas y performatividades de la voz más allá del texto</li><li>GT n° 14: Rebobinar el caos: archivos, memorias y otras visiones</li><li>GT n° 15: Teatralidades emergentes: Género, disidencias, identidad y territorios en disputa</li><li>GT n° 16: Gestionar cultura hoy: articulaciones entre políticas, prácticas y territorios</li><li>GT n° 17: Prácticas artísticas situadas, comunitarias o de extensión universitaria</li></ul></li></ul><p><span style="color: #9e8583;">&#8212;&#8212;&#8212;&#8212;&#8212;&#8212;&#8212;&#8212;&#8212;</span></p><p><strong>Organizan:</strong> Secretaria de Investigación y Posgrado, Centro de Investigaciones Dramáticas (CID), Centro de Estudios en Teatro y Consumos Culturales (TECC), Grupo de Investigación a través de la Práctica Artística (GIAPA)</p><div> </div><p><strong><span style="color: #000000;">Facultad de Arte</span></strong>, Universidad Nacional del Centro de la Provincia de Buenos Aires &#8211; 9 de Julio n° 430 (7000) –Tandil, Buenos Aires, Argentina.</p>						</div>
				</div>
				<div class="elementor-element elementor-element-1cea79b0 elementor-widget elementor-widget-text-editor" data-id="1cea79b0" data-element_type="widget" data-widget_type="text-editor.default">
				<div class="elementor-widget-container">
													</div>
				</div>
					</div>
		</div>
							</div>
		</section>
				<section class="elementor-section elementor-top-section elementor-element elementor-element-5c36fff elementor-section-boxed elementor-section-height-default elementor-section-height-default" data-id="5c36fff" data-element_type="section">
						<div class="elementor-container elementor-column-gap-default">
					<div class="elementor-column elementor-col-33 elementor-top-column elementor-element elementor-element-dec6280" data-id="dec6280" data-element_type="column">
			<div class="elementor-widget-wrap">
									</div>
		</div>
				<div class="elementor-column elementor-col-33 elementor-top-column elementor-element elementor-element-ec2fbfe" data-id="ec2fbfe" data-element_type="column">
			<div class="elementor-widget-wrap elementor-element-populated">
								<div class="elementor-element elementor-element-9cbe481 elementor-widget elementor-widget-image" data-id="9cbe481" data-element_type="widget" data-widget_type="image.default">
				<div class="elementor-widget-container">
																<a href="https://www.arte.unicen.edu.ar/" target="_blank">
							<img decoding="async" width="400" height="160" src="https://www.arte.unicen.edu.ar/congreso_artes/wp-content/uploads/2026/02/webarte2-400x160px-2400dpi.png" class="attachment-large size-large wp-image-793" alt="" loading="lazy" srcset="https://www.arte.unicen.edu.ar/congreso_artes/wp-content/uploads/2026/02/webarte2-400x160px-2400dpi.png 400w, https://www.arte.unicen.edu.ar/congreso_artes/wp-content/uploads/2026/02/webarte2-400x160px-2400dpi-300x120.png 300w" sizes="(max-width: 400px) 100vw, 400px" />								</a>
															</div>
				</div>
					</div>
		</div>
				<div class="elementor-column elementor-col-33 elementor-top-column elementor-element elementor-element-b01f013" data-id="b01f013" data-element_type="column">
			<div class="elementor-widget-wrap">
									</div>
		</div>
							</div>
		</section>
							</div>

<p>La Secretaría de Investigación y Posgrado organiza, en conjunto con los núcleos y grupos de investigación de la Facultad de Arte en la Universidad Nacional del Centro de la Provincia de Buenos Aires, el II Congreso Internacional en Artes, con el objetivo de seguir construyendo espacios de diálogo e intercambio de saberes y experiencias en torno&hellip;&nbsp;<a href="https://www.arte.unicen.edu.ar/congreso_artes/" class="" rel="bookmark">Read More &raquo;<span class="screen-reader-text">Congreso</span></a></p>
