{"id":62,"date":"2016-12-02T15:28:35","date_gmt":"2016-12-02T18:28:35","guid":{"rendered":"http:\/\/cdab.chilaproducciones.com.ar\/?page_id=62"},"modified":"2026-03-04T11:05:12","modified_gmt":"2026-03-04T14:05:12","slug":"la-escalera","status":"publish","type":"page","link":"https:\/\/www.arte.unicen.edu.ar\/cdab\/publicacionesfa\/la-escalera\/","title":{"rendered":"La Escalera | Anuario Facultad de Arte"},"content":{"rendered":"<table style=\"margin: 20px 0px 0px 0px;\">\n<tbody>\n<tr>\n<td style=\"width: 210px; height: 275px; text-align: center; vertical-align: top;\"><a href=\"http:\/\/www.ojs.arte.unicen.edu.ar\/index.php\/laescalera\" target=\"_blank\" rel=\"noopener noreferrer\"><img decoding=\"async\" class=\"publicacion-tapa cdab-tapa-laescalera\" title=\"La Escalera | Anuario de la Facultad de Arte\" src=\"\/cdab\/wp-content\/themes\/cdab\/images\/space.gif\" data-fancybox=\"gallery\" data-caption=\"La Escalera | Anuario Facultad de Arte\"\/><\/a><\/td>\n<td style=\"vertical-align: top; padding: 0px 0px 0px 25px;\"><a href=\"http:\/\/www.ojs.arte.unicen.edu.ar\/index.php\/laescalera\" target=\"_blank\" rel=\"noopener noreferrer\">La Escalera<\/a> es el anuario de la <a href=\"https:\/\/www.arte.unicen.edu.ar\" target=\"_blank\" rel=\"noopener noreferrer\">Facultad de Arte<\/a>, una publicaci\u00f3n que tiene como objetivo abrir un espacio para el debate sobre la producci\u00f3n y los consumos culturales con especial inter\u00e9s en procesos creativos, ense\u00f1anza art\u00edstica, ense\u00f1anza audiovisual, teor\u00eda e historia del arte, est\u00e9ticas contempor\u00e1neas y pr\u00e1cticas esc\u00e9nicas territoriales.\n<p>&nbsp;<\/p>\n<p>Asimismo, resguarda y difunde la memoria institucional recopilando todas las actividades que se realizan en el marco de la Facultad. El comit\u00e9 editorial recibe todas las contribuciones que enriquezcan el campo del quehacer art\u00edstico-teatral y audiovisual. <a href=\"http:\/\/www.ojs.arte.unicen.edu.ar\/index.php\/laescalera\" target=\"_blank\" rel=\"noopener noreferrer\">La Escalera<\/a> se encuentra indexada en <strong>Latindex<\/strong> (ISSN: 1515-8349).<\/p>\n<p>&nbsp;<\/p>\n<p><strong><u>Consejo Editorial:<\/u><\/strong> <strong>Mg. Judit Go\u00f1i<\/strong>, <strong>Dr. Sebasti\u00e1n Huber<\/strong>, <strong>Dra. Luciana Sastre<\/strong>, <strong>Prof. Cecilia Wulff<\/strong>, <strong>Mg. Marcela Bertoldi<\/strong>, <strong>Lic. Esp. Silvio Torres<\/strong>, <strong>Dr. Daniel Giacomelli<\/strong>, <strong>Prof. Javier Castillo<\/strong>.&nbsp;<\/p>\n<p><strong><u>Asistentes Consejo Editorial:<\/u><\/strong> <strong>Prof. Claudia Speranza<\/strong>, <strong>Lic. Anibal Minnucci<\/strong>, <strong>Prof. Esp. Matias Petrini<\/strong>, <strong>Tec. Matias Colavitta<\/strong>, <strong>Prof. Andr\u00e9s Carrera<\/strong>, <strong>Prof. Martina Cabrera<\/strong>.<\/p>\n<p>&nbsp;<\/p>\n<p><strong>Visite el sitio web oficial en:<\/strong> <a title=\"La Escalera | Anuario de la Facultad de Arte\" href=\"http:\/\/www.ojs.arte.unicen.edu.ar\/index.php\/laescalera\" target=\"_blank\" rel=\"noopener noreferrer\">www.ojs.arte.unicen.edu.ar\/index.php\/laescalera<\/a><\/p><\/td>\n<\/tr>\n<\/tbody>\n<\/table>\n","protected":false},"excerpt":{"rendered":"<p>La Escalera es el anuario de la Facultad de Arte, una publicaci\u00f3n que tiene como objetivo abrir un espacio para el debate sobre la producci\u00f3n y los consumos culturales con especial inter\u00e9s en procesos creativos, ense\u00f1anza art\u00edstica, ense\u00f1anza audiovisual, teor\u00eda e historia del arte, est\u00e9ticas contempor\u00e1neas y pr\u00e1cticas esc\u00e9nicas territoriales. &nbsp; Asimismo, resguarda y difunde la memoria institucional recopilando todas [&hellip;]<\/p>\n","protected":false},"author":1,"featured_media":0,"parent":16,"menu_order":0,"comment_status":"closed","ping_status":"closed","template":"","meta":{"_acf_changed":false,"footnotes":""},"class_list":["post-62","page","type-page","status-publish","hentry"],"acf":[],"_links":{"self":[{"href":"https:\/\/www.arte.unicen.edu.ar\/cdab\/wp-json\/wp\/v2\/pages\/62","targetHints":{"allow":["GET"]}}],"collection":[{"href":"https:\/\/www.arte.unicen.edu.ar\/cdab\/wp-json\/wp\/v2\/pages"}],"about":[{"href":"https:\/\/www.arte.unicen.edu.ar\/cdab\/wp-json\/wp\/v2\/types\/page"}],"author":[{"embeddable":true,"href":"https:\/\/www.arte.unicen.edu.ar\/cdab\/wp-json\/wp\/v2\/users\/1"}],"replies":[{"embeddable":true,"href":"https:\/\/www.arte.unicen.edu.ar\/cdab\/wp-json\/wp\/v2\/comments?post=62"}],"version-history":[{"count":1,"href":"https:\/\/www.arte.unicen.edu.ar\/cdab\/wp-json\/wp\/v2\/pages\/62\/revisions"}],"predecessor-version":[{"id":35867,"href":"https:\/\/www.arte.unicen.edu.ar\/cdab\/wp-json\/wp\/v2\/pages\/62\/revisions\/35867"}],"up":[{"embeddable":true,"href":"https:\/\/www.arte.unicen.edu.ar\/cdab\/wp-json\/wp\/v2\/pages\/16"}],"wp:attachment":[{"href":"https:\/\/www.arte.unicen.edu.ar\/cdab\/wp-json\/wp\/v2\/media?parent=62"}],"curies":[{"name":"wp","href":"https:\/\/api.w.org\/{rel}","templated":true}]}}

<table style="margin: 20px 0px 0px 0px;">
<tbody>
<tr>
<td style="width: 210px; height: 275px; text-align: center; vertical-align: top;"><a href="http://www.ojs.arte.unicen.edu.ar/index.php/laescalera" target="_blank" rel="noopener noreferrer"><img decoding="async" class="publicacion-tapa cdab-tapa-laescalera" title="La Escalera | Anuario de la Facultad de Arte" src="/cdab/wp-content/themes/cdab/images/space.gif" data-fancybox="gallery" data-caption="La Escalera | Anuario Facultad de Arte"/></a></td>
<td style="vertical-align: top; padding: 0px 0px 0px 25px;"><a href="http://www.ojs.arte.unicen.edu.ar/index.php/laescalera" target="_blank" rel="noopener noreferrer">La Escalera</a> es el anuario de la <a href="https://www.arte.unicen.edu.ar" target="_blank" rel="noopener noreferrer">Facultad de Arte</a>, una publicación que tiene como objetivo abrir un espacio para el debate sobre la producción y los consumos culturales con especial interés en procesos creativos, enseñanza artística, enseñanza audiovisual, teoría e historia del arte, estéticas contemporáneas y prácticas escénicas territoriales.
<p>&nbsp;</p>
<p>Asimismo, resguarda y difunde la memoria institucional recopilando todas las actividades que se realizan en el marco de la Facultad. El comité editorial recibe todas las contribuciones que enriquezcan el campo del quehacer artístico-teatral y audiovisual. <a href="http://www.ojs.arte.unicen.edu.ar/index.php/laescalera" target="_blank" rel="noopener noreferrer">La Escalera</a> se encuentra indexada en <strong>Latindex</strong> (ISSN: 1515-8349).</p>
<p>&nbsp;</p>
<p><strong><u>Consejo Editorial:</u></strong> <strong>Mg. Judit Goñi</strong>, <strong>Dr. Sebastián Huber</strong>, <strong>Dra. Luciana Sastre</strong>, <strong>Prof. Cecilia Wulff</strong>, <strong>Mg. Marcela Bertoldi</strong>, <strong>Lic. Esp. Silvio Torres</strong>, <strong>Dr. Daniel Giacomelli</strong>, <strong>Prof. Javier Castillo</strong>.&nbsp;</p>
<p><strong><u>Asistentes Consejo Editorial:</u></strong> <strong>Prof. Claudia Speranza</strong>, <strong>Lic. Anibal Minnucci</strong>, <strong>Prof. Esp. Matias Petrini</strong>, <strong>Tec. Matias Colavitta</strong>, <strong>Prof. Andrés Carrera</strong>, <strong>Prof. Martina Cabrera</strong>.</p>
<p>&nbsp;</p>
<p><strong>Visite el sitio web oficial en:</strong> <a title="La Escalera | Anuario de la Facultad de Arte" href="http://www.ojs.arte.unicen.edu.ar/index.php/laescalera" target="_blank" rel="noopener noreferrer">www.ojs.arte.unicen.edu.ar/index.php/laescalera</a></p></td>
</tr>
</tbody>
</table>

<p>La Escalera es el anuario de la Facultad de Arte, una publicación que tiene como objetivo abrir un espacio para el debate sobre la producción y los consumos culturales con especial interés en procesos creativos, enseñanza artística, enseñanza audiovisual, teoría e historia del arte, estéticas contemporáneas y prácticas escénicas territoriales. &nbsp; Asimismo, resguarda y difunde la memoria institucional recopilando todas [&hellip;]</p>
