{"id":57,"date":"2016-12-02T15:28:01","date_gmt":"2016-12-02T18:28:01","guid":{"rendered":"http:\/\/cdab.chilaproducciones.com.ar\/?page_id=57"},"modified":"2017-12-18T21:43:23","modified_gmt":"2017-12-19T00:43:23","slug":"trayectoria","status":"publish","type":"page","link":"https:\/\/www.arte.unicen.edu.ar\/cdab\/publicacionesfa\/grupos-investigacion\/trayectoria\/","title":{"rendered":"Trayectoria | Pr\u00e1ctica Docente en Educaci\u00f3n Art\u00edstica"},"content":{"rendered":"<table style=\"margin: 20px 0px 0px 0px;\">\n<tbody>\n<tr>\n<td style=\"width: 210px; height: 275px; text-align: center; vertical-align: top;\"><a href=\"http:\/\/www.ojs.arte.unicen.edu.ar\/index.php\/trayectoria\" target=\"_blank\"><img decoding=\"async\" class=\"publicacion-tapa cdab-tapa-trayectoria\" title=\"Trayectoria | Pr\u00e1ctica Docente en Educaci\u00f3n Art\u00edstica\" src=\"\/cdab\/wp-content\/themes\/cdab\/images\/space.gif\" data-fancybox=\"gallery\" data-caption=\"Trayectoria | Pr\u00e1ctica Docente en Educaci\u00f3n Art\u00edstica\"\/><\/a><\/td>\n<td style=\"vertical-align: top; padding: 0px 0px 0px 25px;\">\n<p>Esta publicaci\u00f3n est\u00e1 destinada a docentes de arte de todos los niveles educativos, estudiantes de carreras de profesorado de Arte en todas sus disciplinas, instituciones de educaci\u00f3n art\u00edstica y p\u00fablico en general, interesado en las cuestiones formativas que hoy preocupan en cuanto a la educaci\u00f3n art\u00edstica, su expansi\u00f3n y sus usos sociales y socioeducativos. Procura contribuir al debate, incluyendo art\u00edculos acad\u00e9micos, ensayos, comentarios, entrevistas y novedades de inter\u00e9s, as\u00ed como la difusi\u00f3n de experiencias educativas innovadoras. Se aceptan asimismo, contribuciones en la forma de informes de investigaci\u00f3n, ensayos, entrevistas y rese\u00f1as bibliogr\u00e1ficas. Todos los art\u00edculos y el material multimedia se publican siguiendo pol\u00edticas de acceso abierto.<\/p>\n<p>&nbsp;<\/p>\n<p><strong><u>Directora Departamento de Educaci\u00f3n Art\u00edstica:<\/u><\/strong> <strong>Lic. Mar\u00eda Marcela Bertoldi<\/strong><\/p>\n<p><strong><u>Directora de la revista:<\/u><\/strong> <strong>Lic. Mar\u00eda Elsa Chapato<\/strong><\/p>\n<p><strong><u>Secretarios:<\/u><\/strong> <strong>Lic. Mar\u00eda Marcela Bertoldi<\/strong>, <strong>Dr. Juan Manuel Urraco<\/strong><\/p>\n<p><strong><u>Editores:<\/u><\/strong> <strong>Lic. Mar\u00eda Elsa Chapatto<\/strong>, <strong>Dra. Mar\u00eda Cristina Dimatteo<\/strong>,\u00a0<strong>Dr. Juan Manuel Urraco<\/strong>, <strong>Lic. Mar\u00eda Marcela Bertoldi<\/strong><\/p>\n<p><strong><u>Comit\u00e9 Asesor:<\/u><\/strong> <strong>Mar\u00eda Ana Manzione<\/strong> (Facultad de Ciencias Humanas &#8211; NEES &#8211; UNICEN),\u00a0<strong>Aldo Pricco<\/strong> (Facultad de Humanidades y Artes &#8211; Universidad Nacional de Rosario &#8211; UNR),\u00a0<strong>Jorge Dubatti<\/strong> (Universidad de Buenos Aires &#8211; UBA)<\/p>\n<p>&nbsp;<\/p>\n<p><strong>Visite el sitio web oficial en:<\/strong> <a title=\"Trayectoria | Pr\u00e1ctica Docente en Educaci\u00f3n Art\u00edstica\" href=\"http:\/\/www.ojs.arte.unicen.edu.ar\/index.php\/trayectoria\" target=\"_blank\">www.ojs.arte.unicen.edu.ar\/index.php\/trayectoria<\/a><\/p>\n<\/td>\n<\/tr>\n<\/tbody>\n<\/table>\n","protected":false},"excerpt":{"rendered":"<p>Esta publicaci\u00f3n est\u00e1 destinada a docentes de arte de todos los niveles educativos, estudiantes de carreras de profesorado de Arte en todas sus disciplinas, instituciones de educaci\u00f3n art\u00edstica y p\u00fablico en general, interesado en las cuestiones formativas que hoy preocupan en cuanto a la educaci\u00f3n art\u00edstica, su expansi\u00f3n y sus usos sociales y socioeducativos. Procura contribuir al debate, incluyendo art\u00edculos [&hellip;]<\/p>\n","protected":false},"author":1,"featured_media":0,"parent":46,"menu_order":0,"comment_status":"closed","ping_status":"closed","template":"","meta":{"_acf_changed":false,"footnotes":""},"class_list":["post-57","page","type-page","status-publish","hentry"],"acf":[],"_links":{"self":[{"href":"https:\/\/www.arte.unicen.edu.ar\/cdab\/wp-json\/wp\/v2\/pages\/57","targetHints":{"allow":["GET"]}}],"collection":[{"href":"https:\/\/www.arte.unicen.edu.ar\/cdab\/wp-json\/wp\/v2\/pages"}],"about":[{"href":"https:\/\/www.arte.unicen.edu.ar\/cdab\/wp-json\/wp\/v2\/types\/page"}],"author":[{"embeddable":true,"href":"https:\/\/www.arte.unicen.edu.ar\/cdab\/wp-json\/wp\/v2\/users\/1"}],"replies":[{"embeddable":true,"href":"https:\/\/www.arte.unicen.edu.ar\/cdab\/wp-json\/wp\/v2\/comments?post=57"}],"version-history":[{"count":2,"href":"https:\/\/www.arte.unicen.edu.ar\/cdab\/wp-json\/wp\/v2\/pages\/57\/revisions"}],"predecessor-version":[{"id":2964,"href":"https:\/\/www.arte.unicen.edu.ar\/cdab\/wp-json\/wp\/v2\/pages\/57\/revisions\/2964"}],"up":[{"embeddable":true,"href":"https:\/\/www.arte.unicen.edu.ar\/cdab\/wp-json\/wp\/v2\/pages\/46"}],"wp:attachment":[{"href":"https:\/\/www.arte.unicen.edu.ar\/cdab\/wp-json\/wp\/v2\/media?parent=57"}],"curies":[{"name":"wp","href":"https:\/\/api.w.org\/{rel}","templated":true}]}}