{"id":16112,"date":"2020-09-28T10:09:20","date_gmt":"2020-09-28T13:09:20","guid":{"rendered":"http:\/\/www.arte.unicen.edu.ar\/cdab\/?page_id=16112"},"modified":"2024-05-16T12:33:09","modified_gmt":"2024-05-16T15:33:09","slug":"ridaa-unicen","status":"publish","type":"page","link":"https:\/\/www.arte.unicen.edu.ar\/cdab\/servicios\/ridaa-unicen\/","title":{"rendered":"RIDAA UNICEN"},"content":{"rendered":"\n<p><img decoding=\"async\" class=\"cdab-ridaaunicen\" title=\"Repositorio Institucional Digital de Acceso Abierto (RIDAA UNICEN)\" src=\"\/cdab\/wp-content\/themes\/cdab\/images\/space.gif\" alt=\"Repositorio Institucional de Acceso Abierto (RIDAA UNICEN)\"\/>El <a rel=\"noreferrer noopener\" aria-label=\"Repositorio Institucional de Acceso Abierto (RIDAA UNICEN)\" href=\"https:\/\/www.ridaa.unicen.edu.ar\" target=\"_blank\">Repositorio Institucional de Acceso Abierto (RIDAA UNICEN)<\/a> fue creado por el <a rel=\"noreferrer noopener\" aria-label=\"Sistema de Bibliotecas UNICEN\" href=\"http:\/\/biblio.unicen.edu.ar\" target=\"_blank\">Sistema de Bibliotecas UNICEN<\/a> con la finalidad de <strong>reunir, registrar, difundir y preservar la producci\u00f3n acad\u00e9mica, cient\u00edfica y art\u00edstica, \u00e9dita e in\u00e9dita de la <a rel=\"noreferrer noopener\" aria-label=\"UNICEN\" href=\"http:\/\/www.unicen.edu.ar\" target=\"_blank\">Universidad Nacional del Centro de la Provincia de Buenos Aires<\/a><\/strong>. Se origin\u00f3 en el a\u00f1o 2015 de acuerdo a la Ley n\u00ba 26.899 de <em>Repositorios Digitales Institucionales de Acceso Abierto<\/em> y el proyecto PICTO CIN 2010-149 <em>Investigaci\u00f3n y desarrollo en repositorios institucionales: aplicaciones y experiencias en universidades de la regi\u00f3n bonaerense<\/em> (Res. 330\/11 de la Agencia Nacional de Promoci\u00f3n Cient\u00edfica y Tecnol\u00f3gica).<\/p>\n<p>En este espacio se resguardan las <strong>tesis de grado y posgrado de todas las Unidades acad\u00e9micas<\/strong>, adem\u00e1s de art\u00edculos cient\u00edficos, revistas digitales y trabajos presentados a encuentros y\/o conferencias. Todos los documentos son originados por estudiantes, docentes e investigadorxs. De este modo se brinda un alcance, disponibilidad y visibilidad mucho mayor en forma totalmente gratuita. En agosto de 2021, <a rel=\"noreferrer noopener\" aria-label=\"RIDAA UNICEN\" href=\"https:\/\/www.ridaa.unicen.edu.ar\" target=\"_blank\">RIDAA UNICEN<\/a> recibi\u00f3 la adhesi\u00f3n definitiva al <a href=\"https:\/\/repositoriosdigitales.mincyt.gob.ar\" target=\"_blank\" rel=\"noopener noreferrer\">Sistema Nacional de Repositorios Digitales<\/a> mediante la <strong>Resol-2021-1432-APN-SACT#MCT<\/strong>.<\/p><br \/>\n<div class=\"container-newsbutton\"><a class=\"cdab-newsbuttonlink\" href=\"https:\/\/www.ridaa.unicen.edu.ar\" target=\"_blank\" rel=\"noopener noreferrer\"><div class=\"cdab-web-newsbutton\">ACCEDER A RIDAA UNICEN<\/div><\/a><\/div>\n\n\n\n<br \/><h3>Informaci\u00f3n para tesistas de grado\/posgrado<\/h3>\n<div style=\"max-width: 800px; margin: 30px auto 40px; text-align: center; padding: 25px 20px 20px; border-radius: 5px; background-color: #fff; box-shadow: 0 0 25px rgba(0,0,0,0.1);\"><i class=\"fa fa-exclamation-triangle\" aria-hidden=\"true\" style=\"padding-right: 15px; font-size: 35px; float: left; display: inline-block; margin: 12px 12px 48px 20px; color: #855691;\"><\/i><h3 class=\"sub-alt\" style=\"line-height: 30px;\">Es requisito completar la LICENCIA DE DISTRIBUCI\u00d3N RIDAA UNICEN<br \/>antes de iniciar el tr\u00e1mite de solicitud de t\u00edtulo de grado\/posgrado.<\/h3><\/div>\n\n\n\n<ol style=\"margin: 40px 0px 40px 75px;\"><li><strong>DESCARGAR<\/strong> el formulario de <strong>LICENCIA DE DISTRIBUCI\u00d3N RIDAA UNICEN<\/strong>:<br \/><div class=\"container-newsbutton\" style=\"margin-top: 10px;\">\n<a class=\"cdab-newsbuttonlink\" href=\"http:\/\/www.arte.unicen.edu.ar\/cdab\/wp-content\/uploads\/2024\/05\/Autorizacion_RIDAA.pdf\" target=\"_blank\" rel=\"noopener noreferrer\"><div class=\"cdab-pdf-newsbutton\">FORMULARIO DE LICENCIA DE DISTRIBUCI\u00d3N RIDAA UNICEN<\/div><\/a>\n<\/div><\/li><br \/><li><strong>COMPLETAR<\/strong> el formulario siguiendo los pasos enumerados en el siguiente <strong>instructivo<\/strong>:<br \/><div class=\"container-newsbutton\" style=\"margin-top: 10px;\">\n<a class=\"cdab-newsbuttonlink\" href=\"https:\/\/www.arte.unicen.edu.ar\/cdab\/wp-content\/uploads\/2024\/03\/instructivo-ridaaunicen-cdab.pdf\" target=\"_blank\" rel=\"noopener noreferrer\"><div class=\"cdab-pdf-newsbutton\">INSTRUCTIVO PARA COMPLETAR LA LICENCIA RIDAA UNICEN<\/div><\/a>\n<\/div><\/li><\/ol>\n\n\n\n<p style=\"margin: 65px auto 0px;\"><strong>Antes de remitir el formulario y la copia digital de la tesis, revisar detalladamente el instructivo dado que TODOS LOS CAMPOS deben estar completos para que el tr\u00e1mite sea procesado.<\/strong><br \/><br \/>Ante dudas o consultas escribir a <a href=\"mailto:cdab@arte.unicen.edu.ar\">cdab@arte.unicen.edu.ar<\/a> o mediante el <a href=\"https:\/\/www.arte.unicen.edu.ar\/cdab\/contacto\" target=\"_blank\" rel=\"noopener noreferrer\">formulario de contacto<\/a>.<\/p>\n","protected":false},"excerpt":{"rendered":"<p>El Repositorio Institucional de Acceso Abierto (RIDAA UNICEN) fue creado por el Sistema de Bibliotecas UNICEN con la finalidad de reunir, registrar, difundir y preservar la producci\u00f3n acad\u00e9mica, cient\u00edfica y art\u00edstica, \u00e9dita e in\u00e9dita de la Universidad Nacional del Centro de la Provincia de Buenos Aires. Se origin\u00f3 en el a\u00f1o 2015 de acuerdo a la Ley n\u00ba 26.899 de [&hellip;]<\/p>\n","protected":false},"author":1,"featured_media":0,"parent":8,"menu_order":0,"comment_status":"closed","ping_status":"closed","template":"","meta":{"_acf_changed":false,"footnotes":""},"class_list":["post-16112","page","type-page","status-publish","hentry"],"acf":[],"_links":{"self":[{"href":"https:\/\/www.arte.unicen.edu.ar\/cdab\/wp-json\/wp\/v2\/pages\/16112","targetHints":{"allow":["GET"]}}],"collection":[{"href":"https:\/\/www.arte.unicen.edu.ar\/cdab\/wp-json\/wp\/v2\/pages"}],"about":[{"href":"https:\/\/www.arte.unicen.edu.ar\/cdab\/wp-json\/wp\/v2\/types\/page"}],"author":[{"embeddable":true,"href":"https:\/\/www.arte.unicen.edu.ar\/cdab\/wp-json\/wp\/v2\/users\/1"}],"replies":[{"embeddable":true,"href":"https:\/\/www.arte.unicen.edu.ar\/cdab\/wp-json\/wp\/v2\/comments?post=16112"}],"version-history":[{"count":2,"href":"https:\/\/www.arte.unicen.edu.ar\/cdab\/wp-json\/wp\/v2\/pages\/16112\/revisions"}],"predecessor-version":[{"id":31288,"href":"https:\/\/www.arte.unicen.edu.ar\/cdab\/wp-json\/wp\/v2\/pages\/16112\/revisions\/31288"}],"up":[{"embeddable":true,"href":"https:\/\/www.arte.unicen.edu.ar\/cdab\/wp-json\/wp\/v2\/pages\/8"}],"wp:attachment":[{"href":"https:\/\/www.arte.unicen.edu.ar\/cdab\/wp-json\/wp\/v2\/media?parent=16112"}],"curies":[{"name":"wp","href":"https:\/\/api.w.org\/{rel}","templated":true}]}}