{"id":16,"date":"2016-12-02T15:18:43","date_gmt":"2016-12-02T18:18:43","guid":{"rendered":"http:\/\/cdab.chilaproducciones.com.ar\/?page_id=16"},"modified":"2024-08-07T13:19:42","modified_gmt":"2024-08-07T16:19:42","slug":"publicacionesfa","status":"publish","type":"page","link":"https:\/\/www.arte.unicen.edu.ar\/cdab\/publicacionesfa\/","title":{"rendered":"Publicaciones"},"content":{"rendered":"<p>A continuaci\u00f3n enlistamos todas las publicaciones que realizan los distintos departamentos y grupos de investigaci\u00f3n de la <a href=\"http:\/\/www.arte.unicen.edu.ar\" target=\"_blank\" rel=\"noopener\">Facultad de Arte<\/a>&#8230;<\/p>\n<table style=\"margin: 0 auto;\">\n<tbody>\n<tr>\n<td style=\"padding: 15px; text-align: center;\"><a href=\"https:\/\/www.arte.unicen.edu.ar\/cdab\/publicacionesfa\/la-escalera\"><img decoding=\"async\" class=\"cdab-tapa-laescalera publicacion-tapa\" title=\"La Escalera | Anuario de la Facultad de Arte\" src=\"\/cdab\/wp-content\/themes\/cdab\/images\/space.gif\" data-fancybox=\"gallery\" data-caption=\"Publicaciones\"\/><\/a><\/td>\n<td style=\"padding: 15px; text-align: center;\"><a href=\"https:\/\/www.arte.unicen.edu.ar\/cdab\/publicacionesfa\/grupos-investigacion\/aura\"><img decoding=\"async\" class=\"cdab-tapa-aura publicacion-tapa\" title=\"Aura | Revista de Historia y Teor\u00eda del Arte\" src=\"\/cdab\/wp-content\/themes\/cdab\/images\/space.gif\" data-fancybox=\"gallery\" data-caption=\"Publicaciones\"\/><\/a><\/td>\n<td style=\"padding: 15px; text-align: center;\"><a href=\"https:\/\/www.arte.unicen.edu.ar\/cdab\/publicacionesfa\/grupos-investigacion\/cuerpo-del-drama\"><img decoding=\"async\" class=\"cdab-tapa-cuerpodeldrama publicacion-tapa\" title=\"Cuerpo del Drama | Estudios del cuerpo esc\u00e9nico\" src=\"\/cdab\/wp-content\/themes\/cdab\/images\/space.gif\" data-fancybox=\"gallery\" data-caption=\"Publicaciones\"\/><\/a><\/td>\n<td style=\"padding: 15px; text-align: center;\"><a href=\"http:\/\/www.arte.unicen.edu.ar\/cdab\/publicacionesfa\/departamentos-investigacion\/el-peldano\"><img decoding=\"async\" class=\"cdab-tapa-elpeldano publicacion-tapa\" title=\"El Pelda\u00f1o | Cuaderno de teatrolog\u00eda\" src=\"\/cdab\/wp-content\/themes\/cdab\/images\/space.gif\" data-fancybox=\"gallery\" data-caption=\"Publicaciones\"\/><\/a><\/td>\n<\/tr>\n<tr>\n<td style=\"padding: 15px; text-align: center;\"><a href=\"https:\/\/www.arte.unicen.edu.ar\/cdab\/publicacionesfa\/grupos-investigacion\/escenauno\"><img decoding=\"async\" class=\"cdab-tapa-escenauno publicacion-tapa\" title=\"EscenaUno | Escenograf\u00eda, direcci\u00f3n de arte y puesta en escena\" src=\"\/cdab\/wp-content\/themes\/cdab\/images\/space.gif\" data-fancybox=\"gallery\" data-caption=\"Publicaciones\"\/><\/a><\/td>\n<td style=\"padding: 15px; text-align: center;\"><a href=\"https:\/\/www.arte.unicen.edu.ar\/cdab\/publicacionesfa\/grupos-investigacion\/trayectoria\"><img decoding=\"async\" class=\"cdab-tapa-trayectoria publicacion-tapa\" title=\"Trayectoria | Pr\u00e1ctica Docente en Educaci\u00f3n Art\u00edstica\" src=\"\/cdab\/wp-content\/themes\/cdab\/images\/space.gif\" data-fancybox=\"gallery\" data-caption=\"Publicaciones\"\/><\/a><\/td>\n<td style=\"padding: 15px; text-align: center;\"><a href=\"https:\/\/www.arte.unicen.edu.ar\/cdab\/publicacionesfa\/grupos-investigacion\/arte\"><img decoding=\"async\" class=\"cdab-tapa-puntoarte publicacion-tapa\" title=\".arte | Revista digital de la Facultad de Arte\" src=\"\/cdab\/wp-content\/themes\/cdab\/images\/space.gif\" data-fancybox=\"gallery\" data-caption=\"Publicaciones\"\/><\/a><\/td>\n<td>&nbsp;<\/td>\n<\/tr>\n<\/tbody>\n<\/table>\n","protected":false},"excerpt":{"rendered":"<p>A continuaci\u00f3n enlistamos todas las publicaciones que realizan los distintos departamentos y grupos de investigaci\u00f3n de la Facultad de Arte&#8230; &nbsp;<\/p>\n","protected":false},"author":1,"featured_media":0,"parent":0,"menu_order":0,"comment_status":"closed","ping_status":"closed","template":"","meta":{"_acf_changed":false,"footnotes":""},"class_list":["post-16","page","type-page","status-publish","hentry"],"acf":[],"_links":{"self":[{"href":"https:\/\/www.arte.unicen.edu.ar\/cdab\/wp-json\/wp\/v2\/pages\/16","targetHints":{"allow":["GET"]}}],"collection":[{"href":"https:\/\/www.arte.unicen.edu.ar\/cdab\/wp-json\/wp\/v2\/pages"}],"about":[{"href":"https:\/\/www.arte.unicen.edu.ar\/cdab\/wp-json\/wp\/v2\/types\/page"}],"author":[{"embeddable":true,"href":"https:\/\/www.arte.unicen.edu.ar\/cdab\/wp-json\/wp\/v2\/users\/1"}],"replies":[{"embeddable":true,"href":"https:\/\/www.arte.unicen.edu.ar\/cdab\/wp-json\/wp\/v2\/comments?post=16"}],"version-history":[{"count":2,"href":"https:\/\/www.arte.unicen.edu.ar\/cdab\/wp-json\/wp\/v2\/pages\/16\/revisions"}],"predecessor-version":[{"id":31983,"href":"https:\/\/www.arte.unicen.edu.ar\/cdab\/wp-json\/wp\/v2\/pages\/16\/revisions\/31983"}],"wp:attachment":[{"href":"https:\/\/www.arte.unicen.edu.ar\/cdab\/wp-json\/wp\/v2\/media?parent=16"}],"curies":[{"name":"wp","href":"https:\/\/api.w.org\/{rel}","templated":true}]}}