{"id":1818,"date":"2025-12-16T09:01:43","date_gmt":"2025-12-16T12:01:43","guid":{"rendered":"https:\/\/www.arte.unicen.edu.ar\/alumnos\/?page_id=1818"},"modified":"2026-03-10T11:13:17","modified_gmt":"2026-03-10T14:13:17","slug":"rematriculacion","status":"publish","type":"page","link":"https:\/\/www.arte.unicen.edu.ar\/alumnos\/rematriculacion\/","title":{"rendered":"Rematriculaci\u00f3n"},"content":{"rendered":"<div id=\"pl-1818\"  class=\"panel-layout\" ><div id=\"pg-1818-0\"  class=\"panel-grid panel-no-style\" ><div id=\"pgc-1818-0-0\"  class=\"panel-grid-cell panel-grid-cell-empty\" ><\/div><div id=\"pgc-1818-0-1\"  class=\"panel-grid-cell panel-grid-cell-mobile-last\" ><div id=\"panel-1818-0-1-0\" class=\"so-panel widget widget_sow-editor panel-first-child panel-last-child\" data-index=\"0\" ><div\n\t\t\t\n\t\t\tclass=\"so-widget-sow-editor so-widget-sow-editor-base\"\n\t\t\t\n\t\t>\n<div class=\"siteorigin-widget-tinymce textwidget\">\n\t<p><mark class=\"has-inline-color has-vivid-red-color\"><strong>REMATRICULACI\u00d3N 2026<\/strong>:<\/mark><\/p>\n<ul class=\"wp-block-list\">\n<li>Del 23 al 29 de marzo \u00fanicamente\u00a0<a href=\"https:\/\/guarani.unicen.edu.ar\/autogestion\/arte\">https:\/\/guarani.unicen.edu.ar\/autogestion\/arte<\/a><\/li>\n<\/ul>\n<p>Para poder cursar, rendir ex\u00e1menes finales y acceder a certificaciones durante el a\u00f1o 2026,\u00a0<strong>deben rematricularse y actualizar sus datos censales en el sistema SIU<\/strong>\u00a0<strong>Web<\/strong>.<\/p>\n<p>Se realiza siempre\u00a0a partir del segundo a\u00f1o\u00a0de haber ingresado a la Facultad y todos los a\u00f1os posteriores, ya que\u00a0<strong>un estudiante que no se rematricula pierde su condici\u00f3n de Alumno Regular<\/strong>.<\/p>\n<p><strong>En ese mismo tr\u00e1mite deben inscribirse a las cursadas 2026, tambi\u00e9n es responsabilidad de cada estudiante la inscripci\u00f3n a cursadas.<\/strong><\/p>\n<p><strong>ATENCI\u00d3N: PREVIAMENTE deben responder todas las encuestas de desempe\u00f1o docente de forma AN\u00d3NIMA Y OBLIGATORIA.<\/strong>\u00a0<strong>No se podr\u00e1n inscribir a cursadas aquellxs estudiantes que no tengan todas las encuestas completas.<\/strong><\/p>\n<p>Las encuestas est\u00e1n habilitadas para todxs lxs estudiantes 2024 y sus inscripciones a cursadas en el pasado a\u00f1o, cualquiera haya sido su desempe\u00f1o en las mismas: aprob\u00f3, desaprob\u00f3 o abandon\u00f3. Se considerar\u00e1n completas cuando hayan evaluado el desempe\u00f1o de todxs lxs docentes de cada c\u00e1tedra<strong>.<\/strong><\/p>\n<p><strong>Se recomienda no realizar este tr\u00e1mite a \u00faltimo momento, a fin de poder resolver posibles inconvenientes haciendo consultas por email a:<\/strong><\/p>\n<p><a href=\"mailto:mmanfra@arte.unicen.edu.ar\">mmanfra@arte.unicen.edu.ar<\/a>\u00a0o\u00a0<a href=\"mailto:aromeo@arte.unicen.edu.ar\">aromeo@arte.unicen.edu.ar<\/a><\/p>\n<\/div>\n<\/div><\/div><\/div><div id=\"pgc-1818-0-2\"  class=\"panel-grid-cell panel-grid-cell-empty\" ><\/div><\/div><\/div>","protected":false},"excerpt":{"rendered":"<p>REMATRICULACI\u00d3N 2026: Del 23 al 29 de marzo \u00fanicamente\u00a0https:\/\/guarani.unicen.edu.ar\/autogestion\/arte Para poder cursar, rendir ex\u00e1menes finales<span class=\"more-link\"><a href=\"https:\/\/www.arte.unicen.edu.ar\/alumnos\/rematriculacion\/\">M\u00e1s informaci\u00f3n<\/a><\/span><\/p>\n","protected":false},"author":2,"featured_media":0,"parent":0,"menu_order":0,"comment_status":"closed","ping_status":"closed","template":"","meta":{"footnotes":""},"class_list":["entry","author-cdelgado","post-1818","page","type-page","status-publish"],"_links":{"self":[{"href":"https:\/\/www.arte.unicen.edu.ar\/alumnos\/wp-json\/wp\/v2\/pages\/1818","targetHints":{"allow":["GET"]}}],"collection":[{"href":"https:\/\/www.arte.unicen.edu.ar\/alumnos\/wp-json\/wp\/v2\/pages"}],"about":[{"href":"https:\/\/www.arte.unicen.edu.ar\/alumnos\/wp-json\/wp\/v2\/types\/page"}],"author":[{"embeddable":true,"href":"https:\/\/www.arte.unicen.edu.ar\/alumnos\/wp-json\/wp\/v2\/users\/2"}],"replies":[{"embeddable":true,"href":"https:\/\/www.arte.unicen.edu.ar\/alumnos\/wp-json\/wp\/v2\/comments?post=1818"}],"version-history":[{"count":2,"href":"https:\/\/www.arte.unicen.edu.ar\/alumnos\/wp-json\/wp\/v2\/pages\/1818\/revisions"}],"predecessor-version":[{"id":2005,"href":"https:\/\/www.arte.unicen.edu.ar\/alumnos\/wp-json\/wp\/v2\/pages\/1818\/revisions\/2005"}],"wp:attachment":[{"href":"https:\/\/www.arte.unicen.edu.ar\/alumnos\/wp-json\/wp\/v2\/media?parent=1818"}],"curies":[{"name":"wp","href":"https:\/\/api.w.org\/{rel}","templated":true}]}}

Rematriculación

<div id="pl-1818"  class="panel-layout" ><div id="pg-1818-0"  class="panel-grid panel-no-style" ><div id="pgc-1818-0-0"  class="panel-grid-cell panel-grid-cell-empty" ></div><div id="pgc-1818-0-1"  class="panel-grid-cell panel-grid-cell-mobile-last" ><div id="panel-1818-0-1-0" class="so-panel widget widget_sow-editor panel-first-child panel-last-child" data-index="0" ><div
			
			class="so-widget-sow-editor so-widget-sow-editor-base"
			
		>
<div class="siteorigin-widget-tinymce textwidget">
	<p><mark class="has-inline-color has-vivid-red-color"><strong>REMATRICULACIÓN 2026</strong>:</mark></p>
<ul class="wp-block-list">
<li>Del 23 al 29 de marzo únicamente <a href="https://guarani.unicen.edu.ar/autogestion/arte">https://guarani.unicen.edu.ar/autogestion/arte</a></li>
</ul>
<p>Para poder cursar, rendir exámenes finales y acceder a certificaciones durante el año 2026, <strong>deben rematricularse y actualizar sus datos censales en el sistema SIU</strong> <strong>Web</strong>.</p>
<p>Se realiza siempre a partir del segundo año de haber ingresado a la Facultad y todos los años posteriores, ya que <strong>un estudiante que no se rematricula pierde su condición de Alumno Regular</strong>.</p>
<p><strong>En ese mismo trámite deben inscribirse a las cursadas 2026, también es responsabilidad de cada estudiante la inscripción a cursadas.</strong></p>
<p><strong>ATENCIÓN: PREVIAMENTE deben responder todas las encuestas de desempeño docente de forma ANÓNIMA Y OBLIGATORIA.</strong> <strong>No se podrán inscribir a cursadas aquellxs estudiantes que no tengan todas las encuestas completas.</strong></p>
<p>Las encuestas están habilitadas para todxs lxs estudiantes 2024 y sus inscripciones a cursadas en el pasado año, cualquiera haya sido su desempeño en las mismas: aprobó, desaprobó o abandonó. Se considerarán completas cuando hayan evaluado el desempeño de todxs lxs docentes de cada cátedra<strong>.</strong></p>
<p><strong>Se recomienda no realizar este trámite a último momento, a fin de poder resolver posibles inconvenientes haciendo consultas por email a:</strong></p>
<p><a href="mailto:mmanfra@arte.unicen.edu.ar">mmanfra@arte.unicen.edu.ar</a> o <a href="mailto:aromeo@arte.unicen.edu.ar">aromeo@arte.unicen.edu.ar</a></p>
</div>
</div></div></div><div id="pgc-1818-0-2"  class="panel-grid-cell panel-grid-cell-empty" ></div></div></div>

<p>REMATRICULACIÓN 2026: Del 23 al 29 de marzo únicamente https://guarani.unicen.edu.ar/autogestion/arte Para poder cursar, rendir exámenes finales<span class="more-link"><a href="https://www.arte.unicen.edu.ar/alumnos/rematriculacion/">Más información</a></span></p>
