{"id":1866,"date":"2025-12-17T08:30:05","date_gmt":"2025-12-17T11:30:05","guid":{"rendered":"https:\/\/www.arte.unicen.edu.ar\/academica\/?page_id=1866"},"modified":"2026-03-06T10:43:17","modified_gmt":"2026-03-06T13:43:17","slug":"realizacion-integral-en-artes-audiovisuales","status":"publish","type":"page","link":"https:\/\/www.arte.unicen.edu.ar\/academica\/carreras\/realizacion-integral-en-artes-audiovisuales\/","title":{"rendered":"Realizaci\u00f3n Integral en Artes Audiovisuales"},"content":{"rendered":"<div id=\"pl-1866\"  class=\"panel-layout\" ><div id=\"pg-1866-0\"  class=\"panel-grid panel-no-style\" ><div id=\"pgc-1866-0-0\"  class=\"panel-grid-cell\" ><div id=\"panel-1866-0-0-0\" class=\"so-panel widget widget_sow-button panel-first-child panel-last-child\" data-index=\"0\" ><div\n\t\t\t\n\t\t\tclass=\"so-widget-sow-button so-widget-sow-button-flat-c1337d4ffb7c-1866\"\n\t\t\t\n\t\t><div class=\"ow-button-base ow-button-align-center\"\n>\n\t\t\t<a\n\t\t\t\t\thref=\"https:\/\/www.arte.unicen.edu.ar\/academica\/carreras\/\"\n\t\t\t\t\tclass=\"sowb-button ow-icon-placement-left ow-button-hover\" \t>\n\t\t<span>\n\t\t\t\n\t\t\tCarreras de Grado\t\t<\/span>\n\t\t\t<\/a>\n\t<\/div>\n<\/div><\/div><\/div><\/div><div id=\"pg-1866-1\"  class=\"panel-grid panel-no-style\" ><div id=\"pgc-1866-1-0\"  class=\"panel-grid-cell\" ><div id=\"panel-1866-1-0-0\" class=\"so-panel widget widget_hootkit-announce panel-first-child panel-last-child\" data-index=\"1\" >\n<div class=\"announce-widget \" >\n\t\t<div class=\"announce-box table\">\n\t\t\t\t\t<div class=\"announce-box-icon table-cell-mid\"><i class=\"fa-chalkboard fas icon-userstyle\" style=\"color:#163a6e;font-size:50px;\"><\/i><\/div>\n\t\t\t\t\t\t\t<div class=\"announce-box-content table-cell-mid\">\n\t\t\t\t\t\t\t\t\t<h5 class=\"announce-headline\">Perfil del egresado<\/h5>\n\t\t\t\t\t\t\t\t\t\t\t\t\t<div class=\"announce-message\">El Realizador Integral en Artes Audiovisuales ser\u00e1 un profesional competente en las \u00e1reas de cine, televisi\u00f3n y video capaz de abordar los aspectos integrales de la realizaci\u00f3n audiovisual desde la producci\u00f3n, direcci\u00f3n, asesoramiento de diferentes proyectos, entre otros.  En el a\u00f1os 2012, esta carrera renov\u00f3 su Plan de Estudio, ofreciendo pr\u00e1cticas y fundamentos te\u00f3ricos actualizados para el trabajo t\u00e9cnico y art\u00edstico que deba asumir el graduado en el ejercicio de su profesi\u00f3n. Ser\u00e1 capaz de resolver problemas vinculados con la imagen en espacios convencionales y no convencionales (proyecciones alternativas, instalaciones, dise\u00f1os de espacios audiovisuales varios, etc). Posee una duraci\u00f3n de 4 a\u00f1os. Plan de Estudio.<\/div>\n\t\t\t\t\t\t\t<\/div>\n\t\t\t<\/div>\n<\/div><\/div><\/div><div id=\"pgc-1866-1-1\"  class=\"panel-grid-cell\" ><div id=\"panel-1866-1-1-0\" class=\"so-panel widget widget_hootkit-announce panel-first-child\" data-index=\"2\" >\n<div class=\"announce-widget \" >\n\t<a href=\"https:\/\/www.arte.unicen.edu.ar\/academica\/catedras\/realizacion-integral-en-artes-audiovisuales\/plan-de-estudio\" class=\"announce-link\"><span>Click Here<\/span><\/a>\t<div class=\"announce-box table\">\n\t\t\t\t\t<div class=\"announce-box-icon table-cell-mid\"><i class=\"fa-book-reader fas icon-userstyle\" style=\"color:#163a6e;font-size:50px;\"><\/i><\/div>\n\t\t\t\t\t\t\t<div class=\"announce-box-content table-cell-mid\">\n\t\t\t\t\t\t\t\t\t<h5 class=\"announce-headline\">Plan de estudio<\/h5>\n\t\t\t\t\t\t\t\t\t\t\t\t\t<div class=\"announce-message\">Detalle de las materias y correlatividades por a\u00f1o\/cuatrimestre, organizado en un mapa curricular que gu\u00eda al estudiante desde el ingreso hasta la graduaci\u00f3n, con el objetivo de lograr un t\u00edtulo oficial.<\/div>\n\t\t\t\t\t\t\t<\/div>\n\t\t\t<\/div>\n<\/div><\/div><div id=\"panel-1866-1-1-1\" class=\"so-panel widget widget_sow-button panel-last-child\" data-index=\"3\" ><div\n\t\t\t\n\t\t\tclass=\"so-widget-sow-button so-widget-sow-button-atom-c394dd66c5b4-1866\"\n\t\t\t\n\t\t><div class=\"ow-button-base ow-button-align-center\"\n>\n\t\t\t<a\n\t\t\t\t\thref=\"https:\/\/www.arte.unicen.edu.ar\/wp-content\/uploads\/2019\/09\/PLAN-DE-ESTUDIOS-RIAA-2012.pdf\"\n\t\t\t\t\tclass=\"sowb-button ow-icon-placement-left ow-button-hover\" target=\"_blank\" rel=\"noopener noreferrer\" \t>\n\t\t<span>\n\t\t\t<span class=\"sow-icon-fontawesome sow-far\" data-sow-icon=\"&#xf358;\"\n\t\tstyle=\"color: #ffffff\" \n\t\taria-hidden=\"true\"><\/span>\n\t\t\t-Plan de estudios- 2012\t\t<\/span>\n\t\t\t<\/a>\n\t<\/div>\n<\/div><\/div><\/div><\/div><\/div>","protected":false},"excerpt":{"rendered":"<p>Carreras de Grado Perfil del egresado El Realizador Integral en Artes Audiovisuales ser\u00e1 un profesional<span class=\"more-link\"><a href=\"https:\/\/www.arte.unicen.edu.ar\/academica\/carreras\/realizacion-integral-en-artes-audiovisuales\/\">M\u00e1s informaci\u00f3n<\/a><\/span><\/p>\n","protected":false},"author":2,"featured_media":0,"parent":1629,"menu_order":0,"comment_status":"closed","ping_status":"closed","template":"","meta":{"footnotes":""},"class_list":["entry","author-cdelgado","post-1866","page","type-page","status-publish"],"_links":{"self":[{"href":"https:\/\/www.arte.unicen.edu.ar\/academica\/wp-json\/wp\/v2\/pages\/1866","targetHints":{"allow":["GET"]}}],"collection":[{"href":"https:\/\/www.arte.unicen.edu.ar\/academica\/wp-json\/wp\/v2\/pages"}],"about":[{"href":"https:\/\/www.arte.unicen.edu.ar\/academica\/wp-json\/wp\/v2\/types\/page"}],"author":[{"embeddable":true,"href":"https:\/\/www.arte.unicen.edu.ar\/academica\/wp-json\/wp\/v2\/users\/2"}],"replies":[{"embeddable":true,"href":"https:\/\/www.arte.unicen.edu.ar\/academica\/wp-json\/wp\/v2\/comments?post=1866"}],"version-history":[{"count":3,"href":"https:\/\/www.arte.unicen.edu.ar\/academica\/wp-json\/wp\/v2\/pages\/1866\/revisions"}],"predecessor-version":[{"id":1994,"href":"https:\/\/www.arte.unicen.edu.ar\/academica\/wp-json\/wp\/v2\/pages\/1866\/revisions\/1994"}],"up":[{"embeddable":true,"href":"https:\/\/www.arte.unicen.edu.ar\/academica\/wp-json\/wp\/v2\/pages\/1629"}],"wp:attachment":[{"href":"https:\/\/www.arte.unicen.edu.ar\/academica\/wp-json\/wp\/v2\/media?parent=1866"}],"curies":[{"name":"wp","href":"https:\/\/api.w.org\/{rel}","templated":true}]}}

Realización Integral en Artes Audiovisuales

<div id="pl-1866"  class="panel-layout" ><div id="pg-1866-0"  class="panel-grid panel-no-style" ><div id="pgc-1866-0-0"  class="panel-grid-cell" ><div id="panel-1866-0-0-0" class="so-panel widget widget_sow-button panel-first-child panel-last-child" data-index="0" ><div
			
			class="so-widget-sow-button so-widget-sow-button-flat-c1337d4ffb7c-1866"
			
		><div class="ow-button-base ow-button-align-center"
>
			<a
					href="https://www.arte.unicen.edu.ar/academica/carreras/"
					class="sowb-button ow-icon-placement-left ow-button-hover" 	>
		<span>
			
			Carreras de Grado		</span>
			</a>
	</div>
</div></div></div></div><div id="pg-1866-1"  class="panel-grid panel-no-style" ><div id="pgc-1866-1-0"  class="panel-grid-cell" ><div id="panel-1866-1-0-0" class="so-panel widget widget_hootkit-announce panel-first-child panel-last-child" data-index="1" >
<div class="announce-widget " >
		<div class="announce-box table">
					<div class="announce-box-icon table-cell-mid"><i class="fa-chalkboard fas icon-userstyle" style="color:#163a6e;font-size:50px;"></i></div>
							<div class="announce-box-content table-cell-mid">
									<h5 class="announce-headline">Perfil del egresado</h5>
													<div class="announce-message">El Realizador Integral en Artes Audiovisuales será un profesional competente en las áreas de cine, televisión y video capaz de abordar los aspectos integrales de la realización audiovisual desde la producción, dirección, asesoramiento de diferentes proyectos, entre otros.  En el años 2012, esta carrera renovó su Plan de Estudio, ofreciendo prácticas y fundamentos teóricos actualizados para el trabajo técnico y artístico que deba asumir el graduado en el ejercicio de su profesión. Será capaz de resolver problemas vinculados con la imagen en espacios convencionales y no convencionales (proyecciones alternativas, instalaciones, diseños de espacios audiovisuales varios, etc). Posee una duración de 4 años. Plan de Estudio.</div>
							</div>
			</div>
</div></div></div><div id="pgc-1866-1-1"  class="panel-grid-cell" ><div id="panel-1866-1-1-0" class="so-panel widget widget_hootkit-announce panel-first-child" data-index="2" >
<div class="announce-widget " >
	<a href="https://www.arte.unicen.edu.ar/academica/catedras/realizacion-integral-en-artes-audiovisuales/plan-de-estudio" class="announce-link"><span>Click Here</span></a>	<div class="announce-box table">
					<div class="announce-box-icon table-cell-mid"><i class="fa-book-reader fas icon-userstyle" style="color:#163a6e;font-size:50px;"></i></div>
							<div class="announce-box-content table-cell-mid">
									<h5 class="announce-headline">Plan de estudio</h5>
													<div class="announce-message">Detalle de las materias y correlatividades por año/cuatrimestre, organizado en un mapa curricular que guía al estudiante desde el ingreso hasta la graduación, con el objetivo de lograr un título oficial.</div>
							</div>
			</div>
</div></div><div id="panel-1866-1-1-1" class="so-panel widget widget_sow-button panel-last-child" data-index="3" ><div
			
			class="so-widget-sow-button so-widget-sow-button-atom-c394dd66c5b4-1866"
			
		><div class="ow-button-base ow-button-align-center"
>
			<a
					href="https://www.arte.unicen.edu.ar/wp-content/uploads/2019/09/PLAN-DE-ESTUDIOS-RIAA-2012.pdf"
					class="sowb-button ow-icon-placement-left ow-button-hover" target="_blank" rel="noopener noreferrer" 	>
		<span>
			<span class="sow-icon-fontawesome sow-far" data-sow-icon="&#xf358;"
		style="color: #ffffff" 
		aria-hidden="true"></span>
			-Plan de estudios- 2012		</span>
			</a>
	</div>
</div></div></div></div></div>

<p>Carreras de Grado Perfil del egresado El Realizador Integral en Artes Audiovisuales será un profesional<span class="more-link"><a href="https://www.arte.unicen.edu.ar/academica/carreras/realizacion-integral-en-artes-audiovisuales/">Más información</a></span></p>
